169.254.233.31 - - [18/Dec/2018:11:44:07 +0700] "GET /sismadak/application/assessment/hospital_assessment_chapter_online.php?chapter_id=19&event_id=2&grid_id=list1&_search=false&nd=1545108270868&rows=30&jqgrid_page=1&sidx=instrument_standard_id+asc%2C+instrument_id&sord=asc HTTP/1.1" 200 26603 "http://192.168.1.8/sismadak/application/assessment/hospital_assessment_chapter_online.php?chapter_id=19&event_id=2" "Mozilla/5.0 (Windows NT 6.1; WOW64; rv:55.0) Gecko/20100101 Firefox/55.0"
192.168.1.153 - - [18/Dec/2018:11:44:08 +0700] "GET /sismadak/application/assessment/hospital_assessment_chapter_online.php?chapter_id=23&event_id=2&grid_id=list1&_search=false&nd=1545108274872&rows=20&jqgrid_page=1&sidx=instrument_standard_id+asc%2C+instrument_id&sord=asc HTTP/1.1" 200 18714 "http://192.168.1.8/sismadak/application/assessment/hospital_assessment_chapter_online.php?chapter_id=23&event_id=2" "Mozilla/5.0 (Windows NT 6.3; WOW64; rv:64.0) Gecko/20100101 Firefox/64.0"
169.254.175.243 - - [18/Dec/2018:11:44:11 +0700] "GET /sismadak/lib/js/fancybox/fancybox_sprite.png HTTP/1.1" 200 1362 "http://192.168.1.8/sismadak/lib/js/fancybox/jquery.fancybox.css" "Mozilla/5.0 (Windows NT 6.1; rv:37.0) Gecko/20100101 Firefox/37.0"
169.254.175.243 - - [18/Dec/2018:11:44:11 +0700] "GET /sismadak/lib/js/fancybox/fancybox_loading.gif HTTP/1.1" 200 3866 "http://192.168.1.8/sismadak/lib/js/fancybox/jquery.fancybox.css" "Mozilla/5.0 (Windows NT 6.1; rv:37.0) Gecko/20100101 Firefox/37.0"
169.254.175.243 - - [18/Dec/2018:11:44:11 +0700] "GET /sismadak/lib/js/fancybox/fancybox_overlay.png HTTP/1.1" 200 1003 "http://192.168.1.8/sismadak/lib/js/fancybox/jquery.fancybox.css" "Mozilla/5.0 (Windows NT 6.1; rv:37.0) Gecko/20100101 Firefox/37.0"
169.254.175.243 - - [18/Dec/2018:11:44:11 +0700] "GET /sismadak/application/assessment/hospital_assessment_document_upload.php?chapter_id=29&instrument_id=2339&id=2,2 HTTP/1.1" 200 56835 "http://192.168.1.8/sismadak/application/assessment/hospital_assessment_chapter_online.php?chapter_id=29&event_id=2" "Mozilla/5.0 (Windows NT 6.1; rv:37.0) Gecko/20100101 Firefox/37.0"
169.254.175.243 - - [18/Dec/2018:11:44:12 +0700] "GET /sismadak/application/assessment/hospital_assessment_document_upload.php?chapter_id=29&instrument_id=2339&id=2,2&grid_id=list1&_search=false&nd=1545108276400&rows=15&jqgrid_page=1&sidx=1&sord=asc HTTP/1.1" 200 35 "http://192.168.1.8/sismadak/application/assessment/hospital_assessment_document_upload.php?chapter_id=29&instrument_id=2339&id=2,2" "Mozilla/5.0 (Windows NT 6.1; rv:37.0) Gecko/20100101 Firefox/37.0"
192.168.1.228 - - [18/Dec/2018:11:44:13 +0700] "GET /sismadak/application/assessment/hospital_assessment_document_upload.php?chapter_id=23&instrument_id=1790&id=2,2 HTTP/1.1" 200 56835 "http://192.168.1.8/sismadak/application/assessment/hospital_assessment_chapter_online.php?chapter_id=23&event_id=2" "Mozilla/5.0 (Windows NT 6.1; WOW64; rv:55.0) Gecko/20100101 Firefox/55.0"
192.168.1.228 - - [18/Dec/2018:11:44:13 +0700] "GET /sismadak/application/assessment/hospital_assessment_document_upload.php?chapter_id=23&instrument_id=1790&id=2,2&grid_id=list1&_search=false&nd=1545108277780&rows=15&jqgrid_page=1&sidx=1&sord=asc HTTP/1.1" 200 35 "http://192.168.1.8/sismadak/application/assessment/hospital_assessment_document_upload.php?chapter_id=23&instrument_id=1790&id=2,2" "Mozilla/5.0 (Windows NT 6.1; WOW64; rv:55.0) Gecko/20100101 Firefox/55.0"
192.168.1.121 - - [18/Dec/2018:11:44:15 +0700] "GET /sismadak/lib/js/fancybox/fancybox_sprite.png HTTP/1.1" 200 1362 "http://192.168.1.8/sismadak/lib/js/fancybox/jquery.fancybox.css" "Mozilla/5.0 (Windows NT 6.3; Win64; x64) AppleWebKit/537.36 (KHTML, like Gecko) Chrome/71.0.3578.98 Safari/537.36"
192.168.1.121 - - [18/Dec/2018:11:44:15 +0700] "GET /sismadak/lib/js/fancybox/fancybox_overlay.png HTTP/1.1" 200 1003 "http://192.168.1.8/sismadak/lib/js/fancybox/jquery.fancybox.css" "Mozilla/5.0 (Windows NT 6.3; Win64; x64) AppleWebKit/537.36 (KHTML, like Gecko) Chrome/71.0.3578.98 Safari/537.36"
192.168.1.121 - - [18/Dec/2018:11:44:15 +0700] "GET /sismadak/lib/js/fancybox/fancybox_loading.gif HTTP/1.1" 200 3866 "http://192.168.1.8/sismadak/lib/js/fancybox/jquery.fancybox.css" "Mozilla/5.0 (Windows NT 6.3; Win64; x64) AppleWebKit/537.36 (KHTML, like Gecko) Chrome/71.0.3578.98 Safari/537.36"
192.168.1.121 - - [18/Dec/2018:11:44:15 +0700] "GET /sismadak/application/assessment/hospital_assessment_document_upload.php?chapter_id=27&instrument_id=2220&id=2,2 HTTP/1.1" 200 56835 "http://192.168.1.8/sismadak/application/assessment/hospital_assessment_chapter_online.php?chapter_id=27&event_id=2" "Mozilla/5.0 (Windows NT 6.3; Win64; x64) AppleWebKit/537.36 (KHTML, like Gecko) Chrome/71.0.3578.98 Safari/537.36"
192.168.1.121 - - [18/Dec/2018:11:44:15 +0700] "GET /sismadak/application/assessment/hospital_assessment_document_upload.php?chapter_id=27&instrument_id=2220&id=2,2&grid_id=list1&_search=false&nd=1544596806085&rows=15&jqgrid_page=1&sidx=1&sord=asc HTTP/1.1" 200 35 "http://192.168.1.8/sismadak/application/assessment/hospital_assessment_document_upload.php?chapter_id=27&instrument_id=2220&id=2,2" "Mozilla/5.0 (Windows NT 6.3; Win64; x64) AppleWebKit/537.36 (KHTML, like Gecko) Chrome/71.0.3578.98 Safari/537.36"
192.168.1.229 - - [18/Dec/2018:11:44:16 +0700] "POST /sismadak/index.php HTTP/1.1" 302 2947 "http://192.168.1.8/sismadak/index.php" "Mozilla/5.0 (Windows NT 6.1; Win64; x64; rv:57.0) Gecko/20100101 Firefox/57.0"
192.168.1.229 - - [18/Dec/2018:11:44:16 +0700] "GET /sismadak/menu.php HTTP/1.1" 200 3182 "http://192.168.1.8/sismadak/index.php" "Mozilla/5.0 (Windows NT 6.1; Win64; x64; rv:57.0) Gecko/20100101 Firefox/57.0"
192.168.1.229 - - [18/Dec/2018:11:44:17 +0700] "GET /sismadak/application/report/dashboard.php HTTP/1.1" 200 13594 "http://192.168.1.8/sismadak/menu.php" "Mozilla/5.0 (Windows NT 6.1; Win64; x64; rv:57.0) Gecko/20100101 Firefox/57.0"
169.254.217.95 - - [18/Dec/2018:11:44:19 +0700] "GET /sismadak/lib/js/fancybox/fancybox_sprite.png HTTP/1.1" 200 1362 "http://192.168.1.8/sismadak/lib/js/fancybox/jquery.fancybox.css" "Mozilla/5.0 (Windows NT 10.0; Win64; x64) AppleWebKit/537.36 (KHTML, like Gecko) Chrome/70.0.3538.110 Safari/537.36"
169.254.217.95 - - [18/Dec/2018:11:44:19 +0700] "GET /sismadak/lib/js/fancybox/fancybox_loading.gif HTTP/1.1" 200 3866 "http://192.168.1.8/sismadak/lib/js/fancybox/jquery.fancybox.css" "Mozilla/5.0 (Windows NT 10.0; Win64; x64) AppleWebKit/537.36 (KHTML, like Gecko) Chrome/70.0.3538.110 Safari/537.36"
169.254.217.95 - - [18/Dec/2018:11:44:19 +0700] "GET /sismadak/lib/js/fancybox/fancybox_overlay.png HTTP/1.1" 200 1003 "http://192.168.1.8/sismadak/lib/js/fancybox/jquery.fancybox.css" "Mozilla/5.0 (Windows NT 10.0; Win64; x64) AppleWebKit/537.36 (KHTML, like Gecko) Chrome/70.0.3538.110 Safari/537.36"
192.168.1.204 - - [18/Dec/2018:11:44:18 +0700] "GET /sismadak/application/assessment/hospital_assessment_document_upload.php?chapter_id=30&instrument_id=2435&id=2,2 HTTP/1.1" 200 56835 "http://192.168.1.8/sismadak/application/assessment/hospital_assessment_chapter_online.php?chapter_id=30&event_id=2" "Mozilla/5.0 (Windows NT 6.1; WOW64; rv:56.0) Gecko/20100101 Firefox/56.0"
169.254.217.95 - - [18/Dec/2018:11:44:19 +0700] "GET /sismadak/application/assessment/hospital_assessment_document_upload.php?chapter_id=17&instrument_id=1238&id=2,2 HTTP/1.1" 200 56835 "http://192.168.1.8/sismadak/application/assessment/hospital_assessment_chapter_online.php?chapter_id=17&event_id=2" "Mozilla/5.0 (Windows NT 10.0; Win64; x64) AppleWebKit/537.36 (KHTML, like Gecko) Chrome/70.0.3538.110 Safari/537.36"
192.168.1.212 - - [18/Dec/2018:11:44:19 +0700] "GET /sismadak/lib/js/fancybox/fancybox_overlay.png HTTP/1.1" 200 1003 "http://192.168.1.8/sismadak/lib/js/fancybox/jquery.fancybox.css" "Mozilla/5.0 (Windows NT 6.1; rv:64.0) Gecko/20100101 Firefox/64.0"
192.168.1.212 - - [18/Dec/2018:11:44:19 +0700] "GET /sismadak/lib/js/fancybox/fancybox_sprite.png HTTP/1.1" 200 1362 "http://192.168.1.8/sismadak/lib/js/fancybox/jquery.fancybox.css" "Mozilla/5.0 (Windows NT 6.1; rv:64.0) Gecko/20100101 Firefox/64.0"
192.168.1.212 - - [18/Dec/2018:11:44:19 +0700] "GET /sismadak/lib/js/fancybox/fancybox_loading.gif HTTP/1.1" 200 3866 "http://192.168.1.8/sismadak/lib/js/fancybox/jquery.fancybox.css" "Mozilla/5.0 (Windows NT 6.1; rv:64.0) Gecko/20100101 Firefox/64.0"
192.168.1.212 - - [18/Dec/2018:11:44:19 +0700] "GET /sismadak/application/assessment/hospital_assessment_document_upload.php?chapter_id=24&instrument_id=1870&id=2,2 HTTP/1.1" 200 56835 "http://192.168.1.8/sismadak/application/assessment/hospital_assessment_chapter_online.php?chapter_id=24&event_id=2" "Mozilla/5.0 (Windows NT 6.1; rv:64.0) Gecko/20100101 Firefox/64.0"
192.168.1.204 - - [18/Dec/2018:11:44:19 +0700] "GET /sismadak/application/assessment/hospital_assessment_document_upload.php?chapter_id=30&instrument_id=2435&id=2,2&grid_id=list1&_search=false&nd=1545108282986&rows=15&jqgrid_page=1&sidx=1&sord=asc HTTP/1.1" 200 35 "http://192.168.1.8/sismadak/application/assessment/hospital_assessment_document_upload.php?chapter_id=30&instrument_id=2435&id=2,2" "Mozilla/5.0 (Windows NT 6.1; WOW64; rv:56.0) Gecko/20100101 Firefox/56.0"
169.254.217.95 - - [18/Dec/2018:11:44:19 +0700] "GET /sismadak/application/assessment/hospital_assessment_document_upload.php?chapter_id=17&instrument_id=1238&id=2,2&grid_id=list1&_search=false&nd=1545108281858&rows=15&jqgrid_page=1&sidx=1&sord=asc HTTP/1.1" 200 35 "http://192.168.1.8/sismadak/application/assessment/hospital_assessment_document_upload.php?chapter_id=17&instrument_id=1238&id=2,2" "Mozilla/5.0 (Windows NT 10.0; Win64; x64) AppleWebKit/537.36 (KHTML, like Gecko) Chrome/70.0.3538.110 Safari/537.36"
169.254.28.115 - - [18/Dec/2018:11:44:20 +0700] "GET /sismadak/application/assessment/hospital_assessment_document_upload.php?chapter_id=21&instrument_id=1705&id=2,2 HTTP/1.1" 200 56835 "http://192.168.1.8/sismadak/application/assessment/hospital_assessment_chapter_online.php?chapter_id=21&event_id=2" "Mozilla/5.0 (Windows NT 6.1; WOW64; rv:56.0) Gecko/20100101 Firefox/56.0"
192.168.1.212 - - [18/Dec/2018:11:44:20 +0700] "GET /sismadak/application/assessment/hospital_assessment_document_upload.php?chapter_id=24&instrument_id=1870&id=2,2&grid_id=list1&_search=false&nd=1545108292720&rows=15&jqgrid_page=1&sidx=1&sord=asc HTTP/1.1" 200 35 "http://192.168.1.8/sismadak/application/assessment/hospital_assessment_document_upload.php?chapter_id=24&instrument_id=1870&id=2,2" "Mozilla/5.0 (Windows NT 6.1; rv:64.0) Gecko/20100101 Firefox/64.0"
192.168.1.236 - - [18/Dec/2018:11:44:19 +0700] "GET /sismadak/application/assessment/hospital_assessment_chapter_online.php?chapter_id=20&event_id=2&grid_id=list1&_search=false&nd=1545108283916&rows=99999&jqgrid_page=1&sidx=instrument_standard_id+asc%2C+evidence&sord=asc HTTP/1.1" 500 65 "http://192.168.1.8/sismadak/application/assessment/hospital_assessment_chapter_online.php?chapter_id=20&event_id=2" "Mozilla/5.0 (Windows NT 6.1; WOW64; rv:55.0) Gecko/20100101 Firefox/55.0"
192.168.1.206 - - [18/Dec/2018:11:44:20 +0700] "GET /sismadak/lib/js/fancybox/fancybox_overlay.png HTTP/1.1" 200 1003 "http://192.168.1.8/sismadak/lib/js/fancybox/jquery.fancybox.css" "Mozilla/5.0 (Windows NT 6.1; WOW64; rv:55.0) Gecko/20100101 Firefox/55.0"
192.168.1.206 - - [18/Dec/2018:11:44:20 +0700] "GET /sismadak/lib/js/fancybox/fancybox_loading.gif HTTP/1.1" 200 3866 "http://192.168.1.8/sismadak/lib/js/fancybox/jquery.fancybox.css" "Mozilla/5.0 (Windows NT 6.1; WOW64; rv:55.0) Gecko/20100101 Firefox/55.0"
192.168.1.206 - - [18/Dec/2018:11:44:20 +0700] "GET /sismadak/lib/js/fancybox/fancybox_sprite.png HTTP/1.1" 200 1362 "http://192.168.1.8/sismadak/lib/js/fancybox/jquery.fancybox.css" "Mozilla/5.0 (Windows NT 6.1; WOW64; rv:55.0) Gecko/20100101 Firefox/55.0"
192.168.1.206 - - [18/Dec/2018:11:44:20 +0700] "GET /sismadak/application/assessment/hospital_assessment_document_upload.php?chapter_id=1&instrument_id=1195&id=3,3 HTTP/1.1" 200 56831 "http://192.168.1.8/sismadak/application/assessment/hospital_assessment_chapter_online.php?chapter_id=1&event_id=3" "Mozilla/5.0 (Windows NT 6.1; WOW64; rv:55.0) Gecko/20100101 Firefox/55.0"
192.168.1.209 - - [18/Dec/2018:11:44:21 +0700] "GET /sismadak/lib/js/fancybox/fancybox_sprite.png HTTP/1.1" 200 1362 "http://192.168.1.8/sismadak/lib/js/fancybox/jquery.fancybox.css" "Mozilla/5.0 (Windows NT 6.1; WOW64; rv:55.0) Gecko/20100101 Firefox/55.0"
192.168.1.209 - - [18/Dec/2018:11:44:21 +0700] "GET /sismadak/lib/js/fancybox/fancybox_loading.gif HTTP/1.1" 200 3866 "http://192.168.1.8/sismadak/lib/js/fancybox/jquery.fancybox.css" "Mozilla/5.0 (Windows NT 6.1; WOW64; rv:55.0) Gecko/20100101 Firefox/55.0"
192.168.1.209 - - [18/Dec/2018:11:44:21 +0700] "GET /sismadak/lib/js/fancybox/fancybox_overlay.png HTTP/1.1" 200 1003 "http://192.168.1.8/sismadak/lib/js/fancybox/jquery.fancybox.css" "Mozilla/5.0 (Windows NT 6.1; WOW64; rv:55.0) Gecko/20100101 Firefox/55.0"
192.168.1.209 - - [18/Dec/2018:11:44:21 +0700] "GET /sismadak/application/assessment/hospital_assessment_document_upload.php?chapter_id=23&instrument_id=1790&id=2,2 HTTP/1.1" 200 56835 "http://192.168.1.8/sismadak/application/assessment/hospital_assessment_chapter_online.php?chapter_id=23&event_id=2" "Mozilla/5.0 (Windows NT 6.1; WOW64; rv:55.0) Gecko/20100101 Firefox/55.0"
192.168.1.206 - - [18/Dec/2018:11:44:21 +0700] "GET /sismadak/application/assessment/hospital_assessment_document_upload.php?chapter_id=1&instrument_id=1195&id=3,3&grid_id=list1&_search=false&nd=1545108284449&rows=15&jqgrid_page=1&sidx=1&sord=asc HTTP/1.1" 200 35 "http://192.168.1.8/sismadak/application/assessment/hospital_assessment_document_upload.php?chapter_id=1&instrument_id=1195&id=3,3" "Mozilla/5.0 (Windows NT 6.1; WOW64; rv:55.0) Gecko/20100101 Firefox/55.0"
169.254.233.31 - - [18/Dec/2018:11:44:21 +0700] "GET /sismadak/application/assessment/hospital_assessment_chapter_online.php?chapter_id=19&event_id=2&grid_id=list1&_search=false&nd=1545108284885&rows=10&jqgrid_page=1&sidx=instrument_standard_id+asc%2C+evidence&sord=asc HTTP/1.1" 500 65 "http://192.168.1.8/sismadak/application/assessment/hospital_assessment_chapter_online.php?chapter_id=19&event_id=2" "Mozilla/5.0 (Windows NT 6.1; WOW64; rv:55.0) Gecko/20100101 Firefox/55.0"
192.168.1.209 - - [18/Dec/2018:11:44:21 +0700] "GET /sismadak/application/assessment/hospital_assessment_document_upload.php?chapter_id=23&instrument_id=1790&id=2,2&grid_id=list1&_search=false&nd=1545108285727&rows=15&jqgrid_page=1&sidx=1&sord=asc HTTP/1.1" 200 35 "http://192.168.1.8/sismadak/application/assessment/hospital_assessment_document_upload.php?chapter_id=23&instrument_id=1790&id=2,2" "Mozilla/5.0 (Windows NT 6.1; WOW64; rv:55.0) Gecko/20100101 Firefox/55.0"
192.168.1.215 - - [18/Dec/2018:11:44:22 +0700] "GET /sismadak/application/assessment/hospital_assessment_document_upload.php?chapter_id=27&instrument_id=2220&id=2,2 HTTP/1.1" 200 56835 "http://192.168.1.8/sismadak/application/assessment/hospital_assessment_chapter_online.php?chapter_id=27&event_id=2" "Mozilla/5.0 (Windows NT 6.1; WOW64; rv:63.0) Gecko/20100101 Firefox/63.0"
192.168.1.121 - - [18/Dec/2018:11:44:22 +0700] "GET /sismadak/application/assessment/hospital_assessment_document_upload.php?chapter_id=27&instrument_id=2220&id=2,2 HTTP/1.1" 200 56835 "http://192.168.1.8/sismadak/application/assessment/hospital_assessment_chapter_online.php?chapter_id=27&event_id=2" "Mozilla/5.0 (Windows NT 6.3; Win64; x64) AppleWebKit/537.36 (KHTML, like Gecko) Chrome/71.0.3578.98 Safari/537.36"
192.168.1.215 - - [18/Dec/2018:11:44:23 +0700] "GET /sismadak/application/assessment/hospital_assessment_document_upload.php?chapter_id=27&instrument_id=2220&id=2,2&grid_id=list1&_search=false&nd=1545108287497&rows=15&jqgrid_page=1&sidx=1&sord=asc HTTP/1.1" 200 35 "http://192.168.1.8/sismadak/application/assessment/hospital_assessment_document_upload.php?chapter_id=27&instrument_id=2220&id=2,2" "Mozilla/5.0 (Windows NT 6.1; WOW64; rv:63.0) Gecko/20100101 Firefox/63.0"
192.168.1.121 - - [18/Dec/2018:11:44:23 +0700] "GET /sismadak/application/assessment/hospital_assessment_document_upload.php?chapter_id=27&instrument_id=2220&id=2,2&grid_id=list1&_search=false&nd=1544596813939&rows=15&jqgrid_page=1&sidx=1&sord=asc HTTP/1.1" 200 35 "http://192.168.1.8/sismadak/application/assessment/hospital_assessment_document_upload.php?chapter_id=27&instrument_id=2220&id=2,2" "Mozilla/5.0 (Windows NT 6.3; Win64; x64) AppleWebKit/537.36 (KHTML, like Gecko) Chrome/71.0.3578.98 Safari/537.36"
169.254.148.246 - - [18/Dec/2018:11:44:25 +0700] "GET /sismadak/application/assessment/hospital_assessment_document_upload.php?chapter_id=28&instrument_id=2235&id=2,2 HTTP/1.1" 200 56835 "http://192.168.1.8/sismadak/application/assessment/hospital_assessment_chapter_online.php?chapter_id=28&event_id=2" "Mozilla/5.0 (Windows NT 6.1; Win64; x64) AppleWebKit/537.36 (KHTML, like Gecko) Chrome/71.0.3578.98 Safari/537.36"
169.254.148.246 - - [18/Dec/2018:11:44:25 +0700] "GET /sismadak/application/assessment/hospital_assessment_document_upload.php?chapter_id=28&instrument_id=2235&id=2,2&grid_id=list1&_search=false&nd=1545108297508&rows=15&jqgrid_page=1&sidx=1&sord=asc HTTP/1.1" 200 35 "http://192.168.1.8/sismadak/application/assessment/hospital_assessment_document_upload.php?chapter_id=28&instrument_id=2235&id=2,2" "Mozilla/5.0 (Windows NT 6.1; Win64; x64) AppleWebKit/537.36 (KHTML, like Gecko) Chrome/71.0.3578.98 Safari/537.36"
192.168.1.40 - - [18/Dec/2018:11:44:29 +0700] "GET /sismadak/application/assessment/hospital_assessment_chapter_online.php?chapter_id=28&event_id=2 HTTP/1.1" 200 53993 "http://192.168.1.8/sismadak/application/assessment/hospital_assessment_chapter.php?event_id=2&category_id=4" "Mozilla/5.0 (Windows NT 6.1) AppleWebKit/537.36 (KHTML, like Gecko) Chrome/70.0.3538.110 Safari/537.36"
192.168.1.40 - - [18/Dec/2018:11:44:29 +0700] "GET /sismadak/application/assessment/hospital_assessment_chapter_online.php?chapter_id=28&event_id=2 HTTP/1.1" 200 53993 "http://192.168.1.8/sismadak/application/assessment/hospital_assessment_chapter.php?event_id=2&category_id=4" "Mozilla/5.0 (Windows NT 6.1) AppleWebKit/537.36 (KHTML, like Gecko) Chrome/70.0.3538.110 Safari/537.36"
192.168.1.40 - - [18/Dec/2018:11:44:29 +0700] "GET /sismadak/application/assessment/hospital_assessment_chapter_online.php?chapter_id=28&event_id=2&grid_id=list1&_search=false&nd=1544168737401&rows=20&jqgrid_page=1&sidx=instrument_standard_id+asc%2C+instrument_id&sord=asc HTTP/1.1" 200 18261 "http://192.168.1.8/sismadak/application/assessment/hospital_assessment_chapter_online.php?chapter_id=28&event_id=2" "Mozilla/5.0 (Windows NT 6.1) AppleWebKit/537.36 (KHTML, like Gecko) Chrome/70.0.3538.110 Safari/537.36"
169.254.233.31 - - [18/Dec/2018:11:44:32 +0700] "GET /sismadak/lib/js/fancybox/fancybox_loading.gif HTTP/1.1" 200 3866 "http://192.168.1.8/sismadak/lib/js/fancybox/jquery.fancybox.css" "Mozilla/5.0 (Windows NT 6.1; WOW64; rv:55.0) Gecko/20100101 Firefox/55.0"
169.254.233.31 - - [18/Dec/2018:11:44:32 +0700] "GET /sismadak/lib/js/fancybox/fancybox_overlay.png HTTP/1.1" 200 1003 "http://192.168.1.8/sismadak/lib/js/fancybox/jquery.fancybox.css" "Mozilla/5.0 (Windows NT 6.1; WOW64; rv:55.0) Gecko/20100101 Firefox/55.0"
169.254.233.31 - - [18/Dec/2018:11:44:32 +0700] "GET /sismadak/lib/js/fancybox/fancybox_sprite.png HTTP/1.1" 200 1362 "http://192.168.1.8/sismadak/lib/js/fancybox/jquery.fancybox.css" "Mozilla/5.0 (Windows NT 6.1; WOW64; rv:55.0) Gecko/20100101 Firefox/55.0"
169.254.233.31 - - [18/Dec/2018:11:44:32 +0700] "GET /sismadak/application/assessment/hospital_assessment_document_upload.php?chapter_id=19&instrument_id=1392&id=2,2 HTTP/1.1" 200 56835 "http://192.168.1.8/sismadak/application/assessment/hospital_assessment_chapter_online.php?chapter_id=19&event_id=2" "Mozilla/5.0 (Windows NT 6.1; WOW64; rv:55.0) Gecko/20100101 Firefox/55.0"
169.254.233.31 - - [18/Dec/2018:11:44:33 +0700] "GET /sismadak/application/assessment/hospital_assessment_document_upload.php?chapter_id=19&instrument_id=1392&id=2,2&grid_id=list1&_search=false&nd=1545108296890&rows=15&jqgrid_page=1&sidx=1&sord=asc HTTP/1.1" 200 35 "http://192.168.1.8/sismadak/application/assessment/hospital_assessment_document_upload.php?chapter_id=19&instrument_id=1392&id=2,2" "Mozilla/5.0 (Windows NT 6.1; WOW64; rv:55.0) Gecko/20100101 Firefox/55.0"
169.254.28.115 - - [18/Dec/2018:11:44:34 +0700] "GET /sismadak/application/assessment/hospital_assessment_document_upload.php?chapter_id=21&instrument_id=1705&id=2,2 HTTP/1.1" 200 56835 "http://192.168.1.8/sismadak/application/assessment/hospital_assessment_chapter_online.php?chapter_id=21&event_id=2" "Mozilla/5.0 (Windows NT 6.1; WOW64; rv:56.0) Gecko/20100101 Firefox/56.0"
169.254.28.115 - - [18/Dec/2018:11:44:34 +0700] "GET /sismadak/application/assessment/hospital_assessment_document_upload.php?chapter_id=21&instrument_id=1705&id=2,2&grid_id=list1&_search=false&nd=1545133613979&rows=15&jqgrid_page=1&sidx=1&sord=asc HTTP/1.1" 200 35 "http://192.168.1.8/sismadak/application/assessment/hospital_assessment_document_upload.php?chapter_id=21&instrument_id=1705&id=2,2" "Mozilla/5.0 (Windows NT 6.1; WOW64; rv:56.0) Gecko/20100101 Firefox/56.0"
192.168.1.153 - - [18/Dec/2018:11:44:38 +0700] "GET /sismadak/lib/js/fancybox/fancybox_overlay.png HTTP/1.1" 200 1003 "http://192.168.1.8/sismadak/lib/js/fancybox/jquery.fancybox.css" "Mozilla/5.0 (Windows NT 6.3; WOW64; rv:64.0) Gecko/20100101 Firefox/64.0"
192.168.1.153 - - [18/Dec/2018:11:44:38 +0700] "GET /sismadak/lib/js/fancybox/fancybox_loading.gif HTTP/1.1" 200 3866 "http://192.168.1.8/sismadak/lib/js/fancybox/jquery.fancybox.css" "Mozilla/5.0 (Windows NT 6.3; WOW64; rv:64.0) Gecko/20100101 Firefox/64.0"
192.168.1.153 - - [18/Dec/2018:11:44:38 +0700] "GET /sismadak/lib/js/fancybox/fancybox_sprite.png HTTP/1.1" 200 1362 "http://192.168.1.8/sismadak/lib/js/fancybox/jquery.fancybox.css" "Mozilla/5.0 (Windows NT 6.3; WOW64; rv:64.0) Gecko/20100101 Firefox/64.0"
192.168.1.153 - - [18/Dec/2018:11:44:38 +0700] "GET /sismadak/application/assessment/hospital_assessment_document_upload.php?chapter_id=23&instrument_id=1790&id=2,2 HTTP/1.1" 200 56835 "http://192.168.1.8/sismadak/application/assessment/hospital_assessment_chapter_online.php?chapter_id=23&event_id=2" "Mozilla/5.0 (Windows NT 6.3; WOW64; rv:64.0) Gecko/20100101 Firefox/64.0"
192.168.1.40 - - [18/Dec/2018:11:44:38 +0700] "GET /sismadak/application/assessment/hospital_assessment_chapter_online.php?chapter_id=28&event_id=2&grid_id=list1&_search=false&nd=1544168746574&rows=99999&jqgrid_page=1&sidx=instrument_standard_id+asc%2C+instrument_id&sord=asc HTTP/1.1" 200 97000 "http://192.168.1.8/sismadak/application/assessment/hospital_assessment_chapter_online.php?chapter_id=28&event_id=2" "Mozilla/5.0 (Windows NT 6.1) AppleWebKit/537.36 (KHTML, like Gecko) Chrome/70.0.3538.110 Safari/537.36"
192.168.1.153 - - [18/Dec/2018:11:44:39 +0700] "GET /sismadak/application/assessment/hospital_assessment_document_upload.php?chapter_id=23&instrument_id=1790&id=2,2&grid_id=list1&_search=false&nd=1545108306540&rows=15&jqgrid_page=1&sidx=1&sord=asc HTTP/1.1" 200 35 "http://192.168.1.8/sismadak/application/assessment/hospital_assessment_document_upload.php?chapter_id=23&instrument_id=1790&id=2,2" "Mozilla/5.0 (Windows NT 6.3; WOW64; rv:64.0) Gecko/20100101 Firefox/64.0"
192.168.1.217 - - [18/Dec/2018:11:44:42 +0700] "GET /sismadak/lib/js/fancybox/fancybox_sprite.png HTTP/1.1" 200 1362 "http://192.168.1.8/sismadak/lib/js/fancybox/jquery.fancybox.css" "Mozilla/5.0 (Windows NT 6.1; rv:41.0) Gecko/20100101 Firefox/41.0"
192.168.1.217 - - [18/Dec/2018:11:44:42 +0700] "GET /sismadak/lib/js/fancybox/fancybox_overlay.png HTTP/1.1" 200 1003 "http://192.168.1.8/sismadak/lib/js/fancybox/jquery.fancybox.css" "Mozilla/5.0 (Windows NT 6.1; rv:41.0) Gecko/20100101 Firefox/41.0"
192.168.1.217 - - [18/Dec/2018:11:44:42 +0700] "GET /sismadak/lib/js/fancybox/fancybox_loading.gif HTTP/1.1" 200 3866 "http://192.168.1.8/sismadak/lib/js/fancybox/jquery.fancybox.css" "Mozilla/5.0 (Windows NT 6.1; rv:41.0) Gecko/20100101 Firefox/41.0"
192.168.1.217 - - [18/Dec/2018:11:44:42 +0700] "GET /sismadak/application/assessment/hospital_assessment_document_upload.php?chapter_id=20&instrument_id=1475&id=2,2 HTTP/1.1" 200 56835 "http://192.168.1.8/sismadak/application/assessment/hospital_assessment_chapter_online.php?chapter_id=20&event_id=2" "Mozilla/5.0 (Windows NT 6.1; rv:41.0) Gecko/20100101 Firefox/41.0"
192.168.1.219 - - [18/Dec/2018:11:44:43 +0700] "GET /sismadak/application/assessment/hospital_assessment_document_upload.php?chapter_id=17&instrument_id=1238&id=2,2 HTTP/1.1" 200 56835 "http://192.168.1.8/sismadak/application/assessment/hospital_assessment_chapter_online.php?chapter_id=17&event_id=2" "Mozilla/5.0 (Windows NT 6.1; rv:64.0) Gecko/20100101 Firefox/64.0"
192.168.1.217 - - [18/Dec/2018:11:44:43 +0700] "GET /sismadak/application/assessment/hospital_assessment_document_upload.php?chapter_id=20&instrument_id=1475&id=2,2&grid_id=list1&_search=false&nd=1545108307360&rows=15&jqgrid_page=1&sidx=1&sord=asc HTTP/1.1" 200 35 "http://192.168.1.8/sismadak/application/assessment/hospital_assessment_document_upload.php?chapter_id=20&instrument_id=1475&id=2,2" "Mozilla/5.0 (Windows NT 6.1; rv:41.0) Gecko/20100101 Firefox/41.0"
192.168.1.229 - - [18/Dec/2018:11:44:44 +0700] "GET /sismadak/application/assessment/hospital_assessment_reguler_list.php?category_id=4&module_id=4 HTTP/1.1" 200 50021 "http://192.168.1.8/sismadak/menu.php" "Mozilla/5.0 (Windows NT 6.1; Win64; x64; rv:57.0) Gecko/20100101 Firefox/57.0"
192.168.1.219 - - [18/Dec/2018:11:44:44 +0700] "GET /sismadak/application/assessment/hospital_assessment_document_upload.php?chapter_id=17&instrument_id=1238&id=2,2&grid_id=list1&_search=false&nd=1545108307587&rows=15&jqgrid_page=1&sidx=1&sord=asc HTTP/1.1" 200 35 "http://192.168.1.8/sismadak/application/assessment/hospital_assessment_document_upload.php?chapter_id=17&instrument_id=1238&id=2,2" "Mozilla/5.0 (Windows NT 6.1; rv:64.0) Gecko/20100101 Firefox/64.0"
192.168.1.229 - - [18/Dec/2018:11:44:44 +0700] "GET /sismadak/application/assessment/hospital_assessment_reguler_list.php?category_id=4&module_id=4&grid_id=list1&_search=false&nd=1545108308011&rows=20&jqgrid_page=1&sidx=accreditation_id&sord=desc HTTP/1.1" 200 740 "http://192.168.1.8/sismadak/application/assessment/hospital_assessment_reguler_list.php?category_id=4&module_id=4" "Mozilla/5.0 (Windows NT 6.1; Win64; x64; rv:57.0) Gecko/20100101 Firefox/57.0"
192.168.1.229 - - [18/Dec/2018:11:44:45 +0700] "GET /sismadak/lib/js/themes/redmond/images/ui-bg_glass_95_fef1ec_1x400.png HTTP/1.1" 200 384 "http://192.168.1.8/sismadak/lib/js/themes/redmond/jquery-ui.custom.css" "Mozilla/5.0 (Windows NT 6.1; Win64; x64; rv:57.0) Gecko/20100101 Firefox/57.0"
192.168.1.229 - - [18/Dec/2018:11:44:45 +0700] "GET /sismadak/application/assessment/hospital_assessment_reguler_list.php?category_id=4&module_id=4 HTTP/1.1" 200 50021 "http://192.168.1.8/sismadak/menu.php" "Mozilla/5.0 (Windows NT 6.1; Win64; x64; rv:57.0) Gecko/20100101 Firefox/57.0"
192.168.1.229 - - [18/Dec/2018:11:44:45 +0700] "GET /sismadak/application/assessment/hospital_assessment_reguler_list.php?category_id=4&module_id=4&grid_id=list1&_search=false&nd=1545108308757&rows=20&jqgrid_page=1&sidx=accreditation_id&sord=desc HTTP/1.1" 200 740 "http://192.168.1.8/sismadak/application/assessment/hospital_assessment_reguler_list.php?category_id=4&module_id=4" "Mozilla/5.0 (Windows NT 6.1; Win64; x64; rv:57.0) Gecko/20100101 Firefox/57.0"
192.168.1.208 - - [18/Dec/2018:11:44:47 +0700] "GET /sismadak/application/assessment/hospital_assessment_chapter_online.php?chapter_id=29&event_id=2 HTTP/1.1" 200 60977 "http://192.168.1.8/sismadak/application/assessment/hospital_assessment_chapter.php?event_id=2&category_id=4" "Mozilla/5.0 (Windows NT 6.1; WOW64; rv:55.0) Gecko/20100101 Firefox/55.0"
192.168.1.144 - - [18/Dec/2018:11:44:48 +0700] "GET /sismadak/application/assessment/hospital_assessment_chapter.php?event_id=2&category_id=4 HTTP/1.1" 200 46177 "http://192.168.1.8/sismadak/application/assessment/hospital_assessment_reguler_list.php?category_id=4&module_id=4" "Mozilla/5.0 (Windows NT 6.3; WOW64) AppleWebKit/537.36 (KHTML, like Gecko) Chrome/69.0.3497.100 Safari/537.36"
192.168.1.208 - - [18/Dec/2018:11:44:48 +0700] "GET /sismadak/application/assessment/hospital_assessment_chapter_online.php?chapter_id=29&event_id=2&grid_id=list1&_search=false&nd=1545108312144&rows=20&jqgrid_page=1&sidx=instrument_standard_id+asc%2C+instrument_id&sord=asc HTTP/1.1" 200 19335 "http://192.168.1.8/sismadak/application/assessment/hospital_assessment_chapter_online.php?chapter_id=29&event_id=2" "Mozilla/5.0 (Windows NT 6.1; WOW64; rv:55.0) Gecko/20100101 Firefox/55.0"
192.168.1.144 - - [18/Dec/2018:11:44:49 +0700] "GET /sismadak/application/assessment/hospital_assessment_chapter.php?event_id=2&category_id=4&grid_id=list1&_search=false&nd=1545108434182&rows=20&jqgrid_page=1&sidx=chapter_id&sord=asc HTTP/1.1" 200 6090 "http://192.168.1.8/sismadak/application/assessment/hospital_assessment_chapter.php?event_id=2&category_id=4" "Mozilla/5.0 (Windows NT 6.3; WOW64) AppleWebKit/537.36 (KHTML, like Gecko) Chrome/69.0.3497.100 Safari/537.36"
192.168.1.40 - - [18/Dec/2018:11:44:49 +0700] "GET /sismadak/application/assessment/hospital_assessment_document_upload.php?chapter_id=28&instrument_id=2235&id=2,2 HTTP/1.1" 200 56838 "http://192.168.1.8/sismadak/application/assessment/hospital_assessment_chapter_online.php?chapter_id=28&event_id=2" "Mozilla/5.0 (Windows NT 6.1) AppleWebKit/537.36 (KHTML, like Gecko) Chrome/70.0.3538.110 Safari/537.36"
192.168.1.236 - - [18/Dec/2018:11:44:51 +0700] "GET /sismadak/lib/js/fancybox/fancybox_loading.gif HTTP/1.1" 200 3866 "http://192.168.1.8/sismadak/lib/js/fancybox/jquery.fancybox.css" "Mozilla/5.0 (Windows NT 6.1; WOW64; rv:55.0) Gecko/20100101 Firefox/55.0"
192.168.1.236 - - [18/Dec/2018:11:44:51 +0700] "GET /sismadak/lib/js/fancybox/fancybox_sprite.png HTTP/1.1" 200 1362 "http://192.168.1.8/sismadak/lib/js/fancybox/jquery.fancybox.css" "Mozilla/5.0 (Windows NT 6.1; WOW64; rv:55.0) Gecko/20100101 Firefox/55.0"
192.168.1.236 - - [18/Dec/2018:11:44:51 +0700] "GET /sismadak/lib/js/fancybox/fancybox_overlay.png HTTP/1.1" 200 1003 "http://192.168.1.8/sismadak/lib/js/fancybox/jquery.fancybox.css" "Mozilla/5.0 (Windows NT 6.1; WOW64; rv:55.0) Gecko/20100101 Firefox/55.0"
192.168.1.236 - - [18/Dec/2018:11:44:51 +0700] "GET /sismadak/application/assessment/hospital_assessment_document_upload.php?chapter_id=20&instrument_id=1478&id=2,2 HTTP/1.1" 200 56835 "http://192.168.1.8/sismadak/application/assessment/hospital_assessment_chapter_online.php?chapter_id=20&event_id=2" "Mozilla/5.0 (Windows NT 6.1; WOW64; rv:55.0) Gecko/20100101 Firefox/55.0"
192.168.1.236 - - [18/Dec/2018:11:44:52 +0700] "GET /sismadak/application/assessment/hospital_assessment_document_upload.php?chapter_id=20&instrument_id=1478&id=2,2 HTTP/1.1" 200 56835 "http://192.168.1.8/sismadak/application/assessment/hospital_assessment_chapter_online.php?chapter_id=20&event_id=2" "Mozilla/5.0 (Windows NT 6.1; WOW64; rv:55.0) Gecko/20100101 Firefox/55.0"
192.168.1.236 - - [18/Dec/2018:11:44:53 +0700] "GET /sismadak/application/assessment/hospital_assessment_document_upload.php?chapter_id=20&instrument_id=1478&id=2,2 HTTP/1.1" 200 56835 "http://192.168.1.8/sismadak/application/assessment/hospital_assessment_chapter_online.php?chapter_id=20&event_id=2" "Mozilla/5.0 (Windows NT 6.1; WOW64; rv:55.0) Gecko/20100101 Firefox/55.0"
192.168.1.254 - - [18/Dec/2018:11:44:54 +0700] "POST /sismadak/index.php HTTP/1.1" 302 2947 "http://119.110.67.68:8808/sismadak/index.php" "Mozilla/5.0 (Macintosh; Intel Mac OS X 10_10_5) AppleWebKit/537.36 (KHTML, like Gecko) Chrome/70.0.3538.110 Safari/537.36"
192.168.1.254 - - [18/Dec/2018:11:44:54 +0700] "GET /sismadak/menu.php HTTP/1.1" 200 4080 "http://119.110.67.68:8808/sismadak/index.php" "Mozilla/5.0 (Macintosh; Intel Mac OS X 10_10_5) AppleWebKit/537.36 (KHTML, like Gecko) Chrome/70.0.3538.110 Safari/537.36"
192.168.1.254 - - [18/Dec/2018:11:44:54 +0700] "GET /sismadak/application/report/dashboard.php HTTP/1.1" 200 13594 "http://119.110.67.68:8808/sismadak/menu.php" "Mozilla/5.0 (Macintosh; Intel Mac OS X 10_10_5) AppleWebKit/537.36 (KHTML, like Gecko) Chrome/70.0.3538.110 Safari/537.36"
192.168.1.236 - - [18/Dec/2018:11:44:55 +0700] "GET /sismadak/application/assessment/hospital_assessment_document_upload.php?chapter_id=20&instrument_id=1478&id=2,2 HTTP/1.1" 200 56835 "http://192.168.1.8/sismadak/application/assessment/hospital_assessment_chapter_online.php?chapter_id=20&event_id=2" "Mozilla/5.0 (Windows NT 6.1; WOW64; rv:55.0) Gecko/20100101 Firefox/55.0"
192.168.1.229 - - [18/Dec/2018:11:44:55 +0700] "GET /sismadak/application/assessment/hospital_assessment_chapter.php?event_id=2&category_id=4 HTTP/1.1" 200 46177 "http://192.168.1.8/sismadak/application/assessment/hospital_assessment_reguler_list.php?category_id=4&module_id=4" "Mozilla/5.0 (Windows NT 6.1; Win64; x64; rv:57.0) Gecko/20100101 Firefox/57.0"
192.168.1.229 - - [18/Dec/2018:11:44:55 +0700] "GET /sismadak/application/assessment/hospital_assessment_chapter.php?event_id=2&category_id=4&grid_id=list1&_search=false&nd=1545108318836&rows=20&jqgrid_page=1&sidx=chapter_id&sord=asc HTTP/1.1" 200 6090 "http://192.168.1.8/sismadak/application/assessment/hospital_assessment_chapter.php?event_id=2&category_id=4" "Mozilla/5.0 (Windows NT 6.1; Win64; x64; rv:57.0) Gecko/20100101 Firefox/57.0"
192.168.1.236 - - [18/Dec/2018:11:44:56 +0700] "GET /sismadak/application/assessment/hospital_assessment_document_upload.php?chapter_id=20&instrument_id=1478&id=2,2 HTTP/1.1" 200 56835 "http://192.168.1.8/sismadak/application/assessment/hospital_assessment_chapter_online.php?chapter_id=20&event_id=2" "Mozilla/5.0 (Windows NT 6.1; WOW64; rv:55.0) Gecko/20100101 Firefox/55.0"
192.168.1.144 - - [18/Dec/2018:11:44:57 +0700] "GET /sismadak/application/assessment/hospital_assessment_chapter_online.php?chapter_id=17&event_id=2 HTTP/1.1" 200 60981 "http://192.168.1.8/sismadak/application/assessment/hospital_assessment_chapter.php?event_id=2&category_id=4" "Mozilla/5.0 (Windows NT 6.3; WOW64) AppleWebKit/537.36 (KHTML, like Gecko) Chrome/69.0.3497.100 Safari/537.36"
192.168.1.236 - - [18/Dec/2018:11:44:57 +0700] "GET /sismadak/application/assessment/hospital_assessment_document_upload.php?chapter_id=20&instrument_id=1478&id=2,2 HTTP/1.1" 200 56835 "http://192.168.1.8/sismadak/application/assessment/hospital_assessment_chapter_online.php?chapter_id=20&event_id=2" "Mozilla/5.0 (Windows NT 6.1; WOW64; rv:55.0) Gecko/20100101 Firefox/55.0"
192.168.1.144 - - [18/Dec/2018:11:44:57 +0700] "GET /sismadak/application/assessment/hospital_assessment_chapter_online.php?chapter_id=17&event_id=2&grid_id=list1&_search=false&nd=1545108442774&rows=20&jqgrid_page=1&sidx=instrument_standard_id+asc%2C+instrument_id&sord=asc HTTP/1.1" 200 17270 "http://192.168.1.8/sismadak/application/assessment/hospital_assessment_chapter_online.php?chapter_id=17&event_id=2" "Mozilla/5.0 (Windows NT 6.3; WOW64) AppleWebKit/537.36 (KHTML, like Gecko) Chrome/69.0.3497.100 Safari/537.36"
192.168.1.40 - - [18/Dec/2018:11:44:58 +0700] "GET /sismadak/application/assessment/hospital_assessment_document_upload.php?chapter_id=28&instrument_id=2235&id=2,2 HTTP/1.1" 200 56838 "http://192.168.1.8/sismadak/application/assessment/hospital_assessment_chapter_online.php?chapter_id=28&event_id=2" "Mozilla/5.0 (Windows NT 6.1) AppleWebKit/537.36 (KHTML, like Gecko) Chrome/70.0.3538.110 Safari/537.36"
192.168.1.40 - - [18/Dec/2018:11:44:59 +0700] "GET /sismadak/application/assessment/hospital_assessment_document_upload.php?chapter_id=28&instrument_id=2235&id=2,2&grid_id=list1&_search=false&nd=1544168767562&rows=15&jqgrid_page=1&sidx=1&sord=asc HTTP/1.1" 200 35 "http://192.168.1.8/sismadak/application/assessment/hospital_assessment_document_upload.php?chapter_id=28&instrument_id=2235&id=2,2" "Mozilla/5.0 (Windows NT 6.1) AppleWebKit/537.36 (KHTML, like Gecko) Chrome/70.0.3538.110 Safari/537.36"
192.168.1.236 - - [18/Dec/2018:11:45:03 +0700] "GET /sismadak/application/assessment/hospital_assessment_document_upload.php?chapter_id=20&instrument_id=1478&id=2,2 HTTP/1.1" 200 56835 "http://192.168.1.8/sismadak/application/assessment/hospital_assessment_chapter_online.php?chapter_id=20&event_id=2" "Mozilla/5.0 (Windows NT 6.1; WOW64; rv:55.0) Gecko/20100101 Firefox/55.0"
192.168.1.236 - - [18/Dec/2018:11:45:04 +0700] "GET /sismadak/application/assessment/hospital_assessment_document_upload.php?chapter_id=20&instrument_id=1478&id=2,2&grid_id=list1&_search=false&nd=1545108328465&rows=15&jqgrid_page=1&sidx=1&sord=asc HTTP/1.1" 200 35 "http://192.168.1.8/sismadak/application/assessment/hospital_assessment_document_upload.php?chapter_id=20&instrument_id=1478&id=2,2" "Mozilla/5.0 (Windows NT 6.1; WOW64; rv:55.0) Gecko/20100101 Firefox/55.0"
192.168.1.254 - - [18/Dec/2018:11:45:07 +0700] "GET /sismadak/application/filemanager/filemanager.php HTTP/1.1" 200 23322 "http://119.110.67.68:8808/sismadak/menu.php" "Mozilla/5.0 (Macintosh; Intel Mac OS X 10_10_5) AppleWebKit/537.36 (KHTML, like Gecko) Chrome/70.0.3538.110 Safari/537.36"
192.168.1.254 - - [18/Dec/2018:11:45:08 +0700] "GET /sismadak/application/filemanager/action.php?fmContainer=fmCont1&fmMode=getContSettings&preventCache=1545108332478 HTTP/1.1" 200 482 "http://119.110.67.68:8808/sismadak/application/filemanager/filemanager.php" "Mozilla/5.0 (Macintosh; Intel Mac OS X 10_10_5) AppleWebKit/537.36 (KHTML, like Gecko) Chrome/70.0.3538.110 Safari/537.36"
192.168.1.254 - - [18/Dec/2018:11:45:08 +0700] "GET /sismadak/application/filemanager/action.php?fmContainer=fmCont1&fmMode=getUserPerms&preventCache=1545108332526 HTTP/1.1" 200 184 "http://119.110.67.68:8808/sismadak/application/filemanager/filemanager.php" "Mozilla/5.0 (Macintosh; Intel Mac OS X 10_10_5) AppleWebKit/537.36 (KHTML, like Gecko) Chrome/70.0.3538.110 Safari/537.36"
192.168.1.254 - - [18/Dec/2018:11:45:08 +0700] "GET /sismadak/application/filemanager/action.php?fmContainer=fmCont1&fmMode=getMessages&preventCache=1545108332573 HTTP/1.1" 200 1766 "http://119.110.67.68:8808/sismadak/application/filemanager/filemanager.php" "Mozilla/5.0 (Macintosh; Intel Mac OS X 10_10_5) AppleWebKit/537.36 (KHTML, like Gecko) Chrome/70.0.3538.110 Safari/537.36"
192.168.1.254 - - [18/Dec/2018:11:45:08 +0700] "GET /sismadak/application/filemanager/action.php?fmContainer=fmCont1&fmMode=refresh&preventCache=1545108332747 HTTP/1.1" 200 924 "http://119.110.67.68:8808/sismadak/application/filemanager/filemanager.php" "Mozilla/5.0 (Macintosh; Intel Mac OS X 10_10_5) AppleWebKit/537.36 (KHTML, like Gecko) Chrome/70.0.3538.110 Safari/537.36"
192.168.1.254 - - [18/Dec/2018:11:45:08 +0700] "GET /sismadak/application/filemanager/action.php?fmContainer=fmCont1&fmMode=getExplorer&preventCache=1545108332796 HTTP/1.1" 200 358 "http://119.110.67.68:8808/sismadak/application/filemanager/filemanager.php" "Mozilla/5.0 (Macintosh; Intel Mac OS X 10_10_5) AppleWebKit/537.36 (KHTML, like Gecko) Chrome/70.0.3538.110 Safari/537.36"
192.168.1.206 - - [18/Dec/2018:11:45:11 +0700] "GET /sismadak/application/assessment/hospital_assessment_document_upload.php?chapter_id=1&instrument_id=1195&id=3,3 HTTP/1.1" 200 56831 "http://192.168.1.8/sismadak/application/assessment/hospital_assessment_chapter_online.php?chapter_id=1&event_id=3" "Mozilla/5.0 (Windows NT 6.1; WOW64; rv:55.0) Gecko/20100101 Firefox/55.0"
192.168.1.206 - - [18/Dec/2018:11:45:12 +0700] "GET /sismadak/application/assessment/hospital_assessment_document_upload.php?chapter_id=1&instrument_id=1195&id=3,3&grid_id=list1&_search=false&nd=1545108335099&rows=15&jqgrid_page=1&sidx=1&sord=asc HTTP/1.1" 200 35 "http://192.168.1.8/sismadak/application/assessment/hospital_assessment_document_upload.php?chapter_id=1&instrument_id=1195&id=3,3" "Mozilla/5.0 (Windows NT 6.1; WOW64; rv:55.0) Gecko/20100101 Firefox/55.0"
192.168.1.213 - - [18/Dec/2018:11:45:14 +0700] "GET /sismadak/application/assessment/hospital_assessment_chapter_online.php?chapter_id=29&event_id=2&grid_id=list1&_search=false&nd=1545108333605&rows=99999&jqgrid_page=1&sidx=instrument_standard_id+asc%2C+instrument_id&sord=asc HTTP/1.1" 200 87672 "http://192.168.1.8/sismadak/application/assessment/hospital_assessment_chapter_online.php?chapter_id=29&event_id=2" "Mozilla/5.0 (Windows NT 6.1; WOW64; rv:55.0) Gecko/20100101 Firefox/55.0"
192.168.1.213 - - [18/Dec/2018:11:45:19 +0700] "GET /sismadak/lib/js/fancybox/fancybox_sprite.png HTTP/1.1" 200 1362 "http://192.168.1.8/sismadak/lib/js/fancybox/jquery.fancybox.css" "Mozilla/5.0 (Windows NT 6.1; WOW64; rv:55.0) Gecko/20100101 Firefox/55.0"
192.168.1.213 - - [18/Dec/2018:11:45:19 +0700] "GET /sismadak/lib/js/fancybox/fancybox_overlay.png HTTP/1.1" 200 1003 "http://192.168.1.8/sismadak/lib/js/fancybox/jquery.fancybox.css" "Mozilla/5.0 (Windows NT 6.1; WOW64; rv:55.0) Gecko/20100101 Firefox/55.0"
192.168.1.213 - - [18/Dec/2018:11:45:19 +0700] "GET /sismadak/lib/js/fancybox/fancybox_loading.gif HTTP/1.1" 200 3866 "http://192.168.1.8/sismadak/lib/js/fancybox/jquery.fancybox.css" "Mozilla/5.0 (Windows NT 6.1; WOW64; rv:55.0) Gecko/20100101 Firefox/55.0"
192.168.1.213 - - [18/Dec/2018:11:45:19 +0700] "GET /sismadak/application/assessment/hospital_assessment_document_upload.php?chapter_id=29&instrument_id=2339&id=2,2 HTTP/1.1" 200 56835 "http://192.168.1.8/sismadak/application/assessment/hospital_assessment_chapter_online.php?chapter_id=29&event_id=2" "Mozilla/5.0 (Windows NT 6.1; WOW64; rv:55.0) Gecko/20100101 Firefox/55.0"
192.168.1.213 - - [18/Dec/2018:11:45:19 +0700] "GET /sismadak/application/assessment/hospital_assessment_document_upload.php?chapter_id=29&instrument_id=2339&id=2,2&grid_id=list1&_search=false&nd=1545108343896&rows=15&jqgrid_page=1&sidx=1&sord=asc HTTP/1.1" 200 35 "http://192.168.1.8/sismadak/application/assessment/hospital_assessment_document_upload.php?chapter_id=29&instrument_id=2339&id=2,2" "Mozilla/5.0 (Windows NT 6.1; WOW64; rv:55.0) Gecko/20100101 Firefox/55.0"
192.168.1.119 - - [18/Dec/2018:11:45:22 +0700] "POST /sismadak/application/user_management/staff_user_list.php?grid_id=list1 HTTP/1.1" 200 - "http://192.168.1.8/sismadak/application/user_management/staff_user_list.php" "Mozilla/5.0 (Windows NT 10.0; WOW64; rv:49.0) Gecko/20100101 Firefox/49.0"
192.168.1.119 - - [18/Dec/2018:11:45:22 +0700] "GET /sismadak/application/user_management/staff_user_list.php?grid_id=list1&_search=false&nd=1545108353986&rows=50&jqgrid_page=1&sidx=user_id&sord=asc HTTP/1.1" 200 9149 "http://192.168.1.8/sismadak/application/user_management/staff_user_list.php" "Mozilla/5.0 (Windows NT 10.0; WOW64; rv:49.0) Gecko/20100101 Firefox/49.0"
192.168.1.254 - - [18/Dec/2018:11:45:24 +0700] "GET /sismadak/application/assessment/hospital_assessment_reguler_list.php?category_id=4&module_id=4 HTTP/1.1" 200 50056 "http://119.110.67.68:8808/sismadak/menu.php" "Mozilla/5.0 (Macintosh; Intel Mac OS X 10_10_5) AppleWebKit/537.36 (KHTML, like Gecko) Chrome/70.0.3538.110 Safari/537.36"
192.168.1.254 - - [18/Dec/2018:11:45:26 +0700] "GET /sismadak/application/assessment/hospital_assessment_reguler_list.php?category_id=4&module_id=4&grid_id=list1&_search=false&nd=1545108350992&rows=20&jqgrid_page=1&sidx=accreditation_id&sord=desc HTTP/1.1" 200 740 "http://119.110.67.68:8808/sismadak/application/assessment/hospital_assessment_reguler_list.php?category_id=4&module_id=4" "Mozilla/5.0 (Macintosh; Intel Mac OS X 10_10_5) AppleWebKit/537.36 (KHTML, like Gecko) Chrome/70.0.3538.110 Safari/537.36"
169.254.217.95 - - [18/Dec/2018:11:45:32 +0700] "POST /sismadak/application/assessment/hospital_assessment_document_upload.php?chapter_id=17&instrument_id=1238&id=2,2&grid_id=list1 HTTP/1.1" 200 47 "http://192.168.1.8/sismadak/application/assessment/hospital_assessment_document_upload.php?chapter_id=17&instrument_id=1238&id=2,2" "Mozilla/5.0 (Windows NT 10.0; Win64; x64) AppleWebKit/537.36 (KHTML, like Gecko) Chrome/70.0.3538.110 Safari/537.36"
169.254.217.95 - - [18/Dec/2018:11:45:32 +0700] "GET /sismadak/uploads/images.jpg HTTP/1.1" 200 5233 "http://192.168.1.8/sismadak/application/assessment/hospital_assessment_document_upload.php?chapter_id=17&instrument_id=1238&id=2,2" "Mozilla/5.0 (Windows NT 10.0; Win64; x64) AppleWebKit/537.36 (KHTML, like Gecko) Chrome/70.0.3538.110 Safari/537.36"
192.168.1.119 - - [18/Dec/2018:11:45:32 +0700] "GET /sismadak/logout.php HTTP/1.1" 302 - "http://192.168.1.8/sismadak/menu.php" "Mozilla/5.0 (Windows NT 10.0; WOW64; rv:49.0) Gecko/20100101 Firefox/49.0"
192.168.1.119 - - [18/Dec/2018:11:45:32 +0700] "GET /sismadak/index.php HTTP/1.1" 200 2947 "http://192.168.1.8/sismadak/menu.php" "Mozilla/5.0 (Windows NT 10.0; WOW64; rv:49.0) Gecko/20100101 Firefox/49.0"
192.168.1.144 - - [18/Dec/2018:11:45:32 +0700] "GET /sismadak/lib/js/fancybox/fancybox_overlay.png HTTP/1.1" 200 1003 "http://192.168.1.8/sismadak/lib/js/fancybox/jquery.fancybox.css" "Mozilla/5.0 (Windows NT 6.3; WOW64) AppleWebKit/537.36 (KHTML, like Gecko) Chrome/69.0.3497.100 Safari/537.36"
192.168.1.144 - - [18/Dec/2018:11:45:32 +0700] "GET /sismadak/lib/js/fancybox/fancybox_sprite.png HTTP/1.1" 200 1362 "http://192.168.1.8/sismadak/lib/js/fancybox/jquery.fancybox.css" "Mozilla/5.0 (Windows NT 6.3; WOW64) AppleWebKit/537.36 (KHTML, like Gecko) Chrome/69.0.3497.100 Safari/537.36"
192.168.1.144 - - [18/Dec/2018:11:45:32 +0700] "GET /sismadak/lib/js/fancybox/fancybox_loading.gif HTTP/1.1" 200 3866 "http://192.168.1.8/sismadak/lib/js/fancybox/jquery.fancybox.css" "Mozilla/5.0 (Windows NT 6.3; WOW64) AppleWebKit/537.36 (KHTML, like Gecko) Chrome/69.0.3497.100 Safari/537.36"
192.168.1.144 - - [18/Dec/2018:11:45:32 +0700] "GET /sismadak/application/assessment/hospital_assessment_document_upload.php?chapter_id=17&instrument_id=1238&id=2,2 HTTP/1.1" 200 56835 "http://192.168.1.8/sismadak/application/assessment/hospital_assessment_chapter_online.php?chapter_id=17&event_id=2" "Mozilla/5.0 (Windows NT 6.3; WOW64) AppleWebKit/537.36 (KHTML, like Gecko) Chrome/69.0.3497.100 Safari/537.36"
192.168.1.254 - - [18/Dec/2018:11:45:33 +0700] "GET /sismadak/application/assessment/hospital_assessment_chapter.php?event_id=2&category_id=4 HTTP/1.1" 200 46212 "http://119.110.67.68:8808/sismadak/application/assessment/hospital_assessment_reguler_list.php?category_id=4&module_id=4" "Mozilla/5.0 (Macintosh; Intel Mac OS X 10_10_5) AppleWebKit/537.36 (KHTML, like Gecko) Chrome/70.0.3538.110 Safari/537.36"
192.168.1.144 - - [18/Dec/2018:11:45:33 +0700] "GET /sismadak/application/assessment/hospital_assessment_document_upload.php?chapter_id=17&instrument_id=1238&id=2,2&grid_id=list1&_search=false&nd=1545108478317&rows=15&jqgrid_page=1&sidx=1&sord=asc HTTP/1.1" 200 35 "http://192.168.1.8/sismadak/application/assessment/hospital_assessment_document_upload.php?chapter_id=17&instrument_id=1238&id=2,2" "Mozilla/5.0 (Windows NT 6.3; WOW64) AppleWebKit/537.36 (KHTML, like Gecko) Chrome/69.0.3497.100 Safari/537.36"
192.168.1.254 - - [18/Dec/2018:11:45:37 +0700] "GET /sismadak/application/assessment/hospital_assessment_chapter.php?event_id=2&category_id=4&grid_id=list1&_search=false&nd=1545108361565&rows=20&jqgrid_page=1&sidx=chapter_id&sord=asc HTTP/1.1" 200 6090 "http://119.110.67.68:8808/sismadak/application/assessment/hospital_assessment_chapter.php?event_id=2&category_id=4" "Mozilla/5.0 (Macintosh; Intel Mac OS X 10_10_5) AppleWebKit/537.36 (KHTML, like Gecko) Chrome/70.0.3538.110 Safari/537.36"
192.168.1.219 - - [18/Dec/2018:11:45:42 +0700] "POST /sismadak/application/assessment/hospital_assessment_document_upload.php?chapter_id=17&instrument_id=1238&id=2,2&grid_id=list1 HTTP/1.1" 200 71 "http://192.168.1.8/sismadak/application/assessment/hospital_assessment_document_upload.php?chapter_id=17&instrument_id=1238&id=2,2" "Mozilla/5.0 (Windows NT 6.1; rv:64.0) Gecko/20100101 Firefox/64.0"
192.168.1.254 - - [18/Dec/2018:11:45:49 +0700] "GET /sismadak/application/assessment/hospital_assessment_chapter_online.php?chapter_id=17&event_id=2 HTTP/1.1" 200 54032 "http://119.110.67.68:8808/sismadak/application/assessment/hospital_assessment_chapter.php?event_id=2&category_id=4" "Mozilla/5.0 (Macintosh; Intel Mac OS X 10_10_5) AppleWebKit/537.36 (KHTML, like Gecko) Chrome/70.0.3538.110 Safari/537.36"
192.168.1.229 - - [18/Dec/2018:11:45:50 +0700] "GET /sismadak/application/assessment/hospital_assessment_reguler_list.php?category_id=4&module_id=4 HTTP/1.1" 200 50021 "http://192.168.1.8/sismadak/menu.php" "Mozilla/5.0 (Windows NT 6.1; Win64; x64; rv:57.0) Gecko/20100101 Firefox/57.0"
192.168.1.229 - - [18/Dec/2018:11:45:50 +0700] "GET /sismadak/application/assessment/hospital_assessment_reguler_list.php?category_id=4&module_id=4&grid_id=list1&_search=false&nd=1545108374039&rows=20&jqgrid_page=1&sidx=accreditation_id&sord=desc HTTP/1.1" 200 740 "http://192.168.1.8/sismadak/application/assessment/hospital_assessment_reguler_list.php?category_id=4&module_id=4" "Mozilla/5.0 (Windows NT 6.1; Win64; x64; rv:57.0) Gecko/20100101 Firefox/57.0"
192.168.1.153 - - [18/Dec/2018:11:45:52 +0700] "POST /sismadak/application/assessment/hospital_assessment_document_upload.php?chapter_id=23&instrument_id=1790&id=2,2&grid_id=list1 HTTP/1.1" 200 48 "http://192.168.1.8/sismadak/application/assessment/hospital_assessment_document_upload.php?chapter_id=23&instrument_id=1790&id=2,2" "Mozilla/5.0 (Windows NT 6.3; WOW64; rv:64.0) Gecko/20100101 Firefox/64.0"
