192.168.1.153 - - [18/Dec/2018:10:53:18 +0700] "GET /sismadak/lib/js/themes/redmond/images/ui-bg_glass_75_d0e5f5_1x400.png HTTP/1.1" 200 388 "http://192.168.1.8/sismadak/lib/js/themes/redmond/jquery-ui.custom.css" "Mozilla/5.0 (Windows NT 6.3; WOW64; rv:64.0) Gecko/20100101 Firefox/64.0"
192.168.1.215 - - [18/Dec/2018:10:53:18 +0700] "GET /sismadak/application/assessment/hospital_assessment_reguler_list.php?category_id=4&module_id=4 HTTP/1.1" 200 50021 "http://192.168.1.8/sismadak/menu.php" "Mozilla/5.0 (Windows NT 6.1; WOW64; rv:63.0) Gecko/20100101 Firefox/63.0"
192.168.1.153 - - [18/Dec/2018:10:53:19 +0700] "GET /sismadak/application/assessment/hospital_assessment_chapter.php?event_id=1&category_id=4 HTTP/1.1" 200 46177 "http://192.168.1.8/sismadak/application/assessment/hospital_assessment_reguler_list.php?category_id=4&module_id=4" "Mozilla/5.0 (Windows NT 6.3; WOW64; rv:64.0) Gecko/20100101 Firefox/64.0"
192.168.1.215 - - [18/Dec/2018:10:53:19 +0700] "GET /sismadak/application/assessment/hospital_assessment_reguler_list.php?category_id=4&module_id=4&grid_id=list1&_search=false&nd=1545105224057&rows=20&jqgrid_page=1&sidx=accreditation_id&sord=desc HTTP/1.1" 200 743 "http://192.168.1.8/sismadak/application/assessment/hospital_assessment_reguler_list.php?category_id=4&module_id=4" "Mozilla/5.0 (Windows NT 6.1; WOW64; rv:63.0) Gecko/20100101 Firefox/63.0"
192.168.1.153 - - [18/Dec/2018:10:53:20 +0700] "GET /sismadak/application/assessment/hospital_assessment_chapter.php?event_id=1&category_id=4 HTTP/1.1" 200 46177 "http://192.168.1.8/sismadak/application/assessment/hospital_assessment_reguler_list.php?category_id=4&module_id=4" "Mozilla/5.0 (Windows NT 6.3; WOW64; rv:64.0) Gecko/20100101 Firefox/64.0"
192.168.1.153 - - [18/Dec/2018:10:53:20 +0700] "GET /sismadak/application/assessment/hospital_assessment_chapter.php?event_id=1&category_id=4&grid_id=list1&_search=false&nd=1545105227663&rows=20&jqgrid_page=1&sidx=chapter_id&sord=asc HTTP/1.1" 200 5789 "http://192.168.1.8/sismadak/application/assessment/hospital_assessment_chapter.php?event_id=1&category_id=4" "Mozilla/5.0 (Windows NT 6.3; WOW64; rv:64.0) Gecko/20100101 Firefox/64.0"
192.168.1.215 - - [18/Dec/2018:10:53:22 +0700] "GET /sismadak/application/assessment/hospital_assessment_chapter.php?event_id=1&category_id=4 HTTP/1.1" 200 46177 "http://192.168.1.8/sismadak/application/assessment/hospital_assessment_reguler_list.php?category_id=4&module_id=4" "Mozilla/5.0 (Windows NT 6.1; WOW64; rv:63.0) Gecko/20100101 Firefox/63.0"
192.168.1.215 - - [18/Dec/2018:10:53:23 +0700] "GET /sismadak/application/assessment/hospital_assessment_chapter.php?event_id=1&category_id=4&grid_id=list1&_search=false&nd=1545105227618&rows=20&jqgrid_page=1&sidx=chapter_id&sord=asc HTTP/1.1" 200 5789 "http://192.168.1.8/sismadak/application/assessment/hospital_assessment_chapter.php?event_id=1&category_id=4" "Mozilla/5.0 (Windows NT 6.1; WOW64; rv:63.0) Gecko/20100101 Firefox/63.0"
192.168.1.203 - - [18/Dec/2018:10:53:27 +0700] "GET /sismadak/application/assessment/hospital_assessment_chapter.php?event_id=1&category_id=4 HTTP/1.1" 200 46177 "http://192.168.1.8/sismadak/application/assessment/hospital_assessment_reguler_list.php?category_id=4&module_id=4" "Mozilla/5.0 (Windows NT 6.1; WOW64; rv:56.0) Gecko/20100101 Firefox/56.0"
192.168.1.229 - - [18/Dec/2018:10:53:28 +0700] "GET /sismadak/application/assessment/hospital_assessment_reguler_list.php?category_id=4&module_id=4 HTTP/1.1" 200 50021 "http://192.168.1.8/sismadak/menu.php" "Mozilla/5.0 (Windows NT 6.1; WOW64; rv:56.0) Gecko/20100101 Firefox/56.0"
192.168.1.203 - - [18/Dec/2018:10:53:28 +0700] "GET /sismadak/application/assessment/hospital_assessment_chapter.php?event_id=1&category_id=4&grid_id=list1&_search=false&nd=1545130547430&rows=20&jqgrid_page=1&sidx=chapter_id&sord=asc HTTP/1.1" 200 5789 "http://192.168.1.8/sismadak/application/assessment/hospital_assessment_chapter.php?event_id=1&category_id=4" "Mozilla/5.0 (Windows NT 6.1; WOW64; rv:56.0) Gecko/20100101 Firefox/56.0"
192.168.1.213 - - [18/Dec/2018:10:53:28 +0700] "GET /sismadak/application/assessment/hospital_assessment_reguler_list.php?category_id=4&module_id=4 HTTP/1.1" 200 50021 "http://192.168.1.8/sismadak/menu.php" "Mozilla/5.0 (Windows NT 6.1; WOW64; rv:55.0) Gecko/20100101 Firefox/55.0"
192.168.1.213 - - [18/Dec/2018:10:53:28 +0700] "GET /sismadak/lib/js/themes/redmond/jquery-ui.custom.css HTTP/1.1" 200 27202 "http://192.168.1.8/sismadak/application/assessment/hospital_assessment_reguler_list.php?category_id=4&module_id=4" "Mozilla/5.0 (Windows NT 6.1; WOW64; rv:55.0) Gecko/20100101 Firefox/55.0"
192.168.1.213 - - [18/Dec/2018:10:53:28 +0700] "GET /sismadak/lib/js/jqgrid/css/ui.jqgrid.css HTTP/1.1" 200 43855 "http://192.168.1.8/sismadak/application/assessment/hospital_assessment_reguler_list.php?category_id=4&module_id=4" "Mozilla/5.0 (Windows NT 6.1; WOW64; rv:55.0) Gecko/20100101 Firefox/55.0"
192.168.1.213 - - [18/Dec/2018:10:53:28 +0700] "GET /sismadak/lib/js/jqgrid/js/i18n/grid.locale-en.js HTTP/1.1" 200 7078 "http://192.168.1.8/sismadak/application/assessment/hospital_assessment_reguler_list.php?category_id=4&module_id=4" "Mozilla/5.0 (Windows NT 6.1; WOW64; rv:55.0) Gecko/20100101 Firefox/55.0"
192.168.1.213 - - [18/Dec/2018:10:53:28 +0700] "GET /sismadak/lib/js/multiselect-widget/jquery.multiselect.css HTTP/1.1" 200 1601 "http://192.168.1.8/sismadak/application/assessment/hospital_assessment_reguler_list.php?category_id=4&module_id=4" "Mozilla/5.0 (Windows NT 6.1; WOW64; rv:55.0) Gecko/20100101 Firefox/55.0"
192.168.1.213 - - [18/Dec/2018:10:53:28 +0700] "GET /sismadak/lib/js/jqgrid/js/jquery.jqGrid.min.js HTTP/1.1" 200 281773 "http://192.168.1.8/sismadak/application/assessment/hospital_assessment_reguler_list.php?category_id=4&module_id=4" "Mozilla/5.0 (Windows NT 6.1; WOW64; rv:55.0) Gecko/20100101 Firefox/55.0"
192.168.1.213 - - [18/Dec/2018:10:53:28 +0700] "GET /sismadak/lib/js/themes/jquery-ui.custom.min.js HTTP/1.1" 200 267968 "http://192.168.1.8/sismadak/application/assessment/hospital_assessment_reguler_list.php?category_id=4&module_id=4" "Mozilla/5.0 (Windows NT 6.1; WOW64; rv:55.0) Gecko/20100101 Firefox/55.0"
192.168.1.213 - - [18/Dec/2018:10:53:28 +0700] "GET /sismadak/lib/js/multiselect-widget/jquery.multiselect.filter.css HTTP/1.1" 200 326 "http://192.168.1.8/sismadak/application/assessment/hospital_assessment_reguler_list.php?category_id=4&module_id=4" "Mozilla/5.0 (Windows NT 6.1; WOW64; rv:55.0) Gecko/20100101 Firefox/55.0"
192.168.1.213 - - [18/Dec/2018:10:53:28 +0700] "GET /sismadak/lib/js/multiselect-widget/jquery.multiselect.js HTTP/1.1" 200 22081 "http://192.168.1.8/sismadak/application/assessment/hospital_assessment_reguler_list.php?category_id=4&module_id=4" "Mozilla/5.0 (Windows NT 6.1; WOW64; rv:55.0) Gecko/20100101 Firefox/55.0"
192.168.1.213 - - [18/Dec/2018:10:53:28 +0700] "GET /sismadak/lib/js/fancybox/jquery.fancybox.css HTTP/1.1" 200 4388 "http://192.168.1.8/sismadak/application/assessment/hospital_assessment_reguler_list.php?category_id=4&module_id=4" "Mozilla/5.0 (Windows NT 6.1; WOW64; rv:55.0) Gecko/20100101 Firefox/55.0"
192.168.1.213 - - [18/Dec/2018:10:53:28 +0700] "GET /sismadak/lib/js/multiselect-widget/jquery.multiselect.filter.js HTTP/1.1" 200 5435 "http://192.168.1.8/sismadak/application/assessment/hospital_assessment_reguler_list.php?category_id=4&module_id=4" "Mozilla/5.0 (Windows NT 6.1; WOW64; rv:55.0) Gecko/20100101 Firefox/55.0"
192.168.1.213 - - [18/Dec/2018:10:53:28 +0700] "GET /sismadak/lib/js/fancybox/jquery.fancybox.js HTTP/1.1" 200 49744 "http://192.168.1.8/sismadak/application/assessment/hospital_assessment_reguler_list.php?category_id=4&module_id=4" "Mozilla/5.0 (Windows NT 6.1; WOW64; rv:55.0) Gecko/20100101 Firefox/55.0"
192.168.1.229 - - [18/Dec/2018:10:53:28 +0700] "GET /sismadak/application/assessment/hospital_assessment_reguler_list.php?category_id=4&module_id=4&grid_id=list1&_search=false&nd=1545105231726&rows=20&jqgrid_page=1&sidx=accreditation_id&sord=desc HTTP/1.1" 200 743 "http://192.168.1.8/sismadak/application/assessment/hospital_assessment_reguler_list.php?category_id=4&module_id=4" "Mozilla/5.0 (Windows NT 6.1; WOW64; rv:56.0) Gecko/20100101 Firefox/56.0"
192.168.1.213 - - [18/Dec/2018:10:53:29 +0700] "GET /sismadak/lib/js/themes/redmond/images/ui-bg_inset-hard_100_fcfdfd_1x100.png HTTP/1.1" 200 344 "http://192.168.1.8/sismadak/lib/js/themes/redmond/jquery-ui.custom.css" "Mozilla/5.0 (Windows NT 6.1; WOW64; rv:55.0) Gecko/20100101 Firefox/55.0"
192.168.1.213 - - [18/Dec/2018:10:53:29 +0700] "GET /sismadak/lib/js/themes/redmond/images/ui-bg_glass_85_dfeffc_1x400.png HTTP/1.1" 200 393 "http://192.168.1.8/sismadak/lib/js/themes/redmond/jquery-ui.custom.css" "Mozilla/5.0 (Windows NT 6.1; WOW64; rv:55.0) Gecko/20100101 Firefox/55.0"
192.168.1.213 - - [18/Dec/2018:10:53:29 +0700] "GET /sismadak/lib/js/themes/redmond/images/ui-bg_gloss-wave_55_5c9ccc_500x100.png HTTP/1.1" 200 5876 "http://192.168.1.8/sismadak/lib/js/themes/redmond/jquery-ui.custom.css" "Mozilla/5.0 (Windows NT 6.1; WOW64; rv:55.0) Gecko/20100101 Firefox/55.0"
192.168.1.213 - - [18/Dec/2018:10:53:29 +0700] "GET /sismadak/lib/js/jqgrid/css/fonts/jquery-ui.woff?jquf1.4.1 HTTP/1.1" 200 53096 "http://192.168.1.8/sismadak/lib/js/jqgrid/css/ui.jqgrid.css" "Mozilla/5.0 (Windows NT 6.1; WOW64; rv:55.0) Gecko/20100101 Firefox/55.0"
192.168.1.213 - - [18/Dec/2018:10:53:29 +0700] "GET /sismadak/lib/js/themes/redmond/images/ui-bg_inset-hard_100_f5f8f9_1x100.png HTTP/1.1" 200 385 "http://192.168.1.8/sismadak/lib/js/themes/redmond/jquery-ui.custom.css" "Mozilla/5.0 (Windows NT 6.1; WOW64; rv:55.0) Gecko/20100101 Firefox/55.0"
192.168.1.213 - - [18/Dec/2018:10:53:29 +0700] "GET /sismadak/application/assessment/hospital_assessment_reguler_list.php?category_id=4&module_id=4&grid_id=list1&_search=false&nd=1545105233544&rows=20&jqgrid_page=1&sidx=accreditation_id&sord=desc HTTP/1.1" 200 743 "http://192.168.1.8/sismadak/application/assessment/hospital_assessment_reguler_list.php?category_id=4&module_id=4" "Mozilla/5.0 (Windows NT 6.1; WOW64; rv:55.0) Gecko/20100101 Firefox/55.0"
192.168.1.218 - - [18/Dec/2018:10:53:29 +0700] "GET /sismadak/lib/js/fancybox/fancybox_sprite.png HTTP/1.1" 200 1362 "http://192.168.1.8/sismadak/lib/js/fancybox/jquery.fancybox.css" "Mozilla/5.0 (Windows NT 6.1; Win64; x64) AppleWebKit/537.36 (KHTML, like Gecko) Chrome/71.0.3578.98 Safari/537.36"
192.168.1.218 - - [18/Dec/2018:10:53:29 +0700] "GET /sismadak/lib/js/fancybox/fancybox_loading.gif HTTP/1.1" 200 3866 "http://192.168.1.8/sismadak/lib/js/fancybox/jquery.fancybox.css" "Mozilla/5.0 (Windows NT 6.1; Win64; x64) AppleWebKit/537.36 (KHTML, like Gecko) Chrome/71.0.3578.98 Safari/537.36"
192.168.1.218 - - [18/Dec/2018:10:53:29 +0700] "GET /sismadak/lib/js/fancybox/fancybox_overlay.png HTTP/1.1" 200 1003 "http://192.168.1.8/sismadak/lib/js/fancybox/jquery.fancybox.css" "Mozilla/5.0 (Windows NT 6.1; Win64; x64) AppleWebKit/537.36 (KHTML, like Gecko) Chrome/71.0.3578.98 Safari/537.36"
192.168.1.218 - - [18/Dec/2018:10:53:29 +0700] "GET /sismadak/application/assessment/hospital_assessment_document_upload.php?chapter_id=15&instrument_id=896&id=1,1 HTTP/1.1" 200 56827 "http://192.168.1.8/sismadak/application/assessment/hospital_assessment_chapter_online.php?chapter_id=15&event_id=1" "Mozilla/5.0 (Windows NT 6.1; Win64; x64) AppleWebKit/537.36 (KHTML, like Gecko) Chrome/71.0.3578.98 Safari/537.36"
192.168.1.40 - - [18/Dec/2018:10:53:30 +0700] "GET /sismadak/application/assessment/hospital_assessment_chapter_online.php?chapter_id=15&event_id=1 HTTP/1.1" 200 60977 "http://192.168.1.8/sismadak/application/assessment/hospital_assessment_chapter.php?event_id=1&category_id=4" "Mozilla/5.0 (Windows NT 6.1) AppleWebKit/537.36 (KHTML, like Gecko) Chrome/70.0.3538.110 Safari/537.36"
192.168.1.213 - - [18/Dec/2018:10:53:31 +0700] "GET /sismadak/lib/js/themes/redmond/images/ui-bg_glass_75_d0e5f5_1x400.png HTTP/1.1" 200 388 "http://192.168.1.8/sismadak/lib/js/themes/redmond/jquery-ui.custom.css" "Mozilla/5.0 (Windows NT 6.1; WOW64; rv:55.0) Gecko/20100101 Firefox/55.0"
192.168.1.40 - - [18/Dec/2018:10:53:31 +0700] "GET /sismadak/application/assessment/hospital_assessment_chapter_online.php?chapter_id=15&event_id=1&grid_id=list1&_search=false&nd=1544165665477&rows=20&jqgrid_page=1&sidx=instrument_standard_id+asc%2C+instrument_id&sord=asc HTTP/1.1" 200 17265 "http://192.168.1.8/sismadak/application/assessment/hospital_assessment_chapter_online.php?chapter_id=15&event_id=1" "Mozilla/5.0 (Windows NT 6.1) AppleWebKit/537.36 (KHTML, like Gecko) Chrome/70.0.3538.110 Safari/537.36"
192.168.1.218 - - [18/Dec/2018:10:53:32 +0700] "GET /sismadak/application/assessment/hospital_assessment_document_upload.php?chapter_id=15&instrument_id=896&id=1,1&grid_id=list1&_search=false&nd=1545105244080&rows=15&jqgrid_page=1&sidx=1&sord=asc HTTP/1.1" 200 35 "http://192.168.1.8/sismadak/application/assessment/hospital_assessment_document_upload.php?chapter_id=15&instrument_id=896&id=1,1" "Mozilla/5.0 (Windows NT 6.1; Win64; x64) AppleWebKit/537.36 (KHTML, like Gecko) Chrome/71.0.3578.98 Safari/537.36"
192.168.1.229 - - [18/Dec/2018:10:53:36 +0700] "GET /sismadak/lib/js/themes/redmond/images/ui-bg_flat_55_fbec88_40x100.png HTTP/1.1" 200 274 "http://192.168.1.8/sismadak/lib/js/themes/redmond/jquery-ui.custom.css" "Mozilla/5.0 (Windows NT 6.1; WOW64; rv:56.0) Gecko/20100101 Firefox/56.0"
192.168.1.121 - - [18/Dec/2018:10:53:36 +0700] "GET /sismadak/index.php HTTP/1.1" 302 - "http://192.168.1.8/sismadak/menu.php" "Mozilla/5.0 (Windows NT 6.3; Win64; x64) AppleWebKit/537.36 (KHTML, like Gecko) Chrome/71.0.3578.98 Safari/537.36"
192.168.1.121 - - [18/Dec/2018:10:53:36 +0700] "GET /sismadak/menu.php HTTP/1.1" 200 6538 "http://192.168.1.8/sismadak/menu.php" "Mozilla/5.0 (Windows NT 6.3; Win64; x64) AppleWebKit/537.36 (KHTML, like Gecko) Chrome/71.0.3578.98 Safari/537.36"
192.168.1.121 - - [18/Dec/2018:10:53:36 +0700] "GET /sismadak/application/report/dashboard.php HTTP/1.1" 200 20734 "http://192.168.1.8/sismadak/menu.php" "Mozilla/5.0 (Windows NT 6.3; Win64; x64) AppleWebKit/537.36 (KHTML, like Gecko) Chrome/71.0.3578.98 Safari/537.36"
192.168.1.215 - - [18/Dec/2018:10:53:43 +0700] "GET /sismadak/application/assessment/hospital_assessment_chapter_online.php?chapter_id=14&event_id=1 HTTP/1.1" 200 60977 "http://192.168.1.8/sismadak/application/assessment/hospital_assessment_chapter.php?event_id=1&category_id=4" "Mozilla/5.0 (Windows NT 6.1; WOW64; rv:63.0) Gecko/20100101 Firefox/63.0"
192.168.1.215 - - [18/Dec/2018:10:53:44 +0700] "GET /sismadak/application/assessment/hospital_assessment_chapter_online.php?chapter_id=14&event_id=1&grid_id=list1&_search=false&nd=1545105249028&rows=20&jqgrid_page=1&sidx=instrument_standard_id+asc%2C+instrument_id&sord=asc HTTP/1.1" 200 18295 "http://192.168.1.8/sismadak/application/assessment/hospital_assessment_chapter_online.php?chapter_id=14&event_id=1" "Mozilla/5.0 (Windows NT 6.1; WOW64; rv:63.0) Gecko/20100101 Firefox/63.0"
192.168.1.203 - - [18/Dec/2018:10:53:47 +0700] "GET /sismadak/lib/js/themes/redmond/images/ui-bg_flat_55_fbec88_40x100.png HTTP/1.1" 200 274 "http://192.168.1.8/sismadak/lib/js/themes/redmond/jquery-ui.custom.css" "Mozilla/5.0 (Windows NT 6.1; WOW64; rv:56.0) Gecko/20100101 Firefox/56.0"
192.168.1.203 - - [18/Dec/2018:10:53:49 +0700] "GET /sismadak/application/assessment/hospital_assessment_chapter_online.php?chapter_id=8&event_id=1 HTTP/1.1" 200 60972 "http://192.168.1.8/sismadak/application/assessment/hospital_assessment_chapter.php?event_id=1&category_id=4" "Mozilla/5.0 (Windows NT 6.1; WOW64; rv:56.0) Gecko/20100101 Firefox/56.0"
192.168.1.203 - - [18/Dec/2018:10:53:50 +0700] "GET /sismadak/application/assessment/hospital_assessment_chapter_online.php?chapter_id=8&event_id=1&grid_id=list1&_search=false&nd=1545130569434&rows=20&jqgrid_page=1&sidx=instrument_standard_id+asc%2C+instrument_id&sord=asc HTTP/1.1" 200 16566 "http://192.168.1.8/sismadak/application/assessment/hospital_assessment_chapter_online.php?chapter_id=8&event_id=1" "Mozilla/5.0 (Windows NT 6.1; WOW64; rv:56.0) Gecko/20100101 Firefox/56.0"
192.168.1.228 - - [18/Dec/2018:10:54:02 +0700] "GET /sismadak/application/resident/resident_profile.php HTTP/1.1" 200 100334 "http://192.168.1.8/sismadak/menu.php" "Mozilla/5.0 (Windows NT 6.1; WOW64; rv:55.0) Gecko/20100101 Firefox/55.0"
192.168.1.228 - - [18/Dec/2018:10:54:03 +0700] "GET /sismadak/application/resident/resident_profile.php?grid_id=list1&_search=false&nd=1545105267096&rows=20&jqgrid_page=1&sidx=1&sord=asc HTTP/1.1" 200 35 "http://192.168.1.8/sismadak/application/resident/resident_profile.php" "Mozilla/5.0 (Windows NT 6.1; WOW64; rv:55.0) Gecko/20100101 Firefox/55.0"
192.168.1.215 - - [18/Dec/2018:10:54:06 +0700] "GET /sismadak/lib/js/fancybox/fancybox_overlay.png HTTP/1.1" 200 1003 "http://192.168.1.8/sismadak/lib/js/fancybox/jquery.fancybox.css" "Mozilla/5.0 (Windows NT 6.1; WOW64; rv:63.0) Gecko/20100101 Firefox/63.0"
192.168.1.215 - - [18/Dec/2018:10:54:07 +0700] "GET /sismadak/lib/js/fancybox/fancybox_loading.gif HTTP/1.1" 200 3866 "http://192.168.1.8/sismadak/lib/js/fancybox/jquery.fancybox.css" "Mozilla/5.0 (Windows NT 6.1; WOW64; rv:63.0) Gecko/20100101 Firefox/63.0"
192.168.1.215 - - [18/Dec/2018:10:54:07 +0700] "GET /sismadak/lib/js/fancybox/fancybox_sprite.png HTTP/1.1" 200 1362 "http://192.168.1.8/sismadak/lib/js/fancybox/jquery.fancybox.css" "Mozilla/5.0 (Windows NT 6.1; WOW64; rv:63.0) Gecko/20100101 Firefox/63.0"
192.168.1.215 - - [18/Dec/2018:10:54:06 +0700] "GET /sismadak/application/assessment/hospital_assessment_document_upload.php?chapter_id=14&instrument_id=798&id=1,1 HTTP/1.1" 200 56827 "http://192.168.1.8/sismadak/application/assessment/hospital_assessment_chapter_online.php?chapter_id=14&event_id=1" "Mozilla/5.0 (Windows NT 6.1; WOW64; rv:63.0) Gecko/20100101 Firefox/63.0"
192.168.1.215 - - [18/Dec/2018:10:54:08 +0700] "GET /sismadak/application/assessment/hospital_assessment_document_upload.php?chapter_id=14&instrument_id=798&id=1,1&grid_id=list1&_search=false&nd=1545105272385&rows=15&jqgrid_page=1&sidx=1&sord=asc HTTP/1.1" 200 35 "http://192.168.1.8/sismadak/application/assessment/hospital_assessment_document_upload.php?chapter_id=14&instrument_id=798&id=1,1" "Mozilla/5.0 (Windows NT 6.1; WOW64; rv:63.0) Gecko/20100101 Firefox/63.0"
192.168.1.213 - - [18/Dec/2018:10:54:08 +0700] "GET /sismadak/application/assessment/hospital_assessment_reguler_list.php?category_id=4&module_id=4&grid_id=list1&_search=false&nd=1545105272563&rows=20&jqgrid_page=1&sidx=event_result&sord=asc HTTP/1.1" 500 65 "http://192.168.1.8/sismadak/application/assessment/hospital_assessment_reguler_list.php?category_id=4&module_id=4" "Mozilla/5.0 (Windows NT 6.1; WOW64; rv:55.0) Gecko/20100101 Firefox/55.0"
192.168.1.213 - - [18/Dec/2018:10:54:08 +0700] "GET /sismadak/lib/js/themes/redmond/images/ui-bg_glass_95_fef1ec_1x400.png HTTP/1.1" 200 384 "http://192.168.1.8/sismadak/lib/js/themes/redmond/jquery-ui.custom.css" "Mozilla/5.0 (Windows NT 6.1; WOW64; rv:55.0) Gecko/20100101 Firefox/55.0"
169.254.217.95 - - [18/Dec/2018:10:54:10 +0700] "GET /sismadak/application/patient_safety/patient_safety_incident.php HTTP/1.1" 200 68802 "http://192.168.1.8/sismadak/menu.php" "Mozilla/5.0 (Windows NT 10.0; Win64; x64) AppleWebKit/537.36 (KHTML, like Gecko) Chrome/70.0.3538.110 Safari/537.36"
169.254.217.95 - - [18/Dec/2018:10:54:11 +0700] "GET /sismadak/lib/js/ckeditor/ckeditor.js HTTP/1.1" 200 477165 "http://192.168.1.8/sismadak/application/patient_safety/patient_safety_incident.php" "Mozilla/5.0 (Windows NT 10.0; Win64; x64) AppleWebKit/537.36 (KHTML, like Gecko) Chrome/70.0.3538.110 Safari/537.36"
169.254.217.95 - - [18/Dec/2018:10:54:11 +0700] "GET /sismadak/application/patient_safety/patient_safety_incident.php?grid_id=list1&_search=false&nd=1545105273880&rows=5&jqgrid_page=1&sidx=incident_id&sord=asc HTTP/1.1" 200 42 "http://192.168.1.8/sismadak/application/patient_safety/patient_safety_incident.php" "Mozilla/5.0 (Windows NT 10.0; Win64; x64) AppleWebKit/537.36 (KHTML, like Gecko) Chrome/70.0.3538.110 Safari/537.36"
192.168.1.228 - - [18/Dec/2018:10:54:13 +0700] "GET /sismadak/index.php HTTP/1.1" 302 - "http://192.168.1.8/sismadak/menu.php" "Mozilla/5.0 (Windows NT 6.1; WOW64; rv:55.0) Gecko/20100101 Firefox/55.0"
192.168.1.228 - - [18/Dec/2018:10:54:13 +0700] "GET /sismadak/menu.php HTTP/1.1" 200 6541 "http://192.168.1.8/sismadak/menu.php" "Mozilla/5.0 (Windows NT 6.1; WOW64; rv:55.0) Gecko/20100101 Firefox/55.0"
192.168.1.228 - - [18/Dec/2018:10:54:13 +0700] "GET /sismadak/application/report/dashboard.php HTTP/1.1" 200 20734 "http://192.168.1.8/sismadak/menu.php" "Mozilla/5.0 (Windows NT 6.1; WOW64; rv:55.0) Gecko/20100101 Firefox/55.0"
192.168.1.219 - - [18/Dec/2018:10:54:13 +0700] "GET /sismadak/lib/js/fancybox/fancybox_loading.gif HTTP/1.1" 200 3866 "http://192.168.1.8/sismadak/lib/js/fancybox/jquery.fancybox.css" "Mozilla/5.0 (Windows NT 6.1; rv:64.0) Gecko/20100101 Firefox/64.0"
192.168.1.219 - - [18/Dec/2018:10:54:14 +0700] "GET /sismadak/lib/js/fancybox/fancybox_overlay.png HTTP/1.1" 200 1003 "http://192.168.1.8/sismadak/lib/js/fancybox/jquery.fancybox.css" "Mozilla/5.0 (Windows NT 6.1; rv:64.0) Gecko/20100101 Firefox/64.0"
192.168.1.219 - - [18/Dec/2018:10:54:14 +0700] "GET /sismadak/lib/js/fancybox/fancybox_sprite.png HTTP/1.1" 200 1362 "http://192.168.1.8/sismadak/lib/js/fancybox/jquery.fancybox.css" "Mozilla/5.0 (Windows NT 6.1; rv:64.0) Gecko/20100101 Firefox/64.0"
192.168.1.219 - - [18/Dec/2018:10:54:13 +0700] "GET /sismadak/application/assessment/hospital_assessment_document_upload.php?chapter_id=1&instrument_id=1195&id=1,1 HTTP/1.1" 200 56828 "http://192.168.1.8/sismadak/application/assessment/hospital_assessment_chapter_online.php?chapter_id=1&event_id=1" "Mozilla/5.0 (Windows NT 6.1; rv:64.0) Gecko/20100101 Firefox/64.0"
169.254.217.95 - - [18/Dec/2018:10:54:15 +0700] "GET /sismadak/application/hospital_survey/survey_indicator_progress.php?cat=1 HTTP/1.1" 200 130829 "http://192.168.1.8/sismadak/menu.php" "Mozilla/5.0 (Windows NT 10.0; Win64; x64) AppleWebKit/537.36 (KHTML, like Gecko) Chrome/70.0.3538.110 Safari/537.36"
192.168.1.219 - - [18/Dec/2018:10:54:15 +0700] "GET /sismadak/application/assessment/hospital_assessment_document_upload.php?chapter_id=1&instrument_id=1195&id=1,1&grid_id=list1&_search=false&nd=1545105278284&rows=15&jqgrid_page=1&sidx=1&sord=asc HTTP/1.1" 200 572 "http://192.168.1.8/sismadak/application/assessment/hospital_assessment_document_upload.php?chapter_id=1&instrument_id=1195&id=1,1" "Mozilla/5.0 (Windows NT 6.1; rv:64.0) Gecko/20100101 Firefox/64.0"
192.168.1.204 - - [18/Dec/2018:10:54:19 +0700] "GET /sismadak/lib/js/fancybox/fancybox_overlay.png HTTP/1.1" 200 1003 "http://192.168.1.8/sismadak/lib/js/fancybox/jquery.fancybox.css" "Mozilla/5.0 (Windows NT 6.1; WOW64; rv:56.0) Gecko/20100101 Firefox/56.0"
192.168.1.204 - - [18/Dec/2018:10:54:20 +0700] "GET /sismadak/lib/js/fancybox/fancybox_sprite.png HTTP/1.1" 200 1362 "http://192.168.1.8/sismadak/lib/js/fancybox/jquery.fancybox.css" "Mozilla/5.0 (Windows NT 6.1; WOW64; rv:56.0) Gecko/20100101 Firefox/56.0"
192.168.1.204 - - [18/Dec/2018:10:54:20 +0700] "GET /sismadak/lib/js/fancybox/fancybox_loading.gif HTTP/1.1" 200 3866 "http://192.168.1.8/sismadak/lib/js/fancybox/jquery.fancybox.css" "Mozilla/5.0 (Windows NT 6.1; WOW64; rv:56.0) Gecko/20100101 Firefox/56.0"
192.168.1.204 - - [18/Dec/2018:10:54:19 +0700] "GET /sismadak/application/assessment/hospital_assessment_document_upload.php?chapter_id=11&instrument_id=1086&id=1,1 HTTP/1.1" 200 56835 "http://192.168.1.8/sismadak/application/assessment/hospital_assessment_chapter_online.php?chapter_id=11&event_id=1" "Mozilla/5.0 (Windows NT 6.1; WOW64; rv:56.0) Gecko/20100101 Firefox/56.0"
192.168.1.204 - - [18/Dec/2018:10:54:20 +0700] "GET /sismadak/application/assessment/hospital_assessment_document_upload.php?chapter_id=11&instrument_id=1086&id=1,1&grid_id=list1&_search=false&nd=1545105284021&rows=15&jqgrid_page=1&sidx=1&sord=asc HTTP/1.1" 200 35 "http://192.168.1.8/sismadak/application/assessment/hospital_assessment_document_upload.php?chapter_id=11&instrument_id=1086&id=1,1" "Mozilla/5.0 (Windows NT 6.1; WOW64; rv:56.0) Gecko/20100101 Firefox/56.0"
192.168.1.229 - - [18/Dec/2018:10:54:21 +0700] "GET /sismadak/application/assessment/hospital_document_find.php HTTP/1.1" 200 55502 "http://192.168.1.8/sismadak/menu.php" "Mozilla/5.0 (Windows NT 6.1; WOW64; rv:56.0) Gecko/20100101 Firefox/56.0"
192.168.1.213 - - [18/Dec/2018:10:54:21 +0700] "GET /sismadak/application/assessment/hospital_assessment_chapter.php?event_id=1&category_id=4 HTTP/1.1" 200 46177 "http://192.168.1.8/sismadak/application/assessment/hospital_assessment_reguler_list.php?category_id=4&module_id=4" "Mozilla/5.0 (Windows NT 6.1; WOW64; rv:55.0) Gecko/20100101 Firefox/55.0"
192.168.1.229 - - [18/Dec/2018:10:54:21 +0700] "GET /sismadak/application/assessment/hospital_document_find.php?grid_id=list1&_search=false&nd=1545105284916&rows=30&jqgrid_page=1&sidx=1&sord=asc HTTP/1.1" 200 545 "http://192.168.1.8/sismadak/application/assessment/hospital_document_find.php" "Mozilla/5.0 (Windows NT 6.1; WOW64; rv:56.0) Gecko/20100101 Firefox/56.0"
192.168.1.213 - - [18/Dec/2018:10:54:22 +0700] "GET /sismadak/application/assessment/hospital_assessment_chapter.php?event_id=1&category_id=4&grid_id=list1&_search=false&nd=1545105286508&rows=20&jqgrid_page=1&sidx=chapter_id&sord=asc HTTP/1.1" 200 5789 "http://192.168.1.8/sismadak/application/assessment/hospital_assessment_chapter.php?event_id=1&category_id=4" "Mozilla/5.0 (Windows NT 6.1; WOW64; rv:55.0) Gecko/20100101 Firefox/55.0"
192.168.1.40 - - [18/Dec/2018:10:54:23 +0700] "GET /sismadak/lib/js/fancybox/fancybox_overlay.png HTTP/1.1" 200 1003 "http://192.168.1.8/sismadak/lib/js/fancybox/jquery.fancybox.css" "Mozilla/5.0 (Windows NT 6.1) AppleWebKit/537.36 (KHTML, like Gecko) Chrome/70.0.3538.110 Safari/537.36"
192.168.1.40 - - [18/Dec/2018:10:54:23 +0700] "GET /sismadak/lib/js/fancybox/fancybox_sprite.png HTTP/1.1" 200 1362 "http://192.168.1.8/sismadak/lib/js/fancybox/jquery.fancybox.css" "Mozilla/5.0 (Windows NT 6.1) AppleWebKit/537.36 (KHTML, like Gecko) Chrome/70.0.3538.110 Safari/537.36"
192.168.1.40 - - [18/Dec/2018:10:54:23 +0700] "GET /sismadak/lib/js/fancybox/fancybox_loading.gif HTTP/1.1" 200 3866 "http://192.168.1.8/sismadak/lib/js/fancybox/jquery.fancybox.css" "Mozilla/5.0 (Windows NT 6.1) AppleWebKit/537.36 (KHTML, like Gecko) Chrome/70.0.3538.110 Safari/537.36"
192.168.1.40 - - [18/Dec/2018:10:54:23 +0700] "GET /sismadak/application/assessment/hospital_assessment_document_upload.php?chapter_id=15&instrument_id=896&id=1,1 HTTP/1.1" 200 56827 "http://192.168.1.8/sismadak/application/assessment/hospital_assessment_chapter_online.php?chapter_id=15&event_id=1" "Mozilla/5.0 (Windows NT 6.1) AppleWebKit/537.36 (KHTML, like Gecko) Chrome/70.0.3538.110 Safari/537.36"
192.168.1.40 - - [18/Dec/2018:10:54:24 +0700] "GET /sismadak/application/assessment/hospital_assessment_document_upload.php?chapter_id=15&instrument_id=896&id=1,1&grid_id=list1&_search=false&nd=1544165719047&rows=15&jqgrid_page=1&sidx=1&sord=asc HTTP/1.1" 200 35 "http://192.168.1.8/sismadak/application/assessment/hospital_assessment_document_upload.php?chapter_id=15&instrument_id=896&id=1,1" "Mozilla/5.0 (Windows NT 6.1) AppleWebKit/537.36 (KHTML, like Gecko) Chrome/70.0.3538.110 Safari/537.36"
192.168.1.218 - - [18/Dec/2018:10:54:28 +0700] "GET /sismadak/lib/js/themes/redmond/images/ui-bg_flat_55_fbec88_40x100.png HTTP/1.1" 200 274 "http://192.168.1.8/sismadak/lib/js/themes/redmond/jquery-ui.custom.css" "Mozilla/5.0 (Windows NT 6.1; Win64; x64) AppleWebKit/537.36 (KHTML, like Gecko) Chrome/71.0.3578.98 Safari/537.36"
192.168.1.219 - - [18/Dec/2018:10:54:30 +0700] "GET /sismadak/application/assessment/hospital_assessment_document_upload.php?chapter_id=1&instrument_id=1196&id=1,1 HTTP/1.1" 200 56828 "http://192.168.1.8/sismadak/application/assessment/hospital_assessment_chapter_online.php?chapter_id=1&event_id=1" "Mozilla/5.0 (Windows NT 6.1; rv:64.0) Gecko/20100101 Firefox/64.0"
192.168.1.219 - - [18/Dec/2018:10:54:31 +0700] "GET /sismadak/application/assessment/hospital_assessment_document_upload.php?chapter_id=1&instrument_id=1196&id=1,1&grid_id=list1&_search=false&nd=1545105294381&rows=15&jqgrid_page=1&sidx=1&sord=asc HTTP/1.1" 200 35 "http://192.168.1.8/sismadak/application/assessment/hospital_assessment_document_upload.php?chapter_id=1&instrument_id=1196&id=1,1" "Mozilla/5.0 (Windows NT 6.1; rv:64.0) Gecko/20100101 Firefox/64.0"
192.168.1.219 - - [18/Dec/2018:10:54:42 +0700] "GET /sismadak/application/assessment/hospital_assessment_chapter.php?event_id=1&category_id=4 HTTP/1.1" 200 46177 "http://192.168.1.8/sismadak/application/assessment/hospital_assessment_reguler_list.php?category_id=4&module_id=4" "Mozilla/5.0 (Windows NT 6.1; rv:64.0) Gecko/20100101 Firefox/64.0"
192.168.1.219 - - [18/Dec/2018:10:54:42 +0700] "GET /sismadak/lib/js/multiselect-widget/jquery.multiselect.filter.css HTTP/1.1" 200 326 "http://192.168.1.8/sismadak/application/assessment/hospital_assessment_chapter.php?event_id=1&category_id=4" "Mozilla/5.0 (Windows NT 6.1; rv:64.0) Gecko/20100101 Firefox/64.0"
192.168.1.219 - - [18/Dec/2018:10:54:43 +0700] "GET /sismadak/application/assessment/hospital_assessment_chapter.php?event_id=1&category_id=4&grid_id=list1&_search=false&nd=1545105306198&rows=20&jqgrid_page=1&sidx=chapter_id&sord=asc HTTP/1.1" 200 5789 "http://192.168.1.8/sismadak/application/assessment/hospital_assessment_chapter.php?event_id=1&category_id=4" "Mozilla/5.0 (Windows NT 6.1; rv:64.0) Gecko/20100101 Firefox/64.0"
192.168.1.213 - - [18/Dec/2018:10:54:43 +0700] "GET /sismadak/application/assessment/hospital_assessment_chapter_online.php?chapter_id=12&event_id=1 HTTP/1.1" 200 60977 "http://192.168.1.8/sismadak/application/assessment/hospital_assessment_chapter.php?event_id=1&category_id=4" "Mozilla/5.0 (Windows NT 6.1; WOW64; rv:55.0) Gecko/20100101 Firefox/55.0"
192.168.1.213 - - [18/Dec/2018:10:54:43 +0700] "GET /sismadak/application/assessment/hospital_assessment_chapter_online.php?chapter_id=12&event_id=1 HTTP/1.1" 200 60977 "http://192.168.1.8/sismadak/application/assessment/hospital_assessment_chapter.php?event_id=1&category_id=4" "Mozilla/5.0 (Windows NT 6.1; WOW64; rv:55.0) Gecko/20100101 Firefox/55.0"
192.168.1.213 - - [18/Dec/2018:10:54:44 +0700] "GET /sismadak/application/assessment/hospital_assessment_chapter_online.php?chapter_id=12&event_id=1&grid_id=list1&_search=false&nd=1545105308875&rows=20&jqgrid_page=1&sidx=instrument_standard_id+asc%2C+instrument_id&sord=asc HTTP/1.1" 200 17380 "http://192.168.1.8/sismadak/application/assessment/hospital_assessment_chapter_online.php?chapter_id=12&event_id=1" "Mozilla/5.0 (Windows NT 6.1; WOW64; rv:55.0) Gecko/20100101 Firefox/55.0"
192.168.1.203 - - [18/Dec/2018:10:54:45 +0700] "GET /sismadak/lib/js/fancybox/fancybox_overlay.png HTTP/1.1" 200 1003 "http://192.168.1.8/sismadak/lib/js/fancybox/jquery.fancybox.css" "Mozilla/5.0 (Windows NT 6.1; WOW64; rv:56.0) Gecko/20100101 Firefox/56.0"
192.168.1.203 - - [18/Dec/2018:10:54:45 +0700] "GET /sismadak/application/assessment/hospital_assessment_document_upload.php?chapter_id=8&instrument_id=390&id=1,1 HTTP/1.1" 200 56820 "http://192.168.1.8/sismadak/application/assessment/hospital_assessment_chapter_online.php?chapter_id=8&event_id=1" "Mozilla/5.0 (Windows NT 6.1; WOW64; rv:56.0) Gecko/20100101 Firefox/56.0"
192.168.1.219 - - [18/Dec/2018:10:54:45 +0700] "GET /sismadak/application/assessment/hospital_assessment_chapter_online.php?chapter_id=1&event_id=1 HTTP/1.1" 200 60972 "http://192.168.1.8/sismadak/application/assessment/hospital_assessment_chapter.php?event_id=1&category_id=4" "Mozilla/5.0 (Windows NT 6.1; rv:64.0) Gecko/20100101 Firefox/64.0"
192.168.1.203 - - [18/Dec/2018:10:54:46 +0700] "GET /sismadak/lib/js/fancybox/fancybox_loading.gif HTTP/1.1" 200 3866 "http://192.168.1.8/sismadak/lib/js/fancybox/jquery.fancybox.css" "Mozilla/5.0 (Windows NT 6.1; WOW64; rv:56.0) Gecko/20100101 Firefox/56.0"
192.168.1.203 - - [18/Dec/2018:10:54:46 +0700] "GET /sismadak/lib/js/fancybox/fancybox_sprite.png HTTP/1.1" 200 1362 "http://192.168.1.8/sismadak/lib/js/fancybox/jquery.fancybox.css" "Mozilla/5.0 (Windows NT 6.1; WOW64; rv:56.0) Gecko/20100101 Firefox/56.0"
192.168.1.219 - - [18/Dec/2018:10:54:46 +0700] "GET /sismadak/lib/js/themes/redmond/jquery-ui.custom.css HTTP/1.1" 200 27202 "http://192.168.1.8/sismadak/application/assessment/hospital_assessment_chapter_online.php?chapter_id=1&event_id=1" "Mozilla/5.0 (Windows NT 6.1; rv:64.0) Gecko/20100101 Firefox/64.0"
192.168.1.219 - - [18/Dec/2018:10:54:46 +0700] "GET /sismadak/lib/js/multiselect-widget/jquery.multiselect.filter.css HTTP/1.1" 200 326 "http://192.168.1.8/sismadak/application/assessment/hospital_assessment_chapter_online.php?chapter_id=1&event_id=1" "Mozilla/5.0 (Windows NT 6.1; rv:64.0) Gecko/20100101 Firefox/64.0"
192.168.1.219 - - [18/Dec/2018:10:54:46 +0700] "GET /sismadak/lib/js/fancybox/jquery.fancybox.css HTTP/1.1" 200 4388 "http://192.168.1.8/sismadak/application/assessment/hospital_assessment_chapter_online.php?chapter_id=1&event_id=1" "Mozilla/5.0 (Windows NT 6.1; rv:64.0) Gecko/20100101 Firefox/64.0"
192.168.1.219 - - [18/Dec/2018:10:54:46 +0700] "GET /sismadak/lib/js/multiselect-widget/jquery.multiselect.css HTTP/1.1" 200 1601 "http://192.168.1.8/sismadak/application/assessment/hospital_assessment_chapter_online.php?chapter_id=1&event_id=1" "Mozilla/5.0 (Windows NT 6.1; rv:64.0) Gecko/20100101 Firefox/64.0"
192.168.1.203 - - [18/Dec/2018:10:54:46 +0700] "GET /sismadak/application/assessment/hospital_assessment_document_upload.php?chapter_id=8&instrument_id=390&id=1,1&grid_id=list1&_search=false&nd=1545130625760&rows=15&jqgrid_page=1&sidx=1&sord=asc HTTP/1.1" 200 35 "http://192.168.1.8/sismadak/application/assessment/hospital_assessment_document_upload.php?chapter_id=8&instrument_id=390&id=1,1" "Mozilla/5.0 (Windows NT 6.1; WOW64; rv:56.0) Gecko/20100101 Firefox/56.0"
192.168.1.219 - - [18/Dec/2018:10:54:47 +0700] "GET /sismadak/application/assessment/hospital_assessment_chapter_online.php?chapter_id=1&event_id=1&grid_id=list1&_search=false&nd=1545105310274&rows=20&jqgrid_page=1&sidx=instrument_standard_id+asc%2C+instrument_id&sord=asc HTTP/1.1" 200 17644 "http://192.168.1.8/sismadak/application/assessment/hospital_assessment_chapter_online.php?chapter_id=1&event_id=1" "Mozilla/5.0 (Windows NT 6.1; rv:64.0) Gecko/20100101 Firefox/64.0"
169.254.175.243 - - [18/Dec/2018:10:54:55 +0700] "GET /sismadak/index.php HTTP/1.1" 302 - "http://192.168.1.8/sismadak/menu.php" "Mozilla/5.0 (Windows NT 6.1; rv:37.0) Gecko/20100101 Firefox/37.0"
169.254.175.243 - - [18/Dec/2018:10:54:55 +0700] "GET /sismadak/menu.php HTTP/1.1" 200 3174 "http://192.168.1.8/sismadak/menu.php" "Mozilla/5.0 (Windows NT 6.1; rv:37.0) Gecko/20100101 Firefox/37.0"
169.254.175.243 - - [18/Dec/2018:10:54:56 +0700] "GET /sismadak/application/report/dashboard.php HTTP/1.1" 200 20734 "http://192.168.1.8/sismadak/menu.php" "Mozilla/5.0 (Windows NT 6.1; rv:37.0) Gecko/20100101 Firefox/37.0"
192.168.1.254 - - [18/Dec/2018:10:55:03 +0700] "GET /sismadak/application/assessment/hospital_assessment_reguler_list.php?category_id=4&module_id=4 HTTP/1.1" 200 50053 "http://119.110.67.68:8808/sismadak/menu.php" "Mozilla/5.0 (Macintosh; Intel Mac OS X 10_10_5) AppleWebKit/537.36 (KHTML, like Gecko) Chrome/70.0.3538.110 Safari/537.36"
192.168.1.254 - - [18/Dec/2018:10:55:05 +0700] "GET /sismadak/application/assessment/hospital_assessment_reguler_list.php?category_id=4&module_id=4&grid_id=list1&_search=false&nd=1545105329870&rows=20&jqgrid_page=1&sidx=accreditation_id&sord=desc HTTP/1.1" 200 743 "http://119.110.67.68:8808/sismadak/application/assessment/hospital_assessment_reguler_list.php?category_id=4&module_id=4" "Mozilla/5.0 (Macintosh; Intel Mac OS X 10_10_5) AppleWebKit/537.36 (KHTML, like Gecko) Chrome/70.0.3538.110 Safari/537.36"
169.254.175.243 - - [18/Dec/2018:10:55:06 +0700] "GET /sismadak/application/assessment/hospital_assessment_reguler_list.php?category_id=4&module_id=4 HTTP/1.1" 200 50021 "http://192.168.1.8/sismadak/menu.php" "Mozilla/5.0 (Windows NT 6.1; rv:37.0) Gecko/20100101 Firefox/37.0"
169.254.175.243 - - [18/Dec/2018:10:55:07 +0700] "GET /sismadak/application/assessment/hospital_assessment_reguler_list.php?category_id=4&module_id=4&grid_id=list1&_search=false&nd=1545105331364&rows=20&jqgrid_page=1&sidx=accreditation_id&sord=desc HTTP/1.1" 200 743 "http://192.168.1.8/sismadak/application/assessment/hospital_assessment_reguler_list.php?category_id=4&module_id=4" "Mozilla/5.0 (Windows NT 6.1; rv:37.0) Gecko/20100101 Firefox/37.0"
192.168.1.219 - - [18/Dec/2018:10:55:11 +0700] "GET /sismadak/application/assessment/hospital_assessment_document_upload.php?chapter_id=1&instrument_id=1196&id=1,1 HTTP/1.1" 200 56828 "http://192.168.1.8/sismadak/application/assessment/hospital_assessment_chapter_online.php?chapter_id=1&event_id=1" "Mozilla/5.0 (Windows NT 6.1; rv:64.0) Gecko/20100101 Firefox/64.0"
192.168.1.219 - - [18/Dec/2018:10:55:11 +0700] "GET /sismadak/lib/js/themes/redmond/jquery-ui.custom.css HTTP/1.1" 200 27202 "http://192.168.1.8/sismadak/application/assessment/hospital_assessment_document_upload.php?chapter_id=1&instrument_id=1196&id=1,1" "Mozilla/5.0 (Windows NT 6.1; rv:64.0) Gecko/20100101 Firefox/64.0"
169.254.175.243 - - [18/Dec/2018:10:55:12 +0700] "GET /sismadak/application/assessment/hospital_assessment_chapter.php?event_id=1&category_id=4 HTTP/1.1" 200 46177 "http://192.168.1.8/sismadak/application/assessment/hospital_assessment_reguler_list.php?category_id=4&module_id=4" "Mozilla/5.0 (Windows NT 6.1; rv:37.0) Gecko/20100101 Firefox/37.0"
192.168.1.219 - - [18/Dec/2018:10:55:12 +0700] "GET /sismadak/application/assessment/hospital_assessment_document_upload.php?chapter_id=1&instrument_id=1196&id=1,1&grid_id=list1&_search=false&nd=1545105335383&rows=15&jqgrid_page=1&sidx=1&sord=asc HTTP/1.1" 200 35 "http://192.168.1.8/sismadak/application/assessment/hospital_assessment_document_upload.php?chapter_id=1&instrument_id=1196&id=1,1" "Mozilla/5.0 (Windows NT 6.1; rv:64.0) Gecko/20100101 Firefox/64.0"
169.254.175.243 - - [18/Dec/2018:10:55:12 +0700] "GET /sismadak/application/assessment/hospital_assessment_chapter.php?event_id=1&category_id=4&grid_id=list1&_search=false&nd=1545105336839&rows=20&jqgrid_page=1&sidx=chapter_id&sord=asc HTTP/1.1" 200 5789 "http://192.168.1.8/sismadak/application/assessment/hospital_assessment_chapter.php?event_id=1&category_id=4" "Mozilla/5.0 (Windows NT 6.1; rv:37.0) Gecko/20100101 Firefox/37.0"
192.168.1.254 - - [18/Dec/2018:10:55:14 +0700] "GET /sismadak/application/assessment/hospital_assessment_chapter.php?event_id=1&category_id=4 HTTP/1.1" 200 46212 "http://119.110.67.68:8808/sismadak/application/assessment/hospital_assessment_reguler_list.php?category_id=4&module_id=4" "Mozilla/5.0 (Macintosh; Intel Mac OS X 10_10_5) AppleWebKit/537.36 (KHTML, like Gecko) Chrome/70.0.3538.110 Safari/537.36"
192.168.1.254 - - [18/Dec/2018:10:55:16 +0700] "GET /sismadak/application/assessment/hospital_assessment_chapter.php?event_id=1&category_id=4&grid_id=list1&_search=false&nd=1545105340750&rows=20&jqgrid_page=1&sidx=chapter_id&sord=asc HTTP/1.1" 200 5789 "http://119.110.67.68:8808/sismadak/application/assessment/hospital_assessment_chapter.php?event_id=1&category_id=4" "Mozilla/5.0 (Macintosh; Intel Mac OS X 10_10_5) AppleWebKit/537.36 (KHTML, like Gecko) Chrome/70.0.3538.110 Safari/537.36"
192.168.1.236 - - [18/Dec/2018:10:55:17 +0700] "GET /sismadak/application/user_management/change_password_user.php HTTP/1.1" 200 1466 "http://192.168.1.8/sismadak/menu.php" "Mozilla/5.0 (Windows NT 6.1; WOW64; rv:55.0) Gecko/20100101 Firefox/55.0"
192.168.1.218 - - [18/Dec/2018:10:55:25 +0700] "GET /sismadak/application/assessment/hospital_assessment_document_upload.php?chapter_id=15&instrument_id=896&id=1,1 HTTP/1.1" 200 56827 "http://192.168.1.8/sismadak/application/assessment/hospital_assessment_chapter_online.php?chapter_id=15&event_id=1" "Mozilla/5.0 (Windows NT 6.1; Win64; x64) AppleWebKit/537.36 (KHTML, like Gecko) Chrome/71.0.3578.98 Safari/537.36"
192.168.1.218 - - [18/Dec/2018:10:55:26 +0700] "GET /sismadak/application/assessment/hospital_assessment_document_upload.php?chapter_id=15&instrument_id=896&id=1,1&grid_id=list1&_search=false&nd=1545105358153&rows=15&jqgrid_page=1&sidx=1&sord=asc HTTP/1.1" 200 35 "http://192.168.1.8/sismadak/application/assessment/hospital_assessment_document_upload.php?chapter_id=15&instrument_id=896&id=1,1" "Mozilla/5.0 (Windows NT 6.1; Win64; x64) AppleWebKit/537.36 (KHTML, like Gecko) Chrome/71.0.3578.98 Safari/537.36"
192.168.1.229 - - [18/Dec/2018:10:55:29 +0700] "GET /sismadak/application/assessment/hospital_assessment_reguler_list.php?category_id=4&module_id=4 HTTP/1.1" 200 50021 "http://192.168.1.8/sismadak/menu.php" "Mozilla/5.0 (Windows NT 6.1; WOW64; rv:56.0) Gecko/20100101 Firefox/56.0"
192.168.1.229 - - [18/Dec/2018:10:55:29 +0700] "GET /sismadak/application/assessment/hospital_assessment_reguler_list.php?category_id=4&module_id=4 HTTP/1.1" 200 50021 "http://192.168.1.8/sismadak/menu.php" "Mozilla/5.0 (Windows NT 6.1; WOW64; rv:56.0) Gecko/20100101 Firefox/56.0"
192.168.1.40 - - [18/Dec/2018:10:55:30 +0700] "POST /sismadak/application/assessment/hospital_assessment_document_upload.php?chapter_id=15&instrument_id=896&id=1,1&grid_id=list1 HTTP/1.1" 200 55 "http://192.168.1.8/sismadak/application/assessment/hospital_assessment_document_upload.php?chapter_id=15&instrument_id=896&id=1,1" "Mozilla/5.0 (Windows NT 6.1) AppleWebKit/537.36 (KHTML, like Gecko) Chrome/70.0.3538.110 Safari/537.36"
192.168.1.229 - - [18/Dec/2018:10:55:30 +0700] "GET /sismadak/application/assessment/hospital_assessment_reguler_list.php?category_id=4&module_id=4&grid_id=list1&_search=false&nd=1545105353483&rows=20&jqgrid_page=1&sidx=accreditation_id&sord=desc HTTP/1.1" 200 743 "http://192.168.1.8/sismadak/application/assessment/hospital_assessment_reguler_list.php?category_id=4&module_id=4" "Mozilla/5.0 (Windows NT 6.1; WOW64; rv:56.0) Gecko/20100101 Firefox/56.0"
192.168.1.229 - - [18/Dec/2018:10:55:36 +0700] "GET /sismadak/application/assessment/hospital_assessment_chapter.php?event_id=1&category_id=4 HTTP/1.1" 200 46177 "http://192.168.1.8/sismadak/application/assessment/hospital_assessment_reguler_list.php?category_id=4&module_id=4" "Mozilla/5.0 (Windows NT 6.1; WOW64; rv:56.0) Gecko/20100101 Firefox/56.0"
192.168.1.229 - - [18/Dec/2018:10:55:36 +0700] "GET /sismadak/application/assessment/hospital_assessment_chapter.php?event_id=1&category_id=4 HTTP/1.1" 200 46177 "http://192.168.1.8/sismadak/application/assessment/hospital_assessment_reguler_list.php?category_id=4&module_id=4" "Mozilla/5.0 (Windows NT 6.1; WOW64; rv:56.0) Gecko/20100101 Firefox/56.0"
192.168.1.229 - - [18/Dec/2018:10:55:37 +0700] "GET /sismadak/application/assessment/hospital_assessment_chapter.php?event_id=1&category_id=4&grid_id=list1&_search=false&nd=1545105360417&rows=20&jqgrid_page=1&sidx=chapter_id&sord=asc HTTP/1.1" 200 5789 "http://192.168.1.8/sismadak/application/assessment/hospital_assessment_chapter.php?event_id=1&category_id=4" "Mozilla/5.0 (Windows NT 6.1; WOW64; rv:56.0) Gecko/20100101 Firefox/56.0"
192.168.1.40 - - [18/Dec/2018:10:55:38 +0700] "POST /sismadak/application/assessment/hospital_assessment_document_upload.php?chapter_id=15&instrument_id=896&id=1,1&grid_id=list1 HTTP/1.1" 200 - "http://192.168.1.8/sismadak/application/assessment/hospital_assessment_document_upload.php?chapter_id=15&instrument_id=896&id=1,1" "Mozilla/5.0 (Windows NT 6.1) AppleWebKit/537.36 (KHTML, like Gecko) Chrome/70.0.3538.110 Safari/537.36"
169.254.28.115 - - [18/Dec/2018:10:55:43 +0700] "GET /sismadak/application/assessment/hospital_assessment_chapter_online.php?chapter_id=8&event_id=1&grid_id=list1&_search=false&nd=1545130682145&rows=20&jqgrid_page=2&sidx=instrument_standard_id+asc%2C+instrument_id&sord=asc HTTP/1.1" 200 16149 "http://192.168.1.8/sismadak/application/assessment/hospital_assessment_chapter_online.php?chapter_id=8&event_id=1" "Mozilla/5.0 (Windows NT 6.1; WOW64; rv:56.0) Gecko/20100101 Firefox/56.0"
192.168.1.228 - - [18/Dec/2018:10:55:43 +0700] "GET /sismadak/application/assessment/hospital_assessment_reguler_list.php?category_id=4&module_id=4 HTTP/1.1" 200 50018 "http://192.168.1.8/sismadak/menu.php" "Mozilla/5.0 (Windows NT 6.1; WOW64; rv:55.0) Gecko/20100101 Firefox/55.0"
192.168.1.228 - - [18/Dec/2018:10:55:44 +0700] "GET /sismadak/lib/js/multiselect-widget/jquery.multiselect.filter.css HTTP/1.1" 200 326 "http://192.168.1.8/sismadak/application/assessment/hospital_assessment_reguler_list.php?category_id=4&module_id=4" "Mozilla/5.0 (Windows NT 6.1; WOW64; rv:55.0) Gecko/20100101 Firefox/55.0"
192.168.1.228 - - [18/Dec/2018:10:55:44 +0700] "GET /sismadak/lib/js/multiselect-widget/jquery.multiselect.css HTTP/1.1" 200 1601 "http://192.168.1.8/sismadak/application/assessment/hospital_assessment_reguler_list.php?category_id=4&module_id=4" "Mozilla/5.0 (Windows NT 6.1; WOW64; rv:55.0) Gecko/20100101 Firefox/55.0"
192.168.1.228 - - [18/Dec/2018:10:55:44 +0700] "GET /sismadak/lib/js/multiselect-widget/jquery.multiselect.js HTTP/1.1" 200 22081 "http://192.168.1.8/sismadak/application/assessment/hospital_assessment_reguler_list.php?category_id=4&module_id=4" "Mozilla/5.0 (Windows NT 6.1; WOW64; rv:55.0) Gecko/20100101 Firefox/55.0"
192.168.1.228 - - [18/Dec/2018:10:55:44 +0700] "GET /sismadak/lib/js/multiselect-widget/jquery.multiselect.filter.js HTTP/1.1" 200 5435 "http://192.168.1.8/sismadak/application/assessment/hospital_assessment_reguler_list.php?category_id=4&module_id=4" "Mozilla/5.0 (Windows NT 6.1; WOW64; rv:55.0) Gecko/20100101 Firefox/55.0"
192.168.1.144 - - [18/Dec/2018:10:55:44 +0700] "GET /sismadak/application/filemanager/filemanager.php HTTP/1.1" 200 23262 "http://192.168.1.8/sismadak/menu.php" "Mozilla/5.0 (Windows NT 6.3; WOW64) AppleWebKit/537.36 (KHTML, like Gecko) Chrome/69.0.3497.100 Safari/537.36"
192.168.1.228 - - [18/Dec/2018:10:55:44 +0700] "GET /sismadak/application/assessment/hospital_assessment_reguler_list.php?category_id=4&module_id=4&grid_id=list1&_search=false&nd=1545105368451&rows=20&jqgrid_page=1&sidx=accreditation_id&sord=desc HTTP/1.1" 200 743 "http://192.168.1.8/sismadak/application/assessment/hospital_assessment_reguler_list.php?category_id=4&module_id=4" "Mozilla/5.0 (Windows NT 6.1; WOW64; rv:55.0) Gecko/20100101 Firefox/55.0"
192.168.1.144 - - [18/Dec/2018:10:55:45 +0700] "GET /sismadak/application/filemanager/js/tools.js HTTP/1.1" 200 8403 "http://192.168.1.8/sismadak/application/filemanager/filemanager.php" "Mozilla/5.0 (Windows NT 6.3; WOW64) AppleWebKit/537.36 (KHTML, like Gecko) Chrome/69.0.3497.100 Safari/537.36"
192.168.1.144 - - [18/Dec/2018:10:55:45 +0700] "GET /sismadak/application/filemanager/js/codeedit.js HTTP/1.1" 200 11895 "http://192.168.1.8/sismadak/application/filemanager/filemanager.php" "Mozilla/5.0 (Windows NT 6.3; WOW64) AppleWebKit/537.36 (KHTML, like Gecko) Chrome/69.0.3497.100 Safari/537.36"
192.168.1.144 - - [18/Dec/2018:10:55:45 +0700] "GET /sismadak/application/filemanager/js/ajax.js HTTP/1.1" 200 4945 "http://192.168.1.8/sismadak/application/filemanager/filemanager.php" "Mozilla/5.0 (Windows NT 6.3; WOW64) AppleWebKit/537.36 (KHTML, like Gecko) Chrome/69.0.3497.100 Safari/537.36"
192.168.1.144 - - [18/Dec/2018:10:55:45 +0700] "GET /sismadak/application/filemanager/js/syntax.js HTTP/1.1" 200 12816 "http://192.168.1.8/sismadak/application/filemanager/filemanager.php" "Mozilla/5.0 (Windows NT 6.3; WOW64) AppleWebKit/537.36 (KHTML, like Gecko) Chrome/69.0.3497.100 Safari/537.36"
192.168.1.144 - - [18/Dec/2018:10:55:45 +0700] "GET /sismadak/application/filemanager/js/codeview.js HTTP/1.1" 200 7295 "http://192.168.1.8/sismadak/application/filemanager/filemanager.php" "Mozilla/5.0 (Windows NT 6.3; WOW64) AppleWebKit/537.36 (KHTML, like Gecko) Chrome/69.0.3497.100 Safari/537.36"
192.168.1.144 - - [18/Dec/2018:10:55:45 +0700] "GET /sismadak/application/filemanager/css/filemanager.css HTTP/1.1" 200 8477 "http://192.168.1.8/sismadak/application/filemanager/filemanager.php" "Mozilla/5.0 (Windows NT 6.3; WOW64) AppleWebKit/537.36 (KHTML, like Gecko) Chrome/69.0.3497.100 Safari/537.36"
192.168.1.144 - - [18/Dec/2018:10:55:45 +0700] "GET /sismadak/application/filemanager/ext/filedrop/filedrop.css HTTP/1.1" 200 517 "http://192.168.1.8/sismadak/application/filemanager/filemanager.php" "Mozilla/5.0 (Windows NT 6.3; WOW64) AppleWebKit/537.36 (KHTML, like Gecko) Chrome/69.0.3497.100 Safari/537.36"
192.168.1.144 - - [18/Dec/2018:10:55:45 +0700] "GET /sismadak/application/filemanager/js/parser.js HTTP/1.1" 200 38999 "http://192.168.1.8/sismadak/application/filemanager/filemanager.php" "Mozilla/5.0 (Windows NT 6.3; WOW64) AppleWebKit/537.36 (KHTML, like Gecko) Chrome/69.0.3497.100 Safari/537.36"
192.168.1.144 - - [18/Dec/2018:10:55:45 +0700] "GET /sismadak/application/filemanager/ext/flashreplace/flashreplace.js HTTP/1.1" 200 2459 "http://192.168.1.8/sismadak/application/filemanager/filemanager.php" "Mozilla/5.0 (Windows NT 6.3; WOW64) AppleWebKit/537.36 (KHTML, like Gecko) Chrome/69.0.3497.100 Safari/537.36"
192.168.1.144 - - [18/Dec/2018:10:55:45 +0700] "GET /sismadak/application/filemanager/ext/filedrop/filedrop-min.js HTTP/1.1" 200 16861 "http://192.168.1.8/sismadak/application/filemanager/filemanager.php" "Mozilla/5.0 (Windows NT 6.3; WOW64) AppleWebKit/537.36 (KHTML, like Gecko) Chrome/69.0.3497.100 Safari/537.36"
