169.254.217.95 - - [18/Dec/2018:11:57:10 +0700] "GET /sismadak/application/assessment/hospital_assessment_chapter.php?event_id=2&category_id=4&grid_id=list1&_search=false&nd=1545109053169&rows=20&jqgrid_page=1&sidx=chapter_id&sord=asc&filters= HTTP/1.1" 200 6140 "http://192.168.1.8/sismadak/application/assessment/hospital_assessment_chapter.php?event_id=2&category_id=4" "Mozilla/5.0 (Windows NT 10.0; Win64; x64) AppleWebKit/537.36 (KHTML, like Gecko) Chrome/70.0.3538.110 Safari/537.36"
169.254.175.243 - - [18/Dec/2018:11:57:12 +0700] "GET /sismadak/application/assessment/hospital_assessment_chapter.php?event_id=2&category_id=4 HTTP/1.1" 200 46177 "http://192.168.1.8/sismadak/application/assessment/hospital_assessment_reguler_list.php?category_id=4&module_id=4" "Mozilla/5.0 (Windows NT 6.1; rv:37.0) Gecko/20100101 Firefox/37.0"
169.254.175.243 - - [18/Dec/2018:11:57:12 +0700] "GET /sismadak/application/assessment/hospital_assessment_chapter.php?event_id=2&category_id=4&grid_id=list1&_search=false&nd=1545109056793&rows=20&jqgrid_page=1&sidx=chapter_id&sord=asc HTTP/1.1" 200 6140 "http://192.168.1.8/sismadak/application/assessment/hospital_assessment_chapter.php?event_id=2&category_id=4" "Mozilla/5.0 (Windows NT 6.1; rv:37.0) Gecko/20100101 Firefox/37.0"
192.168.1.144 - - [18/Dec/2018:11:57:14 +0700] "GET /sismadak/application/assessment/hospital_assessment_chapter.php?event_id=2&category_id=4 HTTP/1.1" 200 46177 "http://192.168.1.8/sismadak/application/assessment/hospital_assessment_reguler_list.php?category_id=4&module_id=4" "Mozilla/5.0 (Windows NT 6.3; WOW64) AppleWebKit/537.36 (KHTML, like Gecko) Chrome/69.0.3497.100 Safari/537.36"
192.168.1.144 - - [18/Dec/2018:11:57:14 +0700] "GET /sismadak/application/assessment/hospital_assessment_chapter.php?event_id=2&category_id=4&grid_id=list1&_search=false&nd=1545109179849&rows=20&jqgrid_page=1&sidx=chapter_id&sord=asc HTTP/1.1" 200 6140 "http://192.168.1.8/sismadak/application/assessment/hospital_assessment_chapter.php?event_id=2&category_id=4" "Mozilla/5.0 (Windows NT 6.3; WOW64) AppleWebKit/537.36 (KHTML, like Gecko) Chrome/69.0.3497.100 Safari/537.36"
192.168.1.205 - - [18/Dec/2018:11:57:16 +0700] "POST /sismadak/application/assessment/hospital_assessment_document_upload.php?chapter_id=19&instrument_id=1392&id=2,2&grid_id=list1 HTTP/1.1" 200 49 "http://192.168.1.8/sismadak/application/assessment/hospital_assessment_document_upload.php?chapter_id=19&instrument_id=1392&id=2,2" "Mozilla/5.0 (Windows NT 6.1; WOW64; rv:55.0) Gecko/20100101 Firefox/55.0"
192.168.1.205 - - [18/Dec/2018:11:57:17 +0700] "GET /sismadak/uploads/Penguins.jpg HTTP/1.1" 200 777835 "http://192.168.1.8/sismadak/application/assessment/hospital_assessment_document_upload.php?chapter_id=19&instrument_id=1392&id=2,2" "Mozilla/5.0 (Windows NT 6.1; WOW64; rv:55.0) Gecko/20100101 Firefox/55.0"
192.168.1.40 - - [18/Dec/2018:11:57:22 +0700] "POST /sismadak/application/assessment/hospital_assessment_document_upload.php?chapter_id=28&instrument_id=2235&id=2,2&grid_id=list1 HTTP/1.1" 200 - "http://192.168.1.8/sismadak/application/assessment/hospital_assessment_document_upload.php?chapter_id=28&instrument_id=2235&id=2,2" "Mozilla/5.0 (Windows NT 6.1) AppleWebKit/537.36 (KHTML, like Gecko) Chrome/70.0.3538.110 Safari/537.36"
192.168.1.236 - - [18/Dec/2018:11:57:22 +0700] "GET /sismadak/application/report/dashboard.php HTTP/1.1" 200 20961 "http://192.168.1.8/sismadak/menu.php" "Mozilla/5.0 (Windows NT 6.1; WOW64; rv:55.0) Gecko/20100101 Firefox/55.0"
192.168.1.40 - - [18/Dec/2018:11:57:22 +0700] "GET /sismadak/application/assessment/hospital_assessment_document_upload.php?chapter_id=28&instrument_id=2235&id=2,2&grid_id=list1&_search=false&nd=1544169519790&rows=15&jqgrid_page=0&sidx=1&sord=asc HTTP/1.1" 200 1063 "http://192.168.1.8/sismadak/application/assessment/hospital_assessment_document_upload.php?chapter_id=28&instrument_id=2235&id=2,2" "Mozilla/5.0 (Windows NT 6.1) AppleWebKit/537.36 (KHTML, like Gecko) Chrome/70.0.3538.110 Safari/537.36"
192.168.1.40 - - [18/Dec/2018:11:57:22 +0700] "POST /sismadak/application/assessment/hospital_assessment_document_upload.php?chapter_id=28&instrument_id=2235&id=2,2&grid_id=list1 HTTP/1.1" 200 - "http://192.168.1.8/sismadak/application/assessment/hospital_assessment_document_upload.php?chapter_id=28&instrument_id=2235&id=2,2" "Mozilla/5.0 (Windows NT 6.1) AppleWebKit/537.36 (KHTML, like Gecko) Chrome/70.0.3538.110 Safari/537.36"
192.168.1.212 - - [18/Dec/2018:11:57:23 +0700] "GET /sismadak/application/assessment/hospital_assessment_chapter_online.php?chapter_id=24&event_id=2 HTTP/1.1" 200 60981 "http://192.168.1.8/sismadak/application/assessment/hospital_assessment_chapter.php?event_id=2&category_id=4" "Mozilla/5.0 (Windows NT 6.1; rv:64.0) Gecko/20100101 Firefox/64.0"
192.168.1.236 - - [18/Dec/2018:11:57:24 +0700] "GET /sismadak/application/assessment/hospital_assessment_reguler_list.php?category_id=4&module_id=4 HTTP/1.1" 200 50021 "http://192.168.1.8/sismadak/menu.php" "Mozilla/5.0 (Windows NT 6.1; WOW64; rv:55.0) Gecko/20100101 Firefox/55.0"
192.168.1.212 - - [18/Dec/2018:11:57:24 +0700] "GET /sismadak/application/assessment/hospital_assessment_chapter_online.php?chapter_id=24&event_id=2&grid_id=list1&_search=false&nd=1545109077095&rows=20&jqgrid_page=1&sidx=instrument_standard_id+asc%2C+instrument_id&sord=asc HTTP/1.1" 200 18964 "http://192.168.1.8/sismadak/application/assessment/hospital_assessment_chapter_online.php?chapter_id=24&event_id=2" "Mozilla/5.0 (Windows NT 6.1; rv:64.0) Gecko/20100101 Firefox/64.0"
192.168.1.204 - - [18/Dec/2018:11:57:25 +0700] "GET /sismadak/menu.php HTTP/1.1" 200 4087 "-" "Mozilla/5.0 (Windows NT 6.1; WOW64; rv:56.0) Gecko/20100101 Firefox/56.0"
192.168.1.236 - - [18/Dec/2018:11:57:25 +0700] "GET /sismadak/application/assessment/hospital_assessment_reguler_list.php?category_id=4&module_id=4&grid_id=list1&_search=false&nd=1545109069486&rows=20&jqgrid_page=1&sidx=accreditation_id&sord=desc HTTP/1.1" 200 740 "http://192.168.1.8/sismadak/application/assessment/hospital_assessment_reguler_list.php?category_id=4&module_id=4" "Mozilla/5.0 (Windows NT 6.1; WOW64; rv:55.0) Gecko/20100101 Firefox/55.0"
192.168.1.204 - - [18/Dec/2018:11:57:25 +0700] "GET /sismadak/lib/js/menu/menu.css HTTP/1.1" 304 - "http://192.168.1.8/sismadak/menu.php" "Mozilla/5.0 (Windows NT 6.1; WOW64; rv:56.0) Gecko/20100101 Firefox/56.0"
192.168.1.204 - - [18/Dec/2018:11:57:25 +0700] "GET /sismadak/lib/js/menu/jquery.dcmegamenu.1.3.3.js HTTP/1.1" 304 - "http://192.168.1.8/sismadak/menu.php" "Mozilla/5.0 (Windows NT 6.1; WOW64; rv:56.0) Gecko/20100101 Firefox/56.0"
192.168.1.204 - - [18/Dec/2018:11:57:25 +0700] "GET /sismadak/lib/js/jquery.min.js HTTP/1.1" 304 - "http://192.168.1.8/sismadak/menu.php" "Mozilla/5.0 (Windows NT 6.1; WOW64; rv:56.0) Gecko/20100101 Firefox/56.0"
192.168.1.204 - - [18/Dec/2018:11:57:25 +0700] "GET /sismadak/lib/js/menu/jquery.hoverIntent.minified.js HTTP/1.1" 304 - "http://192.168.1.8/sismadak/menu.php" "Mozilla/5.0 (Windows NT 6.1; WOW64; rv:56.0) Gecko/20100101 Firefox/56.0"
192.168.1.204 - - [18/Dec/2018:11:57:25 +0700] "GET /sismadak/images/bg_blue.png HTTP/1.1" 304 - "http://192.168.1.8/sismadak/lib/js/menu/menu.css" "Mozilla/5.0 (Windows NT 6.1; WOW64; rv:56.0) Gecko/20100101 Firefox/56.0"
192.168.1.204 - - [18/Dec/2018:11:57:25 +0700] "GET /sismadak/images/bg_sub_left.png HTTP/1.1" 304 - "http://192.168.1.8/sismadak/lib/js/menu/menu.css" "Mozilla/5.0 (Windows NT 6.1; WOW64; rv:56.0) Gecko/20100101 Firefox/56.0"
192.168.1.204 - - [18/Dec/2018:11:57:25 +0700] "GET /sismadak/images/arrow.png HTTP/1.1" 304 - "http://192.168.1.8/sismadak/lib/js/menu/menu.css" "Mozilla/5.0 (Windows NT 6.1; WOW64; rv:56.0) Gecko/20100101 Firefox/56.0"
192.168.1.204 - - [18/Dec/2018:11:57:25 +0700] "GET /sismadak/images/bg_sub.png HTTP/1.1" 304 - "http://192.168.1.8/sismadak/lib/js/menu/menu.css" "Mozilla/5.0 (Windows NT 6.1; WOW64; rv:56.0) Gecko/20100101 Firefox/56.0"
192.168.1.204 - - [18/Dec/2018:11:57:25 +0700] "GET /sismadak/images/laporan.png HTTP/1.1" 304 - "http://192.168.1.8/sismadak/lib/js/menu/menu.css" "Mozilla/5.0 (Windows NT 6.1; WOW64; rv:56.0) Gecko/20100101 Firefox/56.0"
192.168.1.204 - - [18/Dec/2018:11:57:25 +0700] "GET /sismadak/images/bg_hdr.png HTTP/1.1" 304 - "http://192.168.1.8/sismadak/lib/js/menu/menu.css" "Mozilla/5.0 (Windows NT 6.1; WOW64; rv:56.0) Gecko/20100101 Firefox/56.0"
192.168.1.204 - - [18/Dec/2018:11:57:25 +0700] "GET /sismadak/images/bullet.png HTTP/1.1" 304 - "http://192.168.1.8/sismadak/lib/js/menu/menu.css" "Mozilla/5.0 (Windows NT 6.1; WOW64; rv:56.0) Gecko/20100101 Firefox/56.0"
192.168.1.204 - - [18/Dec/2018:11:57:25 +0700] "GET /sismadak/images/assessment.png HTTP/1.1" 304 - "http://192.168.1.8/sismadak/lib/js/menu/menu.css" "Mozilla/5.0 (Windows NT 6.1; WOW64; rv:56.0) Gecko/20100101 Firefox/56.0"
192.168.1.204 - - [18/Dec/2018:11:57:25 +0700] "GET /sismadak/images/workshop.png HTTP/1.1" 304 - "http://192.168.1.8/sismadak/lib/js/menu/menu.css" "Mozilla/5.0 (Windows NT 6.1; WOW64; rv:56.0) Gecko/20100101 Firefox/56.0"
192.168.1.204 - - [18/Dec/2018:11:57:25 +0700] "GET /sismadak/images/configuration.png HTTP/1.1" 304 - "http://192.168.1.8/sismadak/lib/js/menu/menu.css" "Mozilla/5.0 (Windows NT 6.1; WOW64; rv:56.0) Gecko/20100101 Firefox/56.0"
192.168.1.204 - - [18/Dec/2018:11:57:25 +0700] "GET /sismadak/application/report/dashboard.php HTTP/1.1" 200 20961 "http://192.168.1.8/sismadak/menu.php" "Mozilla/5.0 (Windows NT 6.1; WOW64; rv:56.0) Gecko/20100101 Firefox/56.0"
192.168.1.209 - - [18/Dec/2018:11:57:26 +0700] "GET /sismadak/application/assessment/hospital_assessment_chapter.php?event_id=2&category_id=4 HTTP/1.1" 200 46177 "http://192.168.1.8/sismadak/application/assessment/hospital_assessment_reguler_list.php?category_id=4&module_id=4" "Mozilla/5.0 (Windows NT 6.1; WOW64; rv:55.0) Gecko/20100101 Firefox/55.0"
192.168.1.209 - - [18/Dec/2018:11:57:27 +0700] "GET /sismadak/application/assessment/hospital_assessment_chapter.php?event_id=2&category_id=4&grid_id=list1&_search=false&nd=1545109071422&rows=20&jqgrid_page=1&sidx=chapter_id&sord=asc HTTP/1.1" 200 6140 "http://192.168.1.8/sismadak/application/assessment/hospital_assessment_chapter.php?event_id=2&category_id=4" "Mozilla/5.0 (Windows NT 6.1; WOW64; rv:55.0) Gecko/20100101 Firefox/55.0"
192.168.1.205 - - [18/Dec/2018:11:57:28 +0700] "POST /sismadak/application/assessment/hospital_assessment_document_upload.php?chapter_id=19&instrument_id=1392&id=2,2&grid_id=list1 HTTP/1.1" 200 - "http://192.168.1.8/sismadak/application/assessment/hospital_assessment_document_upload.php?chapter_id=19&instrument_id=1392&id=2,2" "Mozilla/5.0 (Windows NT 6.1; WOW64; rv:55.0) Gecko/20100101 Firefox/55.0"
192.168.1.205 - - [18/Dec/2018:11:57:28 +0700] "GET /sismadak/application/assessment/hospital_assessment_document_upload.php?chapter_id=19&instrument_id=1392&id=2,2&grid_id=list1&_search=false&nd=1545109072335&rows=15&jqgrid_page=0&sidx=1&sord=asc HTTP/1.1" 200 510 "http://192.168.1.8/sismadak/application/assessment/hospital_assessment_document_upload.php?chapter_id=19&instrument_id=1392&id=2,2" "Mozilla/5.0 (Windows NT 6.1; WOW64; rv:55.0) Gecko/20100101 Firefox/55.0"
192.168.1.205 - - [18/Dec/2018:11:57:28 +0700] "POST /sismadak/application/assessment/hospital_assessment_document_upload.php?chapter_id=19&instrument_id=1392&id=2,2&grid_id=list1 HTTP/1.1" 200 - "http://192.168.1.8/sismadak/application/assessment/hospital_assessment_document_upload.php?chapter_id=19&instrument_id=1392&id=2,2" "Mozilla/5.0 (Windows NT 6.1; WOW64; rv:55.0) Gecko/20100101 Firefox/55.0"
169.254.217.95 - - [18/Dec/2018:11:57:31 +0700] "GET /sismadak/application/assessment/hospital_assessment_chapter.php?event_id=2&category_id=4&grid_id=list1&_search=false&nd=1545109073335&rows=20&jqgrid_page=1&sidx=chapter_id&sord=asc&filters= HTTP/1.1" 200 6140 "http://192.168.1.8/sismadak/application/assessment/hospital_assessment_chapter.php?event_id=2&category_id=4" "Mozilla/5.0 (Windows NT 10.0; Win64; x64) AppleWebKit/537.36 (KHTML, like Gecko) Chrome/70.0.3538.110 Safari/537.36"
169.254.217.95 - - [18/Dec/2018:11:57:32 +0700] "GET /sismadak/application/assessment/hospital_assessment_chapter.php?event_id=2&category_id=4&grid_id=list1&_search=false&nd=1545109074417&rows=20&jqgrid_page=1&sidx=chapter_id&sord=asc&filters= HTTP/1.1" 200 6140 "http://192.168.1.8/sismadak/application/assessment/hospital_assessment_chapter.php?event_id=2&category_id=4" "Mozilla/5.0 (Windows NT 10.0; Win64; x64) AppleWebKit/537.36 (KHTML, like Gecko) Chrome/70.0.3538.110 Safari/537.36"
192.168.1.204 - - [18/Dec/2018:11:57:33 +0700] "GET /sismadak/images/bullet_on.png HTTP/1.1" 304 - "http://192.168.1.8/sismadak/lib/js/menu/menu.css" "Mozilla/5.0 (Windows NT 6.1; WOW64; rv:56.0) Gecko/20100101 Firefox/56.0"
169.254.175.243 - - [18/Dec/2018:11:57:32 +0700] "POST /sismadak/application/assessment/hospital_assessment_chapter.php?event_id=2&category_id=4&grid_id=list1 HTTP/1.1" 200 - "http://192.168.1.8/sismadak/application/assessment/hospital_assessment_chapter.php?event_id=2&category_id=4" "Mozilla/5.0 (Windows NT 6.1; rv:37.0) Gecko/20100101 Firefox/37.0"
192.168.1.228 - - [18/Dec/2018:11:57:32 +0700] "GET /sismadak/application/assessment/hospital_assessment_document_upload.php?chapter_id=23&instrument_id=1790&id=2,2 HTTP/1.1" 200 56835 "http://192.168.1.8/sismadak/application/assessment/hospital_assessment_chapter_online.php?chapter_id=23&event_id=2" "Mozilla/5.0 (Windows NT 6.1; WOW64; rv:55.0) Gecko/20100101 Firefox/55.0"
169.254.175.243 - - [18/Dec/2018:11:57:33 +0700] "GET /sismadak/application/assessment/hospital_assessment_chapter.php?event_id=2&category_id=4&grid_id=list1&_search=false&nd=1545109077177&rows=20&jqgrid_page=1&sidx=chapter_id&sord=asc HTTP/1.1" 200 6140 "http://192.168.1.8/sismadak/application/assessment/hospital_assessment_chapter.php?event_id=2&category_id=4" "Mozilla/5.0 (Windows NT 6.1; rv:37.0) Gecko/20100101 Firefox/37.0"
192.168.1.204 - - [18/Dec/2018:11:57:33 +0700] "GET /sismadak/application/assessment/hospital_assessment_reguler_list.php?category_id=4&module_id=4 HTTP/1.1" 200 50021 "http://192.168.1.8/sismadak/menu.php" "Mozilla/5.0 (Windows NT 6.1; WOW64; rv:56.0) Gecko/20100101 Firefox/56.0"
192.168.1.236 - - [18/Dec/2018:11:57:33 +0700] "GET /sismadak/application/assessment/hospital_assessment_reguler_list.php?category_id=4&module_id=4 HTTP/1.1" 200 50021 "http://192.168.1.8/sismadak/menu.php" "Mozilla/5.0 (Windows NT 6.1; WOW64; rv:55.0) Gecko/20100101 Firefox/55.0"
192.168.1.228 - - [18/Dec/2018:11:57:33 +0700] "GET /sismadak/application/assessment/hospital_assessment_document_upload.php?chapter_id=23&instrument_id=1790&id=2,2&grid_id=list1&_search=false&nd=1545109077427&rows=15&jqgrid_page=1&sidx=1&sord=asc HTTP/1.1" 200 505 "http://192.168.1.8/sismadak/application/assessment/hospital_assessment_document_upload.php?chapter_id=23&instrument_id=1790&id=2,2" "Mozilla/5.0 (Windows NT 6.1; WOW64; rv:55.0) Gecko/20100101 Firefox/55.0"
192.168.1.204 - - [18/Dec/2018:11:57:33 +0700] "GET /sismadak/application/assessment/hospital_assessment_reguler_list.php?category_id=4&module_id=4&grid_id=list1&_search=false&nd=1545109077546&rows=20&jqgrid_page=1&sidx=accreditation_id&sord=desc HTTP/1.1" 200 740 "http://192.168.1.8/sismadak/application/assessment/hospital_assessment_reguler_list.php?category_id=4&module_id=4" "Mozilla/5.0 (Windows NT 6.1; WOW64; rv:56.0) Gecko/20100101 Firefox/56.0"
192.168.1.236 - - [18/Dec/2018:11:57:34 +0700] "GET /sismadak/application/assessment/hospital_assessment_reguler_list.php?category_id=4&module_id=4&grid_id=list1&_search=false&nd=1545109078183&rows=20&jqgrid_page=1&sidx=accreditation_id&sord=desc HTTP/1.1" 200 740 "http://192.168.1.8/sismadak/application/assessment/hospital_assessment_reguler_list.php?category_id=4&module_id=4" "Mozilla/5.0 (Windows NT 6.1; WOW64; rv:55.0) Gecko/20100101 Firefox/55.0"
192.168.1.119 - - [18/Dec/2018:11:57:34 +0700] "GET /sismadak/logout.php HTTP/1.1" 302 - "http://192.168.1.8/sismadak/menu.php" "Mozilla/5.0 (Windows NT 10.0; WOW64; rv:49.0) Gecko/20100101 Firefox/49.0"
192.168.1.119 - - [18/Dec/2018:11:57:34 +0700] "GET /sismadak/index.php HTTP/1.1" 200 2947 "http://192.168.1.8/sismadak/menu.php" "Mozilla/5.0 (Windows NT 10.0; WOW64; rv:49.0) Gecko/20100101 Firefox/49.0"
192.168.1.209 - - [18/Dec/2018:11:57:35 +0700] "GET /sismadak/application/assessment/hospital_assessment_chapter.php?event_id=2&category_id=4&grid_id=list1&_search=false&nd=1545109079902&rows=20&jqgrid_page=1&sidx=chapter_id&sord=asc&filters= HTTP/1.1" 200 6140 "http://192.168.1.8/sismadak/application/assessment/hospital_assessment_chapter.php?event_id=2&category_id=4" "Mozilla/5.0 (Windows NT 6.1; WOW64; rv:55.0) Gecko/20100101 Firefox/55.0"
192.168.1.204 - - [18/Dec/2018:11:57:36 +0700] "GET /sismadak/application/assessment/hospital_assessment_chapter.php?event_id=2&category_id=4 HTTP/1.1" 200 46177 "http://192.168.1.8/sismadak/application/assessment/hospital_assessment_reguler_list.php?category_id=4&module_id=4" "Mozilla/5.0 (Windows NT 6.1; WOW64; rv:56.0) Gecko/20100101 Firefox/56.0"
192.168.1.204 - - [18/Dec/2018:11:57:36 +0700] "GET /sismadak/application/assessment/hospital_assessment_chapter.php?event_id=2&category_id=4&grid_id=list1&_search=false&nd=1545109080145&rows=20&jqgrid_page=1&sidx=chapter_id&sord=asc HTTP/1.1" 200 6140 "http://192.168.1.8/sismadak/application/assessment/hospital_assessment_chapter.php?event_id=2&category_id=4" "Mozilla/5.0 (Windows NT 6.1; WOW64; rv:56.0) Gecko/20100101 Firefox/56.0"
192.168.1.236 - - [18/Dec/2018:11:57:40 +0700] "GET /sismadak/application/assessment/hospital_assessment_reguler_list.php?category_id=4&module_id=4&grid_id=list1&_search=false&nd=1545109084836&rows=20&jqgrid_page=1&sidx=accreditation_id&sord=desc&filters=%7B%22groupOp%22%3A%22AND%22%2C%22rules%22%3A%5B%5D%7D HTTP/1.1" 200 740 "http://192.168.1.8/sismadak/application/assessment/hospital_assessment_reguler_list.php?category_id=4&module_id=4" "Mozilla/5.0 (Windows NT 6.1; WOW64; rv:55.0) Gecko/20100101 Firefox/55.0"
192.168.1.236 - - [18/Dec/2018:11:57:42 +0700] "GET /sismadak/application/assessment/hospital_assessment_reguler_list.php?category_id=4&module_id=4&grid_id=list1&_search=false&nd=1545109086439&rows=20&jqgrid_page=1&sidx=accreditation_id&sord=desc&filters=%7B%22groupOp%22%3A%22AND%22%2C%22rules%22%3A%5B%5D%7D HTTP/1.1" 200 740 "http://192.168.1.8/sismadak/application/assessment/hospital_assessment_reguler_list.php?category_id=4&module_id=4" "Mozilla/5.0 (Windows NT 6.1; WOW64; rv:55.0) Gecko/20100101 Firefox/55.0"
192.168.1.236 - - [18/Dec/2018:11:57:43 +0700] "GET /sismadak/application/assessment/hospital_assessment_reguler_list.php?category_id=4&module_id=4&grid_id=list1&_search=false&nd=1545109088096&rows=20&jqgrid_page=1&sidx=accreditation_id&sord=desc&filters=%7B%22groupOp%22%3A%22AND%22%2C%22rules%22%3A%5B%5D%7D HTTP/1.1" 200 740 "http://192.168.1.8/sismadak/application/assessment/hospital_assessment_reguler_list.php?category_id=4&module_id=4" "Mozilla/5.0 (Windows NT 6.1; WOW64; rv:55.0) Gecko/20100101 Firefox/55.0"
192.168.1.229 - - [18/Dec/2018:11:57:45 +0700] "POST /sismadak/index.php HTTP/1.1" 302 2947 "http://192.168.1.8/sismadak/index.php" "Mozilla/5.0 (Windows NT 6.1; Win64; x64; rv:57.0) Gecko/20100101 Firefox/57.0"
192.168.1.229 - - [18/Dec/2018:11:57:45 +0700] "GET /sismadak/menu.php HTTP/1.1" 200 6547 "http://192.168.1.8/sismadak/index.php" "Mozilla/5.0 (Windows NT 6.1; Win64; x64; rv:57.0) Gecko/20100101 Firefox/57.0"
192.168.1.229 - - [18/Dec/2018:11:57:45 +0700] "GET /sismadak/application/report/dashboard.php HTTP/1.1" 200 20961 "http://192.168.1.8/sismadak/menu.php" "Mozilla/5.0 (Windows NT 6.1; Win64; x64; rv:57.0) Gecko/20100101 Firefox/57.0"
192.168.1.236 - - [18/Dec/2018:11:57:47 +0700] "GET /sismadak/application/assessment/hospital_assessment_reguler_list.php?category_id=4&module_id=4&grid_id=list1&_search=false&nd=1545109092125&rows=20&jqgrid_page=1&sidx=accreditation_id&sord=desc&filters=%7B%22groupOp%22%3A%22AND%22%2C%22rules%22%3A%5B%5D%7D HTTP/1.1" 200 740 "http://192.168.1.8/sismadak/application/assessment/hospital_assessment_reguler_list.php?category_id=4&module_id=4" "Mozilla/5.0 (Windows NT 6.1; WOW64; rv:55.0) Gecko/20100101 Firefox/55.0"
192.168.1.228 - - [18/Dec/2018:11:57:47 +0700] "GET /sismadak/application/assessment/hospital_assessment_chapter_online.php?chapter_id=23&event_id=2&grid_id=list1&_search=false&nd=1545109091456&rows=20&jqgrid_page=1&sidx=instrument_standard_id+asc%2C+instrument_id&sord=asc&filters=%7B%22groupOp%22%3A%22AND%22%2C%22rules%22%3A%5B%5D%7D HTTP/1.1" 200 18729 "http://192.168.1.8/sismadak/application/assessment/hospital_assessment_chapter_online.php?chapter_id=23&event_id=2" "Mozilla/5.0 (Windows NT 6.1; WOW64; rv:55.0) Gecko/20100101 Firefox/55.0"
192.168.1.229 - - [18/Dec/2018:11:57:52 +0700] "GET /sismadak/application/user_management/staff_user_list.php HTTP/1.1" 200 53636 "http://192.168.1.8/sismadak/menu.php" "Mozilla/5.0 (Windows NT 6.1; Win64; x64; rv:57.0) Gecko/20100101 Firefox/57.0"
192.168.1.209 - - [18/Dec/2018:11:57:52 +0700] "POST /sismadak/application/assessment/hospital_assessment_chapter.php?event_id=2&category_id=4&grid_id=list1 HTTP/1.1" 200 - "http://192.168.1.8/sismadak/application/assessment/hospital_assessment_chapter.php?event_id=2&category_id=4" "Mozilla/5.0 (Windows NT 6.1; WOW64; rv:55.0) Gecko/20100101 Firefox/55.0"
192.168.1.217 - - [18/Dec/2018:11:57:52 +0700] "GET /sismadak/application/assessment/hospital_assessment_reguler_list.php?category_id=4&module_id=4 HTTP/1.1" 200 50021 "http://192.168.1.8/sismadak/menu.php" "Mozilla/5.0 (Windows NT 6.1; rv:41.0) Gecko/20100101 Firefox/41.0"
192.168.1.229 - - [18/Dec/2018:11:57:52 +0700] "GET /sismadak/application/user_management/staff_user_list.php?grid_id=list1&_search=false&nd=1545109095810&rows=50&jqgrid_page=1&sidx=user_id&sord=asc HTTP/1.1" 200 9150 "http://192.168.1.8/sismadak/application/user_management/staff_user_list.php" "Mozilla/5.0 (Windows NT 6.1; Win64; x64; rv:57.0) Gecko/20100101 Firefox/57.0"
192.168.1.209 - - [18/Dec/2018:11:57:52 +0700] "GET /sismadak/application/assessment/hospital_assessment_chapter.php?event_id=2&category_id=4&grid_id=list1&_search=false&nd=1545109096812&rows=20&jqgrid_page=1&sidx=chapter_id&sord=asc&filters= HTTP/1.1" 200 6148 "http://192.168.1.8/sismadak/application/assessment/hospital_assessment_chapter.php?event_id=2&category_id=4" "Mozilla/5.0 (Windows NT 6.1; WOW64; rv:55.0) Gecko/20100101 Firefox/55.0"
192.168.1.217 - - [18/Dec/2018:11:57:53 +0700] "GET /sismadak/application/assessment/hospital_assessment_reguler_list.php?category_id=4&module_id=4&grid_id=list1&_search=false&nd=1545109097660&rows=20&jqgrid_page=1&sidx=accreditation_id&sord=desc HTTP/1.1" 200 740 "http://192.168.1.8/sismadak/application/assessment/hospital_assessment_reguler_list.php?category_id=4&module_id=4" "Mozilla/5.0 (Windows NT 6.1; rv:41.0) Gecko/20100101 Firefox/41.0"
192.168.1.228 - - [18/Dec/2018:11:57:55 +0700] "GET /sismadak/application/assessment/hospital_assessment_document_upload.php?chapter_id=23&instrument_id=1794&id=2,2 HTTP/1.1" 200 56835 "http://192.168.1.8/sismadak/application/assessment/hospital_assessment_chapter_online.php?chapter_id=23&event_id=2" "Mozilla/5.0 (Windows NT 6.1; WOW64; rv:55.0) Gecko/20100101 Firefox/55.0"
192.168.1.228 - - [18/Dec/2018:11:57:55 +0700] "GET /sismadak/application/assessment/hospital_assessment_document_upload.php?chapter_id=23&instrument_id=1794&id=2,2&grid_id=list1&_search=false&nd=1545109099967&rows=15&jqgrid_page=1&sidx=1&sord=asc HTTP/1.1" 200 498 "http://192.168.1.8/sismadak/application/assessment/hospital_assessment_document_upload.php?chapter_id=23&instrument_id=1794&id=2,2" "Mozilla/5.0 (Windows NT 6.1; WOW64; rv:55.0) Gecko/20100101 Firefox/55.0"
192.168.1.217 - - [18/Dec/2018:11:57:59 +0700] "GET /sismadak/application/report/dashboard.php HTTP/1.1" 200 20995 "http://192.168.1.8/sismadak/menu.php" "Mozilla/5.0 (Windows NT 6.1; rv:41.0) Gecko/20100101 Firefox/41.0"
192.168.1.236 - - [18/Dec/2018:11:58:01 +0700] "GET /sismadak/index.php HTTP/1.1" 302 - "http://192.168.1.8/sismadak/menu.php" "Mozilla/5.0 (Windows NT 6.1; WOW64; rv:55.0) Gecko/20100101 Firefox/55.0"
192.168.1.236 - - [18/Dec/2018:11:58:01 +0700] "GET /sismadak/application/report/dashboard.php HTTP/1.1" 200 20995 "http://192.168.1.8/sismadak/menu.php" "Mozilla/5.0 (Windows NT 6.1; WOW64; rv:55.0) Gecko/20100101 Firefox/55.0"
169.254.217.95 - - [18/Dec/2018:11:58:01 +0700] "GET /sismadak/application/assessment/hospital_assessment_chapter.php?event_id=2&category_id=4&grid_id=list1&_search=false&nd=1545109103563&rows=20&jqgrid_page=1&sidx=chapter_id&sord=asc&filters= HTTP/1.1" 200 6148 "http://192.168.1.8/sismadak/application/assessment/hospital_assessment_chapter.php?event_id=2&category_id=4" "Mozilla/5.0 (Windows NT 10.0; Win64; x64) AppleWebKit/537.36 (KHTML, like Gecko) Chrome/70.0.3538.110 Safari/537.36"
169.254.217.95 - - [18/Dec/2018:11:58:02 +0700] "GET /sismadak/application/assessment/hospital_assessment_chapter.php?event_id=2&category_id=4&grid_id=list1&_search=false&nd=1545109104829&rows=20&jqgrid_page=1&sidx=chapter_id&sord=asc&filters= HTTP/1.1" 200 6148 "http://192.168.1.8/sismadak/application/assessment/hospital_assessment_chapter.php?event_id=2&category_id=4" "Mozilla/5.0 (Windows NT 10.0; Win64; x64) AppleWebKit/537.36 (KHTML, like Gecko) Chrome/70.0.3538.110 Safari/537.36"
192.168.1.228 - - [18/Dec/2018:11:58:03 +0700] "POST /sismadak/application/assessment/hospital_assessment_chapter_online.php?chapter_id=23&event_id=2&grid_id=list1 HTTP/1.1" 200 - "http://192.168.1.8/sismadak/application/assessment/hospital_assessment_chapter_online.php?chapter_id=23&event_id=2" "Mozilla/5.0 (Windows NT 6.1; WOW64; rv:55.0) Gecko/20100101 Firefox/55.0"
192.168.1.236 - - [18/Dec/2018:11:58:03 +0700] "GET /sismadak/application/user_management/staff_user_list.php HTTP/1.1" 302 81 "http://192.168.1.8/sismadak/menu.php" "Mozilla/5.0 (Windows NT 6.1; WOW64; rv:55.0) Gecko/20100101 Firefox/55.0"
192.168.1.236 - - [18/Dec/2018:11:58:03 +0700] "GET / HTTP/1.1" 302 - "http://192.168.1.8/sismadak/menu.php" "Mozilla/5.0 (Windows NT 6.1; WOW64; rv:55.0) Gecko/20100101 Firefox/55.0"
192.168.1.236 - - [18/Dec/2018:11:58:03 +0700] "GET /dashboard/ HTTP/1.1" 200 6904 "http://192.168.1.8/sismadak/menu.php" "Mozilla/5.0 (Windows NT 6.1; WOW64; rv:55.0) Gecko/20100101 Firefox/55.0"
192.168.1.236 - - [18/Dec/2018:11:58:03 +0700] "GET /dashboard/stylesheets/normalize.css HTTP/1.1" 200 6876 "http://192.168.1.8/dashboard/" "Mozilla/5.0 (Windows NT 6.1; WOW64; rv:55.0) Gecko/20100101 Firefox/55.0"
192.168.1.236 - - [18/Dec/2018:11:58:03 +0700] "GET /dashboard/javascripts/modernizr.js HTTP/1.1" 200 51365 "http://192.168.1.8/dashboard/" "Mozilla/5.0 (Windows NT 6.1; WOW64; rv:55.0) Gecko/20100101 Firefox/55.0"
192.168.1.236 - - [18/Dec/2018:11:58:03 +0700] "GET /dashboard/javascripts/all.js HTTP/1.1" 200 189003 "http://192.168.1.8/dashboard/" "Mozilla/5.0 (Windows NT 6.1; WOW64; rv:55.0) Gecko/20100101 Firefox/55.0"
192.168.1.236 - - [18/Dec/2018:11:58:03 +0700] "GET /dashboard/stylesheets/all.css HTTP/1.1" 200 481308 "http://192.168.1.8/dashboard/" "Mozilla/5.0 (Windows NT 6.1; WOW64; rv:55.0) Gecko/20100101 Firefox/55.0"
192.168.1.119 - - [18/Dec/2018:11:58:03 +0700] "POST /sismadak/index.php HTTP/1.1" 302 2947 "http://192.168.1.8/sismadak/index.php" "Mozilla/5.0 (Windows NT 10.0; WOW64; rv:49.0) Gecko/20100101 Firefox/49.0"
192.168.1.119 - - [18/Dec/2018:11:58:04 +0700] "GET /sismadak/menu.php HTTP/1.1" 200 4089 "http://192.168.1.8/sismadak/index.php" "Mozilla/5.0 (Windows NT 10.0; WOW64; rv:49.0) Gecko/20100101 Firefox/49.0"
192.168.1.119 - - [18/Dec/2018:11:58:04 +0700] "GET /sismadak/application/report/dashboard.php HTTP/1.1" 200 20995 "http://192.168.1.8/sismadak/menu.php" "Mozilla/5.0 (Windows NT 10.0; WOW64; rv:49.0) Gecko/20100101 Firefox/49.0"
192.168.1.228 - - [18/Dec/2018:11:58:03 +0700] "GET /sismadak/application/assessment/hospital_assessment_chapter_online.php?chapter_id=23&event_id=2&grid_id=list1&_search=false&nd=1545109107345&rows=20&jqgrid_page=1&sidx=instrument_standard_id+asc%2C+instrument_id&sord=asc&filters=%7B%22groupOp%22%3A%22AND%22%2C%22rules%22%3A%5B%5D%7D HTTP/1.1" 200 18729 "http://192.168.1.8/sismadak/application/assessment/hospital_assessment_chapter_online.php?chapter_id=23&event_id=2" "Mozilla/5.0 (Windows NT 6.1; WOW64; rv:55.0) Gecko/20100101 Firefox/55.0"
192.168.1.236 - - [18/Dec/2018:11:58:04 +0700] "GET /dashboard/images/bitnami-xampp.png HTTP/1.1" 200 22133 "http://192.168.1.8/dashboard/" "Mozilla/5.0 (Windows NT 6.1; WOW64; rv:55.0) Gecko/20100101 Firefox/55.0"
192.168.1.236 - - [18/Dec/2018:11:58:04 +0700] "GET /dashboard/images/xampp-logo.svg HTTP/1.1" 200 5427 "http://192.168.1.8/dashboard/" "Mozilla/5.0 (Windows NT 6.1; WOW64; rv:55.0) Gecko/20100101 Firefox/55.0"
192.168.1.236 - - [18/Dec/2018:11:58:04 +0700] "GET /dashboard/images/fastly-logo.png HTTP/1.1" 200 1770 "http://192.168.1.8/dashboard/" "Mozilla/5.0 (Windows NT 6.1; WOW64; rv:55.0) Gecko/20100101 Firefox/55.0"
192.168.1.236 - - [18/Dec/2018:11:58:04 +0700] "GET /dashboard/images/social-icons.png HTTP/1.1" 200 3361 "http://192.168.1.8/dashboard/stylesheets/all.css" "Mozilla/5.0 (Windows NT 6.1; WOW64; rv:55.0) Gecko/20100101 Firefox/55.0"
192.168.1.217 - - [18/Dec/2018:11:58:06 +0700] "GET /sismadak/application/assessment/hospital_assessment_reguler_list.php?category_id=4&module_id=4 HTTP/1.1" 200 50021 "http://192.168.1.8/sismadak/menu.php" "Mozilla/5.0 (Windows NT 6.1; rv:41.0) Gecko/20100101 Firefox/41.0"
192.168.1.236 - - [18/Dec/2018:11:58:07 +0700] "GET /sismadak/application/report/dashboard.php HTTP/1.1" 200 20995 "http://192.168.1.8/sismadak/menu.php" "Mozilla/5.0 (Windows NT 6.1; WOW64; rv:55.0) Gecko/20100101 Firefox/55.0"
192.168.1.217 - - [18/Dec/2018:11:58:07 +0700] "GET /sismadak/application/assessment/hospital_assessment_reguler_list.php?category_id=4&module_id=4&grid_id=list1&_search=false&nd=1545109111640&rows=20&jqgrid_page=1&sidx=accreditation_id&sord=desc HTTP/1.1" 200 740 "http://192.168.1.8/sismadak/application/assessment/hospital_assessment_reguler_list.php?category_id=4&module_id=4" "Mozilla/5.0 (Windows NT 6.1; rv:41.0) Gecko/20100101 Firefox/41.0"
192.168.1.236 - - [18/Dec/2018:11:58:08 +0700] "GET /sismadak/application/report/dashboard.php HTTP/1.1" 200 20995 "http://192.168.1.8/sismadak/menu.php" "Mozilla/5.0 (Windows NT 6.1; WOW64; rv:55.0) Gecko/20100101 Firefox/55.0"
192.168.1.153 - - [18/Dec/2018:11:58:11 +0700] "POST /sismadak/application/assessment/hospital_assessment_chapter.php?event_id=2&category_id=4&grid_id=list1 HTTP/1.1" 200 - "http://192.168.1.8/sismadak/application/assessment/hospital_assessment_chapter.php?event_id=2&category_id=4" "Mozilla/5.0 (Windows NT 6.3; WOW64; rv:64.0) Gecko/20100101 Firefox/64.0"
192.168.1.119 - - [18/Dec/2018:11:58:11 +0700] "GET /sismadak/application/assessment/hospital_assessment_reguler_list.php?category_id=4&module_id=4 HTTP/1.1" 200 50021 "http://192.168.1.8/sismadak/menu.php" "Mozilla/5.0 (Windows NT 10.0; WOW64; rv:49.0) Gecko/20100101 Firefox/49.0"
192.168.1.119 - - [18/Dec/2018:11:58:11 +0700] "GET /sismadak/application/assessment/hospital_assessment_reguler_list.php?category_id=4&module_id=4 HTTP/1.1" 200 50021 "http://192.168.1.8/sismadak/menu.php" "Mozilla/5.0 (Windows NT 10.0; WOW64; rv:49.0) Gecko/20100101 Firefox/49.0"
192.168.1.153 - - [18/Dec/2018:11:58:11 +0700] "GET /sismadak/application/assessment/hospital_assessment_chapter.php?event_id=2&category_id=4&grid_id=list1&_search=false&nd=1545109118467&rows=20&jqgrid_page=1&sidx=chapter_id&sord=asc HTTP/1.1" 200 6148 "http://192.168.1.8/sismadak/application/assessment/hospital_assessment_chapter.php?event_id=2&category_id=4" "Mozilla/5.0 (Windows NT 6.3; WOW64; rv:64.0) Gecko/20100101 Firefox/64.0"
192.168.1.119 - - [18/Dec/2018:11:58:12 +0700] "GET /sismadak/application/assessment/hospital_assessment_reguler_list.php?category_id=4&module_id=4&grid_id=list1&_search=false&nd=1545109123506&rows=20&jqgrid_page=1&sidx=accreditation_id&sord=desc HTTP/1.1" 200 740 "http://192.168.1.8/sismadak/application/assessment/hospital_assessment_reguler_list.php?category_id=4&module_id=4" "Mozilla/5.0 (Windows NT 10.0; WOW64; rv:49.0) Gecko/20100101 Firefox/49.0"
192.168.1.228 - - [18/Dec/2018:11:58:15 +0700] "POST /sismadak/application/assessment/hospital_assessment_chapter_online.php?chapter_id=23&event_id=2&grid_id=list1 HTTP/1.1" 200 - "http://192.168.1.8/sismadak/application/assessment/hospital_assessment_chapter_online.php?chapter_id=23&event_id=2" "Mozilla/5.0 (Windows NT 6.1; WOW64; rv:55.0) Gecko/20100101 Firefox/55.0"
192.168.1.119 - - [18/Dec/2018:11:58:16 +0700] "GET /sismadak/application/assessment/hospital_document_find.php HTTP/1.1" 200 55502 "http://192.168.1.8/sismadak/menu.php" "Mozilla/5.0 (Windows NT 10.0; WOW64; rv:49.0) Gecko/20100101 Firefox/49.0"
192.168.1.228 - - [18/Dec/2018:11:58:15 +0700] "GET /sismadak/application/assessment/hospital_assessment_chapter_online.php?chapter_id=23&event_id=2&grid_id=list1&_search=false&nd=1545109119528&rows=20&jqgrid_page=1&sidx=instrument_standard_id+asc%2C+instrument_id&sord=asc&filters=%7B%22groupOp%22%3A%22AND%22%2C%22rules%22%3A%5B%5D%7D HTTP/1.1" 200 18729 "http://192.168.1.8/sismadak/application/assessment/hospital_assessment_chapter_online.php?chapter_id=23&event_id=2" "Mozilla/5.0 (Windows NT 6.1; WOW64; rv:55.0) Gecko/20100101 Firefox/55.0"
192.168.1.119 - - [18/Dec/2018:11:58:16 +0700] "GET /sismadak/application/assessment/hospital_document_find.php HTTP/1.1" 200 55502 "http://192.168.1.8/sismadak/menu.php" "Mozilla/5.0 (Windows NT 10.0; WOW64; rv:49.0) Gecko/20100101 Firefox/49.0"
192.168.1.119 - - [18/Dec/2018:11:58:16 +0700] "GET /sismadak/application/assessment/hospital_document_find.php?grid_id=list1&_search=false&nd=1545109127864&rows=30&jqgrid_page=1&sidx=1&sord=asc HTTP/1.1" 200 7444 "http://192.168.1.8/sismadak/application/assessment/hospital_document_find.php" "Mozilla/5.0 (Windows NT 10.0; WOW64; rv:49.0) Gecko/20100101 Firefox/49.0"
192.168.1.217 - - [18/Dec/2018:11:58:16 +0700] "GET /sismadak/application/assessment/hospital_assessment_chapter.php?event_id=2&category_id=4 HTTP/1.1" 200 46177 "http://192.168.1.8/sismadak/application/assessment/hospital_assessment_reguler_list.php?category_id=4&module_id=4" "Mozilla/5.0 (Windows NT 6.1; rv:41.0) Gecko/20100101 Firefox/41.0"
192.168.1.217 - - [18/Dec/2018:11:58:17 +0700] "GET /sismadak/application/assessment/hospital_assessment_chapter.php?event_id=2&category_id=4&grid_id=list1&_search=false&nd=1545109121824&rows=20&jqgrid_page=1&sidx=chapter_id&sord=asc HTTP/1.1" 200 6148 "http://192.168.1.8/sismadak/application/assessment/hospital_assessment_chapter.php?event_id=2&category_id=4" "Mozilla/5.0 (Windows NT 6.1; rv:41.0) Gecko/20100101 Firefox/41.0"
192.168.1.212 - - [18/Dec/2018:11:58:18 +0700] "POST /sismadak/application/assessment/hospital_assessment_chapter_online.php?chapter_id=24&event_id=2&grid_id=list1 HTTP/1.1" 200 - "http://192.168.1.8/sismadak/application/assessment/hospital_assessment_chapter_online.php?chapter_id=24&event_id=2" "Mozilla/5.0 (Windows NT 6.1; rv:64.0) Gecko/20100101 Firefox/64.0"
192.168.1.212 - - [18/Dec/2018:11:58:18 +0700] "GET /sismadak/application/assessment/hospital_assessment_chapter_online.php?chapter_id=24&event_id=2&grid_id=list1&_search=false&nd=1545109131255&rows=20&jqgrid_page=1&sidx=instrument_standard_id+asc%2C+instrument_id&sord=asc HTTP/1.1" 200 18965 "http://192.168.1.8/sismadak/application/assessment/hospital_assessment_chapter_online.php?chapter_id=24&event_id=2" "Mozilla/5.0 (Windows NT 6.1; rv:64.0) Gecko/20100101 Firefox/64.0"
192.168.1.236 - - [18/Dec/2018:11:58:19 +0700] "GET /sismadak/application/assessment/hospital_assessment_reguler_list.php?category_id=4&module_id=4 HTTP/1.1" 200 50021 "http://192.168.1.8/sismadak/menu.php" "Mozilla/5.0 (Windows NT 6.1; WOW64; rv:55.0) Gecko/20100101 Firefox/55.0"
192.168.1.236 - - [18/Dec/2018:11:58:19 +0700] "GET /sismadak/application/assessment/hospital_assessment_reguler_list.php?category_id=4&module_id=4 HTTP/1.1" 200 50021 "http://192.168.1.8/sismadak/menu.php" "Mozilla/5.0 (Windows NT 6.1; WOW64; rv:55.0) Gecko/20100101 Firefox/55.0"
192.168.1.119 - - [18/Dec/2018:11:58:20 +0700] "GET /sismadak/application/assessment/hospital_assessment_reguler_list.php?category_id=4&module_id=4 HTTP/1.1" 200 50021 "http://192.168.1.8/sismadak/menu.php" "Mozilla/5.0 (Windows NT 10.0; WOW64; rv:49.0) Gecko/20100101 Firefox/49.0"
192.168.1.119 - - [18/Dec/2018:11:58:20 +0700] "GET /sismadak/application/assessment/hospital_assessment_reguler_list.php?category_id=4&module_id=4 HTTP/1.1" 200 50021 "http://192.168.1.8/sismadak/menu.php" "Mozilla/5.0 (Windows NT 10.0; WOW64; rv:49.0) Gecko/20100101 Firefox/49.0"
192.168.1.236 - - [18/Dec/2018:11:58:20 +0700] "GET /sismadak/application/assessment/hospital_assessment_reguler_list.php?category_id=4&module_id=4&grid_id=list1&_search=false&nd=1545109124571&rows=20&jqgrid_page=1&sidx=accreditation_id&sord=desc HTTP/1.1" 200 740 "http://192.168.1.8/sismadak/application/assessment/hospital_assessment_reguler_list.php?category_id=4&module_id=4" "Mozilla/5.0 (Windows NT 6.1; WOW64; rv:55.0) Gecko/20100101 Firefox/55.0"
192.168.1.119 - - [18/Dec/2018:11:58:20 +0700] "GET /sismadak/application/assessment/hospital_assessment_reguler_list.php?category_id=4&module_id=4&grid_id=list1&_search=false&nd=1545109131994&rows=20&jqgrid_page=1&sidx=accreditation_id&sord=desc HTTP/1.1" 200 740 "http://192.168.1.8/sismadak/application/assessment/hospital_assessment_reguler_list.php?category_id=4&module_id=4" "Mozilla/5.0 (Windows NT 10.0; WOW64; rv:49.0) Gecko/20100101 Firefox/49.0"
169.254.148.246 - - [18/Dec/2018:11:58:21 +0700] "GET /sismadak/application/assessment/hospital_assessment_chapter_online.php?chapter_id=28&event_id=2 HTTP/1.1" 200 60981 "http://192.168.1.8/sismadak/application/assessment/hospital_assessment_chapter.php?event_id=2&category_id=4" "Mozilla/5.0 (Windows NT 6.1; Win64; x64) AppleWebKit/537.36 (KHTML, like Gecko) Chrome/71.0.3578.98 Safari/537.36"
169.254.148.246 - - [18/Dec/2018:11:58:22 +0700] "GET /sismadak/application/assessment/hospital_assessment_chapter_online.php?chapter_id=28&event_id=2&grid_id=list1&_search=false&nd=1545109134221&rows=20&jqgrid_page=1&sidx=instrument_standard_id+asc%2C+instrument_id&sord=asc HTTP/1.1" 200 18275 "http://192.168.1.8/sismadak/application/assessment/hospital_assessment_chapter_online.php?chapter_id=28&event_id=2" "Mozilla/5.0 (Windows NT 6.1; Win64; x64) AppleWebKit/537.36 (KHTML, like Gecko) Chrome/71.0.3578.98 Safari/537.36"
192.168.1.119 - - [18/Dec/2018:11:58:23 +0700] "GET /sismadak/application/assessment/hospital_assessment_chapter.php?event_id=2&category_id=4 HTTP/1.1" 200 46177 "http://192.168.1.8/sismadak/application/assessment/hospital_assessment_reguler_list.php?category_id=4&module_id=4" "Mozilla/5.0 (Windows NT 10.0; WOW64; rv:49.0) Gecko/20100101 Firefox/49.0"
192.168.1.119 - - [18/Dec/2018:11:58:23 +0700] "GET /sismadak/application/assessment/hospital_assessment_chapter.php?event_id=2&category_id=4 HTTP/1.1" 200 46177 "http://192.168.1.8/sismadak/application/assessment/hospital_assessment_reguler_list.php?category_id=4&module_id=4" "Mozilla/5.0 (Windows NT 10.0; WOW64; rv:49.0) Gecko/20100101 Firefox/49.0"
192.168.1.119 - - [18/Dec/2018:11:58:24 +0700] "GET /sismadak/application/assessment/hospital_assessment_chapter.php?event_id=2&category_id=4&grid_id=list1&_search=false&nd=1545109135389&rows=20&jqgrid_page=1&sidx=chapter_id&sord=asc HTTP/1.1" 200 6148 "http://192.168.1.8/sismadak/application/assessment/hospital_assessment_chapter.php?event_id=2&category_id=4" "Mozilla/5.0 (Windows NT 10.0; WOW64; rv:49.0) Gecko/20100101 Firefox/49.0"
192.168.1.219 - - [18/Dec/2018:11:58:24 +0700] "GET /sismadak/application/assessment/hospital_assessment_chapter.php?event_id=2&category_id=4&grid_id=list1&_search=false&nd=1545109126722&rows=20&jqgrid_page=1&sidx=chapter_id&sord=asc&filters= HTTP/1.1" 200 6148 "http://192.168.1.8/sismadak/application/assessment/hospital_assessment_chapter.php?event_id=2&category_id=4" "Mozilla/5.0 (Windows NT 6.1; rv:64.0) Gecko/20100101 Firefox/64.0"
192.168.1.228 - - [18/Dec/2018:11:58:24 +0700] "GET /sismadak/application/assessment/hospital_assessment_chapter_online.php?chapter_id=23&event_id=2&grid_id=list1&_search=false&nd=1545109128520&rows=20&jqgrid_page=1&sidx=instrument_standard_id+asc%2C+instrument_name&sord=asc&filters=%7B%22groupOp%22%3A%22AND%22%2C%22rules%22%3A%5B%5D%7D HTTP/1.1" 200 18711 "http://192.168.1.8/sismadak/application/assessment/hospital_assessment_chapter_online.php?chapter_id=23&event_id=2" "Mozilla/5.0 (Windows NT 6.1; WOW64; rv:55.0) Gecko/20100101 Firefox/55.0"
169.254.148.246 - - [18/Dec/2018:11:58:28 +0700] "GET /sismadak/application/assessment/hospital_assessment_document_upload.php?chapter_id=28&instrument_id=2235&id=2,2 HTTP/1.1" 200 56835 "http://192.168.1.8/sismadak/application/assessment/hospital_assessment_chapter_online.php?chapter_id=28&event_id=2" "Mozilla/5.0 (Windows NT 6.1; Win64; x64) AppleWebKit/537.36 (KHTML, like Gecko) Chrome/71.0.3578.98 Safari/537.36"
192.168.1.228 - - [18/Dec/2018:11:58:28 +0700] "GET /sismadak/application/assessment/hospital_assessment_chapter.php?event_id=2&category_id=4 HTTP/1.1" 200 46177 "http://192.168.1.8/sismadak/application/assessment/hospital_assessment_reguler_list.php?category_id=4&module_id=4" "Mozilla/5.0 (Windows NT 6.1; WOW64; rv:55.0) Gecko/20100101 Firefox/55.0"
192.168.1.228 - - [18/Dec/2018:11:58:28 +0700] "GET /sismadak/application/assessment/hospital_assessment_chapter.php?event_id=2&category_id=4&grid_id=list1&_search=false&nd=1545109132783&rows=20&jqgrid_page=1&sidx=chapter_id&sord=asc HTTP/1.1" 200 6148 "http://192.168.1.8/sismadak/application/assessment/hospital_assessment_chapter.php?event_id=2&category_id=4" "Mozilla/5.0 (Windows NT 6.1; WOW64; rv:55.0) Gecko/20100101 Firefox/55.0"
169.254.148.246 - - [18/Dec/2018:11:58:29 +0700] "GET /sismadak/application/assessment/hospital_assessment_document_upload.php?chapter_id=28&instrument_id=2235&id=2,2&grid_id=list1&_search=false&nd=1545109140759&rows=15&jqgrid_page=1&sidx=1&sord=asc HTTP/1.1" 200 1063 "http://192.168.1.8/sismadak/application/assessment/hospital_assessment_document_upload.php?chapter_id=28&instrument_id=2235&id=2,2" "Mozilla/5.0 (Windows NT 6.1; Win64; x64) AppleWebKit/537.36 (KHTML, like Gecko) Chrome/71.0.3578.98 Safari/537.36"
192.168.1.236 - - [18/Dec/2018:11:58:30 +0700] "GET /sismadak/application/assessment/hospital_assessment_reguler_list.php?category_id=4&module_id=4&grid_id=list1&_search=false&nd=1545109134861&rows=20&jqgrid_page=1&sidx=accreditation_id&sord=desc&filters=%7B%22groupOp%22%3A%22AND%22%2C%22rules%22%3A%5B%5D%7D HTTP/1.1" 200 740 "http://192.168.1.8/sismadak/application/assessment/hospital_assessment_reguler_list.php?category_id=4&module_id=4" "Mozilla/5.0 (Windows NT 6.1; WOW64; rv:55.0) Gecko/20100101 Firefox/55.0"
192.168.1.236 - - [18/Dec/2018:11:58:31 +0700] "GET /sismadak/application/assessment/hospital_assessment_reguler_list.php?category_id=4&module_id=4&grid_id=list1&_search=false&nd=1545109135270&rows=20&jqgrid_page=1&sidx=accreditation_id&sord=desc&filters=%7B%22groupOp%22%3A%22AND%22%2C%22rules%22%3A%5B%5D%7D HTTP/1.1" 200 740 "http://192.168.1.8/sismadak/application/assessment/hospital_assessment_reguler_list.php?category_id=4&module_id=4" "Mozilla/5.0 (Windows NT 6.1; WOW64; rv:55.0) Gecko/20100101 Firefox/55.0"
192.168.1.212 - - [18/Dec/2018:11:58:32 +0700] "POST /sismadak/application/assessment/hospital_assessment_chapter_online.php?chapter_id=24&event_id=2&grid_id=list1 HTTP/1.1" 200 - "http://192.168.1.8/sismadak/application/assessment/hospital_assessment_chapter_online.php?chapter_id=24&event_id=2" "Mozilla/5.0 (Windows NT 6.1; rv:64.0) Gecko/20100101 Firefox/64.0"
192.168.1.212 - - [18/Dec/2018:11:58:33 +0700] "GET /sismadak/application/assessment/hospital_assessment_chapter_online.php?chapter_id=24&event_id=2&grid_id=list1&_search=false&nd=1545109145579&rows=20&jqgrid_page=1&sidx=instrument_standard_id+asc%2C+instrument_id&sord=asc HTTP/1.1" 200 18964 "http://192.168.1.8/sismadak/application/assessment/hospital_assessment_chapter_online.php?chapter_id=24&event_id=2" "Mozilla/5.0 (Windows NT 6.1; rv:64.0) Gecko/20100101 Firefox/64.0"
192.168.1.205 - - [18/Dec/2018:11:58:34 +0700] "POST /sismadak/application/assessment/hospital_assessment_chapter_online.php?chapter_id=19&event_id=2&grid_id=list1 HTTP/1.1" 200 - "http://192.168.1.8/sismadak/application/assessment/hospital_assessment_chapter_online.php?chapter_id=19&event_id=2" "Mozilla/5.0 (Windows NT 6.1; WOW64; rv:55.0) Gecko/20100101 Firefox/55.0"
192.168.1.205 - - [18/Dec/2018:11:58:34 +0700] "GET /sismadak/application/assessment/hospital_assessment_chapter_online.php?chapter_id=19&event_id=2&grid_id=list1&_search=false&nd=1545109138386&rows=10&jqgrid_page=1&sidx=instrument_standard_id+asc%2C+evidence&sord=desc HTTP/1.1" 500 65 "http://192.168.1.8/sismadak/application/assessment/hospital_assessment_chapter_online.php?chapter_id=19&event_id=2" "Mozilla/5.0 (Windows NT 6.1; WOW64; rv:55.0) Gecko/20100101 Firefox/55.0"
169.254.217.95 - - [18/Dec/2018:11:58:35 +0700] "GET /sismadak/application/assessment/hospital_assessment_chapter.php?event_id=2&category_id=4&grid_id=list1&_search=false&nd=1545109137600&rows=20&jqgrid_page=1&sidx=chapter_id&sord=asc&filters= HTTP/1.1" 200 6148 "http://192.168.1.8/sismadak/application/assessment/hospital_assessment_chapter.php?event_id=2&category_id=4" "Mozilla/5.0 (Windows NT 10.0; Win64; x64) AppleWebKit/537.36 (KHTML, like Gecko) Chrome/70.0.3538.110 Safari/537.36"
192.168.1.236 - - [18/Dec/2018:11:58:35 +0700] "GET /sismadak/application/assessment/hospital_assessment_reguler_list.php?category_id=4&module_id=4&grid_id=list1&_search=false&nd=1545109139476&rows=20&jqgrid_page=1&sidx=accreditation_id&sord=desc&filters=%7B%22groupOp%22%3A%22AND%22%2C%22rules%22%3A%5B%5D%7D HTTP/1.1" 200 740 "http://192.168.1.8/sismadak/application/assessment/hospital_assessment_reguler_list.php?category_id=4&module_id=4" "Mozilla/5.0 (Windows NT 6.1; WOW64; rv:55.0) Gecko/20100101 Firefox/55.0"
169.254.217.95 - - [18/Dec/2018:11:58:36 +0700] "GET /sismadak/application/assessment/hospital_assessment_chapter.php?event_id=2&category_id=4&grid_id=list1&_search=false&nd=1545109139347&rows=20&jqgrid_page=1&sidx=chapter_id&sord=asc&filters= HTTP/1.1" 200 6148 "http://192.168.1.8/sismadak/application/assessment/hospital_assessment_chapter.php?event_id=2&category_id=4" "Mozilla/5.0 (Windows NT 10.0; Win64; x64) AppleWebKit/537.36 (KHTML, like Gecko) Chrome/70.0.3538.110 Safari/537.36"
169.254.148.246 - - [18/Dec/2018:11:58:39 +0700] "POST /sismadak/application/assessment/hospital_assessment_document_upload.php?chapter_id=28&instrument_id=2235&id=2,2&grid_id=list1 HTTP/1.1" 200 - "http://192.168.1.8/sismadak/application/assessment/hospital_assessment_document_upload.php?chapter_id=28&instrument_id=2235&id=2,2" "Mozilla/5.0 (Windows NT 6.1; Win64; x64) AppleWebKit/537.36 (KHTML, like Gecko) Chrome/71.0.3578.98 Safari/537.36"
192.168.1.219 - - [18/Dec/2018:11:58:39 +0700] "GET /sismadak/index.php HTTP/1.1" 302 - "http://192.168.1.8/sismadak/menu.php" "Mozilla/5.0 (Windows NT 6.1; rv:64.0) Gecko/20100101 Firefox/64.0"
192.168.1.219 - - [18/Dec/2018:11:58:39 +0700] "GET /sismadak/menu.php HTTP/1.1" 200 4090 "http://192.168.1.8/sismadak/menu.php" "Mozilla/5.0 (Windows NT 6.1; rv:64.0) Gecko/20100101 Firefox/64.0"
169.254.148.246 - - [18/Dec/2018:11:58:39 +0700] "GET /sismadak/application/assessment/hospital_assessment_document_upload.php?chapter_id=28&instrument_id=2235&id=2,2&grid_id=list1&_search=false&nd=1545109151488&rows=15&jqgrid_page=1&sidx=1&sord=asc HTTP/1.1" 200 528 "http://192.168.1.8/sismadak/application/assessment/hospital_assessment_document_upload.php?chapter_id=28&instrument_id=2235&id=2,2" "Mozilla/5.0 (Windows NT 6.1; Win64; x64) AppleWebKit/537.36 (KHTML, like Gecko) Chrome/71.0.3578.98 Safari/537.36"
192.168.1.219 - - [18/Dec/2018:11:58:40 +0700] "GET /sismadak/application/report/dashboard.php HTTP/1.1" 200 20995 "http://192.168.1.8/sismadak/menu.php" "Mozilla/5.0 (Windows NT 6.1; rv:64.0) Gecko/20100101 Firefox/64.0"
192.168.1.204 - - [18/Dec/2018:11:58:48 +0700] "POST /sismadak/application/assessment/hospital_assessment_chapter.php?event_id=2&category_id=4&grid_id=list1 HTTP/1.1" 200 - "http://192.168.1.8/sismadak/application/assessment/hospital_assessment_chapter.php?event_id=2&category_id=4" "Mozilla/5.0 (Windows NT 6.1; WOW64; rv:56.0) Gecko/20100101 Firefox/56.0"
192.168.1.204 - - [18/Dec/2018:11:58:48 +0700] "GET /sismadak/application/assessment/hospital_assessment_chapter.php?event_id=2&category_id=4&grid_id=list1&_search=false&nd=1545109152364&rows=20&jqgrid_page=1&sidx=chapter_id&sord=asc HTTP/1.1" 200 6148 "http://192.168.1.8/sismadak/application/assessment/hospital_assessment_chapter.php?event_id=2&category_id=4" "Mozilla/5.0 (Windows NT 6.1; WOW64; rv:56.0) Gecko/20100101 Firefox/56.0"
192.168.1.205 - - [18/Dec/2018:11:58:51 +0700] "GET /sismadak/application/assessment/hospital_assessment_chapter_online.php?chapter_id=19&event_id=2&grid_id=list1&_search=false&nd=1545109154574&rows=10&jqgrid_page=1&sidx=instrument_standard_id+asc%2C+evidence&sord=desc&filters=%7B%22groupOp%22%3A%22AND%22%2C%22rules%22%3A%5B%5D%7D HTTP/1.1" 500 65 "http://192.168.1.8/sismadak/application/assessment/hospital_assessment_chapter_online.php?chapter_id=19&event_id=2" "Mozilla/5.0 (Windows NT 6.1; WOW64; rv:55.0) Gecko/20100101 Firefox/55.0"
