169.254.148.246 - - [18/Dec/2018:11:49:17 +0700] "POST /sismadak/application/assessment/hospital_assessment_document_upload.php?chapter_id=28&instrument_id=2235&id=2,2&grid_id=list1 HTTP/1.1" 200 64 "http://192.168.1.8/sismadak/application/assessment/hospital_assessment_document_upload.php?chapter_id=28&instrument_id=2235&id=2,2" "Mozilla/5.0 (Windows NT 6.1; Win64; x64) AppleWebKit/537.36 (KHTML, like Gecko) Chrome/71.0.3578.98 Safari/537.36"
169.254.217.95 - - [18/Dec/2018:11:49:17 +0700] "GET /sismadak/application/assessment/hospital_assessment_document_upload.php?chapter_id=17&instrument_id=1239&id=2,2&grid_id=list1&_search=false&nd=1545108580206&rows=15&jqgrid_page=0&sidx=1&sord=asc HTTP/1.1" 200 502 "http://192.168.1.8/sismadak/application/assessment/hospital_assessment_document_upload.php?chapter_id=17&instrument_id=1239&id=2,2" "Mozilla/5.0 (Windows NT 10.0; Win64; x64) AppleWebKit/537.36 (KHTML, like Gecko) Chrome/70.0.3538.110 Safari/537.36"
169.254.217.95 - - [18/Dec/2018:11:49:17 +0700] "POST /sismadak/application/assessment/hospital_assessment_document_upload.php?chapter_id=17&instrument_id=1239&id=2,2&grid_id=list1 HTTP/1.1" 200 - "http://192.168.1.8/sismadak/application/assessment/hospital_assessment_document_upload.php?chapter_id=17&instrument_id=1239&id=2,2" "Mozilla/5.0 (Windows NT 10.0; Win64; x64) AppleWebKit/537.36 (KHTML, like Gecko) Chrome/70.0.3538.110 Safari/537.36"
169.254.175.243 - - [18/Dec/2018:11:49:18 +0700] "GET /sismadak/application/assessment/hospital_assessment_document_upload.php?chapter_id=29&instrument_id=2339&id=2,2 HTTP/1.1" 200 56835 "http://192.168.1.8/sismadak/application/assessment/hospital_assessment_chapter_online.php?chapter_id=29&event_id=2" "Mozilla/5.0 (Windows NT 6.1; rv:37.0) Gecko/20100101 Firefox/37.0"
192.168.1.206 - - [18/Dec/2018:11:49:18 +0700] "GET /sismadak/application/assessment/hospital_assessment_chapter.php?event_id=2&category_id=4 HTTP/1.1" 200 46177 "http://192.168.1.8/sismadak/application/assessment/hospital_assessment_reguler_list.php?category_id=4&module_id=4" "Mozilla/5.0 (Windows NT 6.1; WOW64; rv:55.0) Gecko/20100101 Firefox/55.0"
192.168.1.206 - - [18/Dec/2018:11:49:19 +0700] "GET /sismadak/application/assessment/hospital_assessment_chapter.php?event_id=2&category_id=4 HTTP/1.1" 200 46177 "http://192.168.1.8/sismadak/application/assessment/hospital_assessment_reguler_list.php?category_id=4&module_id=4" "Mozilla/5.0 (Windows NT 6.1; WOW64; rv:55.0) Gecko/20100101 Firefox/55.0"
169.254.175.243 - - [18/Dec/2018:11:49:19 +0700] "GET /sismadak/application/assessment/hospital_assessment_document_upload.php?chapter_id=29&instrument_id=2339&id=2,2&grid_id=list1&_search=false&nd=1545108582940&rows=15&jqgrid_page=1&sidx=1&sord=asc HTTP/1.1" 200 993 "http://192.168.1.8/sismadak/application/assessment/hospital_assessment_document_upload.php?chapter_id=29&instrument_id=2339&id=2,2" "Mozilla/5.0 (Windows NT 6.1; rv:37.0) Gecko/20100101 Firefox/37.0"
192.168.1.206 - - [18/Dec/2018:11:49:19 +0700] "GET /sismadak/application/assessment/hospital_assessment_chapter.php?event_id=2&category_id=4&grid_id=list1&_search=false&nd=1545108582582&rows=20&jqgrid_page=1&sidx=chapter_id&sord=asc HTTP/1.1" 200 6090 "http://192.168.1.8/sismadak/application/assessment/hospital_assessment_chapter.php?event_id=2&category_id=4" "Mozilla/5.0 (Windows NT 6.1; WOW64; rv:55.0) Gecko/20100101 Firefox/55.0"
192.168.1.40 - - [18/Dec/2018:11:49:21 +0700] "GET /sismadak/application/assessment/hospital_assessment_document_upload.php?chapter_id=28&instrument_id=2235&id=2,2 HTTP/1.1" 200 56838 "http://192.168.1.8/sismadak/application/assessment/hospital_assessment_chapter_online.php?chapter_id=28&event_id=2" "Mozilla/5.0 (Windows NT 6.1) AppleWebKit/537.36 (KHTML, like Gecko) Chrome/70.0.3538.110 Safari/537.36"
192.168.1.254 - - [18/Dec/2018:11:49:24 +0700] "GET /sismadak/application/assessment/download.php?id=c81e728d9d4c2f636f067f89cc14862c-LAPORAN_HARIAN_SEPTEMBER_2015.xlsx HTTP/1.1" 200 23465 "http://119.110.67.68:8808/sismadak/application/assessment/hospital_assessment_document_upload.php?chapter_id=17&instrument_id=1238&id=2,2" "Mozilla/5.0 (Macintosh; Intel Mac OS X 10_10_5) AppleWebKit/537.36 (KHTML, like Gecko) Chrome/70.0.3538.110 Safari/537.36"
169.254.148.246 - - [18/Dec/2018:11:49:26 +0700] "POST /sismadak/application/assessment/hospital_assessment_document_upload.php?chapter_id=28&instrument_id=2235&id=2,2&grid_id=list1 HTTP/1.1" 200 - "http://192.168.1.8/sismadak/application/assessment/hospital_assessment_document_upload.php?chapter_id=28&instrument_id=2235&id=2,2" "Mozilla/5.0 (Windows NT 6.1; Win64; x64) AppleWebKit/537.36 (KHTML, like Gecko) Chrome/71.0.3578.98 Safari/537.36"
169.254.148.246 - - [18/Dec/2018:11:49:27 +0700] "GET /sismadak/application/assessment/hospital_assessment_document_upload.php?chapter_id=28&instrument_id=2235&id=2,2&grid_id=list1&_search=false&nd=1545108598726&rows=15&jqgrid_page=0&sidx=1&sord=asc HTTP/1.1" 200 578 "http://192.168.1.8/sismadak/application/assessment/hospital_assessment_document_upload.php?chapter_id=28&instrument_id=2235&id=2,2" "Mozilla/5.0 (Windows NT 6.1; Win64; x64) AppleWebKit/537.36 (KHTML, like Gecko) Chrome/71.0.3578.98 Safari/537.36"
169.254.148.246 - - [18/Dec/2018:11:49:27 +0700] "POST /sismadak/application/assessment/hospital_assessment_document_upload.php?chapter_id=28&instrument_id=2235&id=2,2&grid_id=list1 HTTP/1.1" 200 - "http://192.168.1.8/sismadak/application/assessment/hospital_assessment_document_upload.php?chapter_id=28&instrument_id=2235&id=2,2" "Mozilla/5.0 (Windows NT 6.1; Win64; x64) AppleWebKit/537.36 (KHTML, like Gecko) Chrome/71.0.3578.98 Safari/537.36"
169.254.175.243 - - [18/Dec/2018:11:49:28 +0700] "POST /sismadak/application/assessment/hospital_assessment_document_upload.php?chapter_id=29&instrument_id=2339&id=2,2&grid_id=list1 HTTP/1.1" 200 - "http://192.168.1.8/sismadak/application/assessment/hospital_assessment_document_upload.php?chapter_id=29&instrument_id=2339&id=2,2" "Mozilla/5.0 (Windows NT 6.1; rv:37.0) Gecko/20100101 Firefox/37.0"
169.254.175.243 - - [18/Dec/2018:11:49:28 +0700] "GET /sismadak/application/assessment/hospital_assessment_document_upload.php?chapter_id=29&instrument_id=2339&id=2,2&grid_id=list1&_search=false&nd=1545108592345&rows=15&jqgrid_page=1&sidx=1&sord=asc HTTP/1.1" 200 500 "http://192.168.1.8/sismadak/application/assessment/hospital_assessment_document_upload.php?chapter_id=29&instrument_id=2339&id=2,2" "Mozilla/5.0 (Windows NT 6.1; rv:37.0) Gecko/20100101 Firefox/37.0"
192.168.1.40 - - [18/Dec/2018:11:49:28 +0700] "GET /sismadak/application/assessment/hospital_assessment_document_upload.php?chapter_id=28&instrument_id=2235&id=2,2 HTTP/1.1" 200 56838 "http://192.168.1.8/sismadak/application/assessment/hospital_assessment_chapter_online.php?chapter_id=28&event_id=2" "Mozilla/5.0 (Windows NT 6.1) AppleWebKit/537.36 (KHTML, like Gecko) Chrome/70.0.3538.110 Safari/537.36"
192.168.1.40 - - [18/Dec/2018:11:49:29 +0700] "GET /sismadak/application/assessment/hospital_assessment_document_upload.php?chapter_id=28&instrument_id=2235&id=2,2&grid_id=list1&_search=false&nd=1544169039891&rows=15&jqgrid_page=1&sidx=1&sord=asc HTTP/1.1" 200 578 "http://192.168.1.8/sismadak/application/assessment/hospital_assessment_document_upload.php?chapter_id=28&instrument_id=2235&id=2,2" "Mozilla/5.0 (Windows NT 6.1) AppleWebKit/537.36 (KHTML, like Gecko) Chrome/70.0.3538.110 Safari/537.36"
192.168.1.217 - - [18/Dec/2018:11:49:29 +0700] "POST /sismadak/application/assessment/hospital_assessment_document_upload.php?chapter_id=20&instrument_id=1475&id=2,2&grid_id=list1 HTTP/1.1" 200 56 "http://192.168.1.8/sismadak/application/assessment/hospital_assessment_document_upload.php?chapter_id=20&instrument_id=1475&id=2,2" "Mozilla/5.0 (Windows NT 6.1; rv:41.0) Gecko/20100101 Firefox/41.0"
192.168.1.217 - - [18/Dec/2018:11:49:30 +0700] "GET /sismadak/uploads/cached750646583.png HTTP/1.1" 200 37899 "http://192.168.1.8/sismadak/application/assessment/hospital_assessment_document_upload.php?chapter_id=20&instrument_id=1475&id=2,2" "Mozilla/5.0 (Windows NT 6.1; rv:41.0) Gecko/20100101 Firefox/41.0"
192.168.1.206 - - [18/Dec/2018:11:49:33 +0700] "GET /sismadak/application/assessment/hospital_assessment_chapter_online.php?chapter_id=17&event_id=2 HTTP/1.1" 200 60981 "http://192.168.1.8/sismadak/application/assessment/hospital_assessment_chapter.php?event_id=2&category_id=4" "Mozilla/5.0 (Windows NT 6.1; WOW64; rv:55.0) Gecko/20100101 Firefox/55.0"
192.168.1.206 - - [18/Dec/2018:11:49:33 +0700] "GET /sismadak/application/assessment/hospital_assessment_chapter_online.php?chapter_id=17&event_id=2 HTTP/1.1" 200 60981 "http://192.168.1.8/sismadak/application/assessment/hospital_assessment_chapter.php?event_id=2&category_id=4" "Mozilla/5.0 (Windows NT 6.1; WOW64; rv:55.0) Gecko/20100101 Firefox/55.0"
192.168.1.206 - - [18/Dec/2018:11:49:34 +0700] "GET /sismadak/application/assessment/hospital_assessment_chapter_online.php?chapter_id=17&event_id=2&grid_id=list1&_search=false&nd=1545108597460&rows=20&jqgrid_page=1&sidx=instrument_standard_id+asc%2C+instrument_id&sord=asc HTTP/1.1" 200 17270 "http://192.168.1.8/sismadak/application/assessment/hospital_assessment_chapter_online.php?chapter_id=17&event_id=2" "Mozilla/5.0 (Windows NT 6.1; WOW64; rv:55.0) Gecko/20100101 Firefox/55.0"
192.168.1.228 - - [18/Dec/2018:11:49:36 +0700] "POST /sismadak/application/assessment/hospital_assessment_document_upload.php?chapter_id=23&instrument_id=1790&id=2,2&grid_id=list1 HTTP/1.1" 200 - "http://192.168.1.8/sismadak/application/assessment/hospital_assessment_document_upload.php?chapter_id=23&instrument_id=1790&id=2,2" "Mozilla/5.0 (Windows NT 6.1; WOW64; rv:55.0) Gecko/20100101 Firefox/55.0"
192.168.1.228 - - [18/Dec/2018:11:49:36 +0700] "GET /sismadak/application/assessment/hospital_assessment_document_upload.php?chapter_id=23&instrument_id=1790&id=2,2&grid_id=list1&_search=false&nd=1545108600409&rows=15&jqgrid_page=1&sidx=1&sord=asc HTTP/1.1" 200 35 "http://192.168.1.8/sismadak/application/assessment/hospital_assessment_document_upload.php?chapter_id=23&instrument_id=1790&id=2,2" "Mozilla/5.0 (Windows NT 6.1; WOW64; rv:55.0) Gecko/20100101 Firefox/55.0"
192.168.1.217 - - [18/Dec/2018:11:49:37 +0700] "POST /sismadak/application/assessment/hospital_assessment_document_upload.php?chapter_id=20&instrument_id=1475&id=2,2&grid_id=list1 HTTP/1.1" 200 - "http://192.168.1.8/sismadak/application/assessment/hospital_assessment_document_upload.php?chapter_id=20&instrument_id=1475&id=2,2" "Mozilla/5.0 (Windows NT 6.1; rv:41.0) Gecko/20100101 Firefox/41.0"
192.168.1.217 - - [18/Dec/2018:11:49:37 +0700] "GET /sismadak/application/assessment/hospital_assessment_document_upload.php?chapter_id=20&instrument_id=1475&id=2,2&grid_id=list1&_search=false&nd=1545108602020&rows=15&jqgrid_page=0&sidx=1&sord=asc HTTP/1.1" 200 545 "http://192.168.1.8/sismadak/application/assessment/hospital_assessment_document_upload.php?chapter_id=20&instrument_id=1475&id=2,2" "Mozilla/5.0 (Windows NT 6.1; rv:41.0) Gecko/20100101 Firefox/41.0"
192.168.1.119 - - [18/Dec/2018:11:49:38 +0700] "GET /sismadak/application/hospital_survey/survey_indicator_progress.php?cat=1 HTTP/1.1" 200 130829 "http://192.168.1.8/sismadak/menu.php" "Mozilla/5.0 (Windows NT 10.0; WOW64; rv:49.0) Gecko/20100101 Firefox/49.0"
192.168.1.217 - - [18/Dec/2018:11:49:37 +0700] "POST /sismadak/application/assessment/hospital_assessment_document_upload.php?chapter_id=20&instrument_id=1475&id=2,2&grid_id=list1 HTTP/1.1" 200 - "http://192.168.1.8/sismadak/application/assessment/hospital_assessment_document_upload.php?chapter_id=20&instrument_id=1475&id=2,2" "Mozilla/5.0 (Windows NT 6.1; rv:41.0) Gecko/20100101 Firefox/41.0"
192.168.1.213 - - [18/Dec/2018:11:49:39 +0700] "POST /sismadak/application/assessment/hospital_assessment_document_upload.php?chapter_id=29&instrument_id=2339&id=2,2&grid_id=list1 HTTP/1.1" 200 - "http://192.168.1.8/sismadak/application/assessment/hospital_assessment_document_upload.php?chapter_id=29&instrument_id=2339&id=2,2" "Mozilla/5.0 (Windows NT 6.1; WOW64; rv:55.0) Gecko/20100101 Firefox/55.0"
192.168.1.219 - - [18/Dec/2018:11:49:40 +0700] "GET /sismadak/application/assessment/hospital_assessment_reguler_list.php?category_id=4&module_id=4 HTTP/1.1" 200 50021 "http://192.168.1.8/sismadak/menu.php" "Mozilla/5.0 (Windows NT 6.1; rv:64.0) Gecko/20100101 Firefox/64.0"
192.168.1.213 - - [18/Dec/2018:11:49:40 +0700] "GET /sismadak/application/assessment/hospital_assessment_document_upload.php?chapter_id=29&instrument_id=2339&id=2,2&grid_id=list1&_search=false&nd=1545108604511&rows=15&jqgrid_page=1&sidx=1&sord=asc HTTP/1.1" 200 35 "http://192.168.1.8/sismadak/application/assessment/hospital_assessment_document_upload.php?chapter_id=29&instrument_id=2339&id=2,2" "Mozilla/5.0 (Windows NT 6.1; WOW64; rv:55.0) Gecko/20100101 Firefox/55.0"
192.168.1.119 - - [18/Dec/2018:11:49:40 +0700] "GET /sismadak/application/hospital_survey/survey_indicator_progress.php?cat=2 HTTP/1.1" 200 21576 "http://192.168.1.8/sismadak/menu.php" "Mozilla/5.0 (Windows NT 10.0; WOW64; rv:49.0) Gecko/20100101 Firefox/49.0"
192.168.1.219 - - [18/Dec/2018:11:49:41 +0700] "GET /sismadak/application/assessment/hospital_assessment_reguler_list.php?category_id=4&module_id=4&grid_id=list1&_search=false&nd=1545108604228&rows=20&jqgrid_page=1&sidx=accreditation_id&sord=desc HTTP/1.1" 200 740 "http://192.168.1.8/sismadak/application/assessment/hospital_assessment_reguler_list.php?category_id=4&module_id=4" "Mozilla/5.0 (Windows NT 6.1; rv:64.0) Gecko/20100101 Firefox/64.0"
192.168.1.206 - - [18/Dec/2018:11:49:42 +0700] "GET /sismadak/application/assessment/hospital_assessment_document_upload.php?chapter_id=17&instrument_id=1238&id=2,2 HTTP/1.1" 200 56835 "http://192.168.1.8/sismadak/application/assessment/hospital_assessment_chapter_online.php?chapter_id=17&event_id=2" "Mozilla/5.0 (Windows NT 6.1; WOW64; rv:55.0) Gecko/20100101 Firefox/55.0"
192.168.1.206 - - [18/Dec/2018:11:49:49 +0700] "GET /sismadak/application/assessment/hospital_assessment_document_upload.php?chapter_id=17&instrument_id=1238&id=2,2 HTTP/1.1" 200 56835 "http://192.168.1.8/sismadak/application/assessment/hospital_assessment_chapter_online.php?chapter_id=17&event_id=2" "Mozilla/5.0 (Windows NT 6.1; WOW64; rv:55.0) Gecko/20100101 Firefox/55.0"
192.168.1.206 - - [18/Dec/2018:11:49:49 +0700] "GET /sismadak/application/assessment/hospital_assessment_document_upload.php?chapter_id=17&instrument_id=1238&id=2,2&grid_id=list1&_search=false&nd=1545108612493&rows=15&jqgrid_page=1&sidx=1&sord=asc HTTP/1.1" 200 1100 "http://192.168.1.8/sismadak/application/assessment/hospital_assessment_document_upload.php?chapter_id=17&instrument_id=1238&id=2,2" "Mozilla/5.0 (Windows NT 6.1; WOW64; rv:55.0) Gecko/20100101 Firefox/55.0"
192.168.1.219 - - [18/Dec/2018:11:49:50 +0700] "GET /sismadak/application/assessment/hospital_assessment_chapter.php?event_id=2&category_id=4 HTTP/1.1" 200 46177 "http://192.168.1.8/sismadak/application/assessment/hospital_assessment_reguler_list.php?category_id=4&module_id=4" "Mozilla/5.0 (Windows NT 6.1; rv:64.0) Gecko/20100101 Firefox/64.0"
192.168.1.219 - - [18/Dec/2018:11:49:51 +0700] "GET /sismadak/application/assessment/hospital_assessment_chapter.php?event_id=2&category_id=4&grid_id=list1&_search=false&nd=1545108614576&rows=20&jqgrid_page=1&sidx=chapter_id&sord=asc HTTP/1.1" 200 6090 "http://192.168.1.8/sismadak/application/assessment/hospital_assessment_chapter.php?event_id=2&category_id=4" "Mozilla/5.0 (Windows NT 6.1; rv:64.0) Gecko/20100101 Firefox/64.0"
192.168.1.209 - - [18/Dec/2018:11:49:52 +0700] "GET /sismadak/application/assessment/hospital_assessment_document_upload.php?chapter_id=23&instrument_id=1790&id=2,2 HTTP/1.1" 200 56835 "http://192.168.1.8/sismadak/application/assessment/hospital_assessment_chapter_online.php?chapter_id=23&event_id=2" "Mozilla/5.0 (Windows NT 6.1; WOW64; rv:55.0) Gecko/20100101 Firefox/55.0"
192.168.1.209 - - [18/Dec/2018:11:49:53 +0700] "GET /sismadak/application/assessment/hospital_assessment_document_upload.php?chapter_id=23&instrument_id=1790&id=2,2&grid_id=list1&_search=false&nd=1545108617130&rows=15&jqgrid_page=1&sidx=1&sord=asc HTTP/1.1" 200 35 "http://192.168.1.8/sismadak/application/assessment/hospital_assessment_document_upload.php?chapter_id=23&instrument_id=1790&id=2,2" "Mozilla/5.0 (Windows NT 6.1; WOW64; rv:55.0) Gecko/20100101 Firefox/55.0"
192.168.1.254 - - [18/Dec/2018:11:49:53 +0700] "POST /sismadak/application/assessment/hospital_assessment_document_upload.php?chapter_id=17&instrument_id=1238&id=2,2&grid_id=list1 HTTP/1.1" 200 92 "http://119.110.67.68:8808/sismadak/application/assessment/hospital_assessment_document_upload.php?chapter_id=17&instrument_id=1238&id=2,2" "Mozilla/5.0 (Macintosh; Intel Mac OS X 10_10_5) AppleWebKit/537.36 (KHTML, like Gecko) Chrome/70.0.3538.110 Safari/537.36"
192.168.1.229 - - [18/Dec/2018:11:50:00 +0700] "GET /sismadak/application/report/dashboard.php HTTP/1.1" 200 13594 "http://192.168.1.8/sismadak/menu.php" "Mozilla/5.0 (Windows NT 6.1; Win64; x64; rv:57.0) Gecko/20100101 Firefox/57.0"
192.168.1.215 - - [18/Dec/2018:11:50:02 +0700] "GET /sismadak/application/assessment/hospital_assessment_document_upload.php?chapter_id=27&instrument_id=2220&id=2,2 HTTP/1.1" 200 56835 "http://192.168.1.8/sismadak/application/assessment/hospital_assessment_chapter_online.php?chapter_id=27&event_id=2" "Mozilla/5.0 (Windows NT 6.1; WOW64; rv:63.0) Gecko/20100101 Firefox/63.0"
192.168.1.215 - - [18/Dec/2018:11:50:03 +0700] "GET /sismadak/application/assessment/hospital_assessment_document_upload.php?chapter_id=27&instrument_id=2220&id=2,2&grid_id=list1&_search=false&nd=1545108627715&rows=15&jqgrid_page=1&sidx=1&sord=asc HTTP/1.1" 200 35 "http://192.168.1.8/sismadak/application/assessment/hospital_assessment_document_upload.php?chapter_id=27&instrument_id=2220&id=2,2" "Mozilla/5.0 (Windows NT 6.1; WOW64; rv:63.0) Gecko/20100101 Firefox/63.0"
192.168.1.229 - - [18/Dec/2018:11:50:05 +0700] "GET /sismadak/application/assessment/hospital_assessment_reguler_list.php?category_id=4&module_id=4 HTTP/1.1" 200 50021 "http://192.168.1.8/sismadak/menu.php" "Mozilla/5.0 (Windows NT 6.1; Win64; x64; rv:57.0) Gecko/20100101 Firefox/57.0"
192.168.1.229 - - [18/Dec/2018:11:50:05 +0700] "GET /sismadak/application/assessment/hospital_assessment_reguler_list.php?category_id=4&module_id=4&grid_id=list1&_search=false&nd=1545108629026&rows=20&jqgrid_page=1&sidx=accreditation_id&sord=desc HTTP/1.1" 200 740 "http://192.168.1.8/sismadak/application/assessment/hospital_assessment_reguler_list.php?category_id=4&module_id=4" "Mozilla/5.0 (Windows NT 6.1; Win64; x64; rv:57.0) Gecko/20100101 Firefox/57.0"
192.168.1.144 - - [18/Dec/2018:11:50:08 +0700] "GET /sismadak/index.php HTTP/1.1" 302 - "http://192.168.1.8/sismadak/menu.php" "Mozilla/5.0 (Windows NT 6.3; WOW64) AppleWebKit/537.36 (KHTML, like Gecko) Chrome/69.0.3497.100 Safari/537.36"
192.168.1.144 - - [18/Dec/2018:11:50:08 +0700] "GET /sismadak/menu.php HTTP/1.1" 200 3183 "http://192.168.1.8/sismadak/menu.php" "Mozilla/5.0 (Windows NT 6.3; WOW64) AppleWebKit/537.36 (KHTML, like Gecko) Chrome/69.0.3497.100 Safari/537.36"
192.168.1.144 - - [18/Dec/2018:11:50:09 +0700] "GET /sismadak/application/report/dashboard.php HTTP/1.1" 200 13594 "http://192.168.1.8/sismadak/menu.php" "Mozilla/5.0 (Windows NT 6.3; WOW64) AppleWebKit/537.36 (KHTML, like Gecko) Chrome/69.0.3497.100 Safari/537.36"
169.254.217.95 - - [18/Dec/2018:11:50:09 +0700] "GET /sismadak/application/assessment/hospital_assessment_chapter_online.php?chapter_id=17&event_id=2&grid_id=list1&_search=false&nd=1545108632161&rows=20&jqgrid_page=1&sidx=instrument_standard_id+asc%2C+instrument_id&sord=asc&filters=%7B%22groupOp%22%3A%22AND%22%2C%22rules%22%3A%5B%5D%7D HTTP/1.1" 200 17270 "http://192.168.1.8/sismadak/application/assessment/hospital_assessment_chapter_online.php?chapter_id=17&event_id=2" "Mozilla/5.0 (Windows NT 10.0; Win64; x64) AppleWebKit/537.36 (KHTML, like Gecko) Chrome/70.0.3538.110 Safari/537.36"
192.168.1.229 - - [18/Dec/2018:11:50:10 +0700] "GET /sismadak/application/assessment/hospital_assessment_chapter.php?event_id=2&category_id=4 HTTP/1.1" 200 46177 "http://192.168.1.8/sismadak/application/assessment/hospital_assessment_reguler_list.php?category_id=4&module_id=4" "Mozilla/5.0 (Windows NT 6.1; Win64; x64; rv:57.0) Gecko/20100101 Firefox/57.0"
192.168.1.229 - - [18/Dec/2018:11:50:11 +0700] "GET /sismadak/application/assessment/hospital_assessment_chapter.php?event_id=2&category_id=4&grid_id=list1&_search=false&nd=1545108634481&rows=20&jqgrid_page=1&sidx=chapter_id&sord=asc HTTP/1.1" 200 6090 "http://192.168.1.8/sismadak/application/assessment/hospital_assessment_chapter.php?event_id=2&category_id=4" "Mozilla/5.0 (Windows NT 6.1; Win64; x64; rv:57.0) Gecko/20100101 Firefox/57.0"
192.168.1.144 - - [18/Dec/2018:11:50:16 +0700] "GET /sismadak/application/assessment/hospital_document_find.php HTTP/1.1" 200 55502 "http://192.168.1.8/sismadak/menu.php" "Mozilla/5.0 (Windows NT 6.3; WOW64) AppleWebKit/537.36 (KHTML, like Gecko) Chrome/69.0.3497.100 Safari/537.36"
192.168.1.144 - - [18/Dec/2018:11:50:17 +0700] "GET /sismadak/application/assessment/hospital_document_find.php?grid_id=list1&_search=false&nd=1545108762077&rows=30&jqgrid_page=1&sidx=1&sord=asc HTTP/1.1" 200 5036 "http://192.168.1.8/sismadak/application/assessment/hospital_document_find.php" "Mozilla/5.0 (Windows NT 6.3; WOW64) AppleWebKit/537.36 (KHTML, like Gecko) Chrome/69.0.3497.100 Safari/537.36"
192.168.1.229 - - [18/Dec/2018:11:50:19 +0700] "GET /sismadak/application/assessment/hospital_assessment_chapter_online.php?chapter_id=22&event_id=2 HTTP/1.1" 200 53997 "http://192.168.1.8/sismadak/application/assessment/hospital_assessment_chapter.php?event_id=2&category_id=4" "Mozilla/5.0 (Windows NT 6.1; Win64; x64; rv:57.0) Gecko/20100101 Firefox/57.0"
192.168.1.229 - - [18/Dec/2018:11:50:19 +0700] "GET /sismadak/application/assessment/hospital_assessment_chapter_online.php?chapter_id=22&event_id=2 HTTP/1.1" 200 53997 "http://192.168.1.8/sismadak/application/assessment/hospital_assessment_chapter.php?event_id=2&category_id=4" "Mozilla/5.0 (Windows NT 6.1; Win64; x64; rv:57.0) Gecko/20100101 Firefox/57.0"
192.168.1.229 - - [18/Dec/2018:11:50:19 +0700] "GET /sismadak/application/assessment/hospital_assessment_chapter_online.php?chapter_id=22&event_id=2&grid_id=list1&_search=false&nd=1545108642877&rows=20&jqgrid_page=1&sidx=instrument_standard_id+asc%2C+instrument_id&sord=asc HTTP/1.1" 200 17638 "http://192.168.1.8/sismadak/application/assessment/hospital_assessment_chapter_online.php?chapter_id=22&event_id=2" "Mozilla/5.0 (Windows NT 6.1; Win64; x64; rv:57.0) Gecko/20100101 Firefox/57.0"
192.168.1.254 - - [18/Dec/2018:11:50:23 +0700] "POST /sismadak/application/assessment/hospital_assessment_document_upload.php?chapter_id=17&instrument_id=1238&id=2,2&grid_id=list1 HTTP/1.1" 200 - "http://119.110.67.68:8808/sismadak/application/assessment/hospital_assessment_document_upload.php?chapter_id=17&instrument_id=1238&id=2,2" "Mozilla/5.0 (Macintosh; Intel Mac OS X 10_10_5) AppleWebKit/537.36 (KHTML, like Gecko) Chrome/70.0.3538.110 Safari/537.36"
192.168.1.215 - - [18/Dec/2018:11:50:23 +0700] "GET /sismadak/application/assessment/hospital_assessment_document_upload.php?chapter_id=27&instrument_id=2220&id=2,2 HTTP/1.1" 200 56835 "http://192.168.1.8/sismadak/application/assessment/hospital_assessment_chapter_online.php?chapter_id=27&event_id=2" "Mozilla/5.0 (Windows NT 6.1; WOW64; rv:63.0) Gecko/20100101 Firefox/63.0"
192.168.1.254 - - [18/Dec/2018:11:50:23 +0700] "GET /sismadak/application/assessment/hospital_assessment_document_upload.php?chapter_id=17&instrument_id=1238&id=2,2&grid_id=list1&_search=false&nd=1545108647890&rows=15&jqgrid_page=1&sidx=1&sord=asc HTTP/1.1" 200 1756 "http://119.110.67.68:8808/sismadak/application/assessment/hospital_assessment_document_upload.php?chapter_id=17&instrument_id=1238&id=2,2" "Mozilla/5.0 (Macintosh; Intel Mac OS X 10_10_5) AppleWebKit/537.36 (KHTML, like Gecko) Chrome/70.0.3538.110 Safari/537.36"
192.168.1.254 - - [18/Dec/2018:11:50:23 +0700] "POST /sismadak/application/assessment/hospital_assessment_document_upload.php?chapter_id=17&instrument_id=1238&id=2,2&grid_id=list1 HTTP/1.1" 200 - "http://119.110.67.68:8808/sismadak/application/assessment/hospital_assessment_document_upload.php?chapter_id=17&instrument_id=1238&id=2,2" "Mozilla/5.0 (Macintosh; Intel Mac OS X 10_10_5) AppleWebKit/537.36 (KHTML, like Gecko) Chrome/70.0.3538.110 Safari/537.36"
192.168.1.215 - - [18/Dec/2018:11:50:24 +0700] "GET /sismadak/application/assessment/hospital_assessment_document_upload.php?chapter_id=27&instrument_id=2220&id=2,2&grid_id=list1&_search=false&nd=1545108648632&rows=15&jqgrid_page=1&sidx=1&sord=asc HTTP/1.1" 200 35 "http://192.168.1.8/sismadak/application/assessment/hospital_assessment_document_upload.php?chapter_id=27&instrument_id=2220&id=2,2" "Mozilla/5.0 (Windows NT 6.1; WOW64; rv:63.0) Gecko/20100101 Firefox/63.0"
192.168.1.229 - - [18/Dec/2018:11:50:25 +0700] "GET /sismadak/application/assessment/hospital_assessment_document_upload.php?chapter_id=22&instrument_id=1723&id=2,2 HTTP/1.1" 200 56838 "http://192.168.1.8/sismadak/application/assessment/hospital_assessment_chapter_online.php?chapter_id=22&event_id=2" "Mozilla/5.0 (Windows NT 6.1; Win64; x64; rv:57.0) Gecko/20100101 Firefox/57.0"
192.168.1.229 - - [18/Dec/2018:11:50:26 +0700] "GET /sismadak/application/assessment/hospital_assessment_document_upload.php?chapter_id=22&instrument_id=1723&id=2,2&grid_id=list1&_search=false&nd=1545108649236&rows=15&jqgrid_page=1&sidx=1&sord=asc HTTP/1.1" 200 35 "http://192.168.1.8/sismadak/application/assessment/hospital_assessment_document_upload.php?chapter_id=22&instrument_id=1723&id=2,2" "Mozilla/5.0 (Windows NT 6.1; Win64; x64; rv:57.0) Gecko/20100101 Firefox/57.0"
192.168.1.40 - - [18/Dec/2018:11:50:28 +0700] "GET /sismadak/menu.php HTTP/1.1" 200 3186 "http://192.168.1.8/sismadak/index.php" "Mozilla/5.0 (Windows NT 6.1) AppleWebKit/537.36 (KHTML, like Gecko) Chrome/70.0.3538.110 Safari/537.36"
192.168.1.40 - - [18/Dec/2018:11:50:28 +0700] "GET /sismadak/application/report/dashboard.php HTTP/1.1" 200 13594 "http://192.168.1.8/sismadak/menu.php" "Mozilla/5.0 (Windows NT 6.1) AppleWebKit/537.36 (KHTML, like Gecko) Chrome/70.0.3538.110 Safari/537.36"
192.168.1.40 - - [18/Dec/2018:11:50:29 +0700] "GET /favicon.ico HTTP/1.1" 200 30894 "http://192.168.1.8/sismadak/menu.php" "Mozilla/5.0 (Windows NT 6.1) AppleWebKit/537.36 (KHTML, like Gecko) Chrome/70.0.3538.110 Safari/537.36"
192.168.1.217 - - [18/Dec/2018:11:50:32 +0700] "GET /sismadak/application/assessment/hospital_assessment_document_upload.php?chapter_id=20&instrument_id=1475&id=2,2&grid_id=list1&_search=false&nd=1545108657016&rows=15&jqgrid_page=1&sidx=document_file_name&sord=asc HTTP/1.1" 200 545 "http://192.168.1.8/sismadak/application/assessment/hospital_assessment_document_upload.php?chapter_id=20&instrument_id=1475&id=2,2" "Mozilla/5.0 (Windows NT 6.1; rv:41.0) Gecko/20100101 Firefox/41.0"
192.168.1.219 - - [18/Dec/2018:11:50:36 +0700] "GET /sismadak/application/assessment/hospital_assessment_chapter_online.php?chapter_id=17&event_id=2 HTTP/1.1" 200 60981 "http://192.168.1.8/sismadak/application/assessment/hospital_assessment_chapter.php?event_id=2&category_id=4" "Mozilla/5.0 (Windows NT 6.1; rv:64.0) Gecko/20100101 Firefox/64.0"
192.168.1.219 - - [18/Dec/2018:11:50:37 +0700] "GET /sismadak/application/assessment/hospital_assessment_chapter_online.php?chapter_id=17&event_id=2&grid_id=list1&_search=false&nd=1545108660737&rows=20&jqgrid_page=1&sidx=instrument_standard_id+asc%2C+instrument_id&sord=asc HTTP/1.1" 200 17270 "http://192.168.1.8/sismadak/application/assessment/hospital_assessment_chapter_online.php?chapter_id=17&event_id=2" "Mozilla/5.0 (Windows NT 6.1; rv:64.0) Gecko/20100101 Firefox/64.0"
192.168.1.40 - - [18/Dec/2018:11:50:50 +0700] "GET /sismadak/application/assessment/hospital_assessment_reguler_list.php?category_id=4&module_id=4 HTTP/1.1" 200 50021 "http://192.168.1.8/sismadak/menu.php" "Mozilla/5.0 (Windows NT 6.1) AppleWebKit/537.36 (KHTML, like Gecko) Chrome/70.0.3538.110 Safari/537.36"
192.168.1.219 - - [18/Dec/2018:11:50:51 +0700] "POST /sismadak/application/assessment/hospital_assessment_chapter_online.php?chapter_id=17&event_id=2&grid_id=list1 HTTP/1.1" 200 - "http://192.168.1.8/sismadak/application/assessment/hospital_assessment_chapter_online.php?chapter_id=17&event_id=2" "Mozilla/5.0 (Windows NT 6.1; rv:64.0) Gecko/20100101 Firefox/64.0"
192.168.1.40 - - [18/Dec/2018:11:50:51 +0700] "GET /sismadak/application/assessment/hospital_assessment_reguler_list.php?category_id=4&module_id=4 HTTP/1.1" 200 50021 "http://192.168.1.8/sismadak/menu.php" "Mozilla/5.0 (Windows NT 6.1) AppleWebKit/537.36 (KHTML, like Gecko) Chrome/70.0.3538.110 Safari/537.36"
192.168.1.40 - - [18/Dec/2018:11:50:51 +0700] "GET /sismadak/application/assessment/hospital_assessment_reguler_list.php?category_id=4&module_id=4&grid_id=list1&_search=false&nd=1544169122754&rows=20&jqgrid_page=1&sidx=accreditation_id&sord=desc HTTP/1.1" 200 740 "http://192.168.1.8/sismadak/application/assessment/hospital_assessment_reguler_list.php?category_id=4&module_id=4" "Mozilla/5.0 (Windows NT 6.1) AppleWebKit/537.36 (KHTML, like Gecko) Chrome/70.0.3538.110 Safari/537.36"
192.168.1.219 - - [18/Dec/2018:11:50:51 +0700] "GET /sismadak/application/assessment/hospital_assessment_chapter_online.php?chapter_id=17&event_id=2&grid_id=list1&_search=false&nd=1545108674321&rows=20&jqgrid_page=1&sidx=instrument_standard_id+asc%2C+instrument_id&sord=asc HTTP/1.1" 200 17271 "http://192.168.1.8/sismadak/application/assessment/hospital_assessment_chapter_online.php?chapter_id=17&event_id=2" "Mozilla/5.0 (Windows NT 6.1; rv:64.0) Gecko/20100101 Firefox/64.0"
192.168.1.208 - - [18/Dec/2018:11:50:53 +0700] "GET /sismadak/application/assessment/hospital_assessment_chapter_online.php?chapter_id=29&event_id=2&grid_id=list1&_search=false&nd=1545108677989&rows=99999&jqgrid_page=1&sidx=instrument_standard_id+asc%2C+instrument_id&sord=asc HTTP/1.1" 200 87672 "http://192.168.1.8/sismadak/application/assessment/hospital_assessment_chapter_online.php?chapter_id=29&event_id=2" "Mozilla/5.0 (Windows NT 6.1; WOW64; rv:55.0) Gecko/20100101 Firefox/55.0"
192.168.1.219 - - [18/Dec/2018:11:51:00 +0700] "POST /sismadak/application/assessment/hospital_assessment_chapter_online.php?chapter_id=17&event_id=2&grid_id=list1 HTTP/1.1" 200 - "http://192.168.1.8/sismadak/application/assessment/hospital_assessment_chapter_online.php?chapter_id=17&event_id=2" "Mozilla/5.0 (Windows NT 6.1; rv:64.0) Gecko/20100101 Firefox/64.0"
192.168.1.219 - - [18/Dec/2018:11:51:01 +0700] "GET /sismadak/application/assessment/hospital_assessment_chapter_online.php?chapter_id=17&event_id=2&grid_id=list1&_search=false&nd=1545108684203&rows=20&jqgrid_page=1&sidx=instrument_standard_id+asc%2C+instrument_id&sord=asc HTTP/1.1" 200 17272 "http://192.168.1.8/sismadak/application/assessment/hospital_assessment_chapter_online.php?chapter_id=17&event_id=2" "Mozilla/5.0 (Windows NT 6.1; rv:64.0) Gecko/20100101 Firefox/64.0"
192.168.1.40 - - [18/Dec/2018:11:51:03 +0700] "GET /sismadak/application/assessment/hospital_assessment_reguler_list.php?category_id=4&module_id=4&grid_id=list1&_search=false&nd=1544169134628&rows=99999&jqgrid_page=1&sidx=accreditation_id&sord=desc HTTP/1.1" 200 740 "http://192.168.1.8/sismadak/application/assessment/hospital_assessment_reguler_list.php?category_id=4&module_id=4" "Mozilla/5.0 (Windows NT 6.1) AppleWebKit/537.36 (KHTML, like Gecko) Chrome/70.0.3538.110 Safari/537.36"
192.168.1.219 - - [18/Dec/2018:11:51:13 +0700] "GET /sismadak/application/assessment/hospital_assessment_chapter.php?event_id=2&category_id=4 HTTP/1.1" 200 46177 "http://192.168.1.8/sismadak/application/assessment/hospital_assessment_reguler_list.php?category_id=4&module_id=4" "Mozilla/5.0 (Windows NT 6.1; rv:64.0) Gecko/20100101 Firefox/64.0"
192.168.1.219 - - [18/Dec/2018:11:51:14 +0700] "GET /sismadak/application/assessment/hospital_assessment_chapter.php?event_id=2&category_id=4&grid_id=list1&_search=false&nd=1545108697588&rows=20&jqgrid_page=1&sidx=chapter_id&sord=asc HTTP/1.1" 200 6090 "http://192.168.1.8/sismadak/application/assessment/hospital_assessment_chapter.php?event_id=2&category_id=4" "Mozilla/5.0 (Windows NT 6.1; rv:64.0) Gecko/20100101 Firefox/64.0"
192.168.1.40 - - [18/Dec/2018:11:51:16 +0700] "GET /sismadak/application/assessment/hospital_assessment_chapter.php?event_id=2&category_id=4 HTTP/1.1" 200 46177 "http://192.168.1.8/sismadak/application/assessment/hospital_assessment_reguler_list.php?category_id=4&module_id=4" "Mozilla/5.0 (Windows NT 6.1) AppleWebKit/537.36 (KHTML, like Gecko) Chrome/70.0.3538.110 Safari/537.36"
192.168.1.40 - - [18/Dec/2018:11:51:16 +0700] "GET /sismadak/application/assessment/hospital_assessment_chapter.php?event_id=2&category_id=4 HTTP/1.1" 200 46177 "http://192.168.1.8/sismadak/application/assessment/hospital_assessment_reguler_list.php?category_id=4&module_id=4" "Mozilla/5.0 (Windows NT 6.1) AppleWebKit/537.36 (KHTML, like Gecko) Chrome/70.0.3538.110 Safari/537.36"
192.168.1.40 - - [18/Dec/2018:11:51:17 +0700] "GET /sismadak/application/assessment/hospital_assessment_chapter.php?event_id=2&category_id=4&grid_id=list1&_search=false&nd=1544169148787&rows=20&jqgrid_page=1&sidx=chapter_id&sord=asc HTTP/1.1" 200 6090 "http://192.168.1.8/sismadak/application/assessment/hospital_assessment_chapter.php?event_id=2&category_id=4" "Mozilla/5.0 (Windows NT 6.1) AppleWebKit/537.36 (KHTML, like Gecko) Chrome/70.0.3538.110 Safari/537.36"
192.168.1.254 - - [18/Dec/2018:11:51:20 +0700] "GET /sismadak/application/assessment/hospital_assessment_document_upload.php?chapter_id=17&instrument_id=1238&id=2,2 HTTP/1.1" 200 56884 "http://119.110.67.68:8808/sismadak/application/assessment/hospital_assessment_chapter_online.php?chapter_id=17&event_id=2" "Mozilla/5.0 (Macintosh; Intel Mac OS X 10_10_5) AppleWebKit/537.36 (KHTML, like Gecko) Chrome/70.0.3538.110 Safari/537.36"
192.168.1.254 - - [18/Dec/2018:11:51:22 +0700] "GET /sismadak/application/assessment/hospital_assessment_document_upload.php?chapter_id=17&instrument_id=1238&id=2,2&grid_id=list1&_search=false&nd=1545108707070&rows=15&jqgrid_page=1&sidx=1&sord=asc HTTP/1.1" 200 1756 "http://119.110.67.68:8808/sismadak/application/assessment/hospital_assessment_document_upload.php?chapter_id=17&instrument_id=1238&id=2,2" "Mozilla/5.0 (Macintosh; Intel Mac OS X 10_10_5) AppleWebKit/537.36 (KHTML, like Gecko) Chrome/70.0.3538.110 Safari/537.36"
192.168.1.219 - - [18/Dec/2018:11:51:24 +0700] "GET /sismadak/application/assessment/hospital_assessment_chapter_online.php?chapter_id=23&event_id=2 HTTP/1.1" 200 53997 "http://192.168.1.8/sismadak/application/assessment/hospital_assessment_chapter.php?event_id=2&category_id=4" "Mozilla/5.0 (Windows NT 6.1; rv:64.0) Gecko/20100101 Firefox/64.0"
192.168.1.40 - - [18/Dec/2018:11:51:24 +0700] "GET /sismadak/application/assessment/hospital_assessment_chapter_online.php?chapter_id=28&event_id=2 HTTP/1.1" 200 53993 "http://192.168.1.8/sismadak/application/assessment/hospital_assessment_chapter.php?event_id=2&category_id=4" "Mozilla/5.0 (Windows NT 6.1) AppleWebKit/537.36 (KHTML, like Gecko) Chrome/70.0.3538.110 Safari/537.36"
192.168.1.40 - - [18/Dec/2018:11:51:25 +0700] "GET /sismadak/application/assessment/hospital_assessment_chapter_online.php?chapter_id=28&event_id=2 HTTP/1.1" 200 53993 "http://192.168.1.8/sismadak/application/assessment/hospital_assessment_chapter.php?event_id=2&category_id=4" "Mozilla/5.0 (Windows NT 6.1) AppleWebKit/537.36 (KHTML, like Gecko) Chrome/70.0.3538.110 Safari/537.36"
192.168.1.40 - - [18/Dec/2018:11:51:25 +0700] "GET /sismadak/application/assessment/hospital_assessment_chapter_online.php?chapter_id=28&event_id=2&grid_id=list1&_search=false&nd=1544169157218&rows=20&jqgrid_page=1&sidx=instrument_standard_id+asc%2C+instrument_id&sord=asc HTTP/1.1" 200 18261 "http://192.168.1.8/sismadak/application/assessment/hospital_assessment_chapter_online.php?chapter_id=28&event_id=2" "Mozilla/5.0 (Windows NT 6.1) AppleWebKit/537.36 (KHTML, like Gecko) Chrome/70.0.3538.110 Safari/537.36"
192.168.1.219 - - [18/Dec/2018:11:51:25 +0700] "GET /sismadak/application/assessment/hospital_assessment_chapter_online.php?chapter_id=23&event_id=2&grid_id=list1&_search=false&nd=1545108708801&rows=20&jqgrid_page=1&sidx=instrument_standard_id+asc%2C+instrument_id&sord=asc HTTP/1.1" 200 18714 "http://192.168.1.8/sismadak/application/assessment/hospital_assessment_chapter_online.php?chapter_id=23&event_id=2" "Mozilla/5.0 (Windows NT 6.1; rv:64.0) Gecko/20100101 Firefox/64.0"
192.168.1.40 - - [18/Dec/2018:11:51:32 +0700] "GET /sismadak/application/assessment/hospital_assessment_document_upload.php?chapter_id=28&instrument_id=2235&id=2,2 HTTP/1.1" 200 56838 "http://192.168.1.8/sismadak/application/assessment/hospital_assessment_chapter_online.php?chapter_id=28&event_id=2" "Mozilla/5.0 (Windows NT 6.1) AppleWebKit/537.36 (KHTML, like Gecko) Chrome/70.0.3538.110 Safari/537.36"
192.168.1.40 - - [18/Dec/2018:11:51:35 +0700] "GET /sismadak/application/assessment/hospital_assessment_document_upload.php?chapter_id=28&instrument_id=2235&id=2,2 HTTP/1.1" 200 56838 "http://192.168.1.8/sismadak/application/assessment/hospital_assessment_chapter_online.php?chapter_id=28&event_id=2" "Mozilla/5.0 (Windows NT 6.1) AppleWebKit/537.36 (KHTML, like Gecko) Chrome/70.0.3538.110 Safari/537.36"
192.168.1.40 - - [18/Dec/2018:11:51:37 +0700] "GET /sismadak/application/assessment/hospital_assessment_document_upload.php?chapter_id=28&instrument_id=2235&id=2,2 HTTP/1.1" 200 56838 "http://192.168.1.8/sismadak/application/assessment/hospital_assessment_chapter_online.php?chapter_id=28&event_id=2" "Mozilla/5.0 (Windows NT 6.1) AppleWebKit/537.36 (KHTML, like Gecko) Chrome/70.0.3538.110 Safari/537.36"
192.168.1.40 - - [18/Dec/2018:11:51:38 +0700] "GET /sismadak/application/assessment/hospital_assessment_document_upload.php?chapter_id=28&instrument_id=2235&id=2,2&grid_id=list1&_search=false&nd=1544169170187&rows=15&jqgrid_page=1&sidx=1&sord=asc HTTP/1.1" 200 578 "http://192.168.1.8/sismadak/application/assessment/hospital_assessment_document_upload.php?chapter_id=28&instrument_id=2235&id=2,2" "Mozilla/5.0 (Windows NT 6.1) AppleWebKit/537.36 (KHTML, like Gecko) Chrome/70.0.3538.110 Safari/537.36"
192.168.1.219 - - [18/Dec/2018:11:51:42 +0700] "GET /sismadak/application/assessment/hospital_assessment_chapter.php?event_id=2&category_id=4 HTTP/1.1" 200 46177 "http://192.168.1.8/sismadak/application/assessment/hospital_assessment_reguler_list.php?category_id=4&module_id=4" "Mozilla/5.0 (Windows NT 6.1; rv:64.0) Gecko/20100101 Firefox/64.0"
192.168.1.219 - - [18/Dec/2018:11:51:44 +0700] "GET /sismadak/application/assessment/hospital_assessment_chapter.php?event_id=2&category_id=4&grid_id=list1&_search=false&nd=1545108726989&rows=20&jqgrid_page=1&sidx=chapter_id&sord=asc HTTP/1.1" 200 6090 "http://192.168.1.8/sismadak/application/assessment/hospital_assessment_chapter.php?event_id=2&category_id=4" "Mozilla/5.0 (Windows NT 6.1; rv:64.0) Gecko/20100101 Firefox/64.0"
192.168.1.254 - - [18/Dec/2018:11:51:53 +0700] "GET /sismadak/application/assessment/hospital_assessment_document_upload.php?chapter_id=17&instrument_id=1238&id=2,2 HTTP/1.1" 200 56884 "http://119.110.67.68:8808/sismadak/application/assessment/hospital_assessment_chapter_online.php?chapter_id=17&event_id=2" "Mozilla/5.0 (Macintosh; Intel Mac OS X 10_10_5) AppleWebKit/537.36 (KHTML, like Gecko) Chrome/70.0.3538.110 Safari/537.36"
192.168.1.254 - - [18/Dec/2018:11:51:55 +0700] "GET /sismadak/application/assessment/hospital_assessment_document_upload.php?chapter_id=17&instrument_id=1238&id=2,2&grid_id=list1&_search=false&nd=1545108739812&rows=15&jqgrid_page=1&sidx=1&sord=asc HTTP/1.1" 200 1756 "http://119.110.67.68:8808/sismadak/application/assessment/hospital_assessment_document_upload.php?chapter_id=17&instrument_id=1238&id=2,2" "Mozilla/5.0 (Macintosh; Intel Mac OS X 10_10_5) AppleWebKit/537.36 (KHTML, like Gecko) Chrome/70.0.3538.110 Safari/537.36"
192.168.1.144 - - [18/Dec/2018:11:51:56 +0700] "GET /sismadak/application/assessment/hospital_document_find.php HTTP/1.1" 200 55502 "http://192.168.1.8/sismadak/menu.php" "Mozilla/5.0 (Windows NT 6.3; WOW64) AppleWebKit/537.36 (KHTML, like Gecko) Chrome/69.0.3497.100 Safari/537.36"
192.168.1.144 - - [18/Dec/2018:11:51:56 +0700] "GET /sismadak/application/assessment/hospital_document_find.php?grid_id=list1&_search=false&nd=1545108861991&rows=30&jqgrid_page=1&sidx=1&sord=asc HTTP/1.1" 200 5637 "http://192.168.1.8/sismadak/application/assessment/hospital_document_find.php" "Mozilla/5.0 (Windows NT 6.3; WOW64) AppleWebKit/537.36 (KHTML, like Gecko) Chrome/69.0.3497.100 Safari/537.36"
192.168.1.40 - - [18/Dec/2018:11:52:02 +0700] "GET /sismadak/application/assessment/hospital_assessment_document_upload.php?chapter_id=28&instrument_id=2324&id=2,2 HTTP/1.1" 200 56838 "http://192.168.1.8/sismadak/application/assessment/hospital_assessment_chapter_online.php?chapter_id=28&event_id=2" "Mozilla/5.0 (Windows NT 6.1) AppleWebKit/537.36 (KHTML, like Gecko) Chrome/70.0.3538.110 Safari/537.36"
192.168.1.40 - - [18/Dec/2018:11:52:03 +0700] "GET /sismadak/application/assessment/hospital_assessment_document_upload.php?chapter_id=28&instrument_id=2324&id=2,2&grid_id=list1&_search=false&nd=1544169195530&rows=15&jqgrid_page=1&sidx=1&sord=asc HTTP/1.1" 200 35 "http://192.168.1.8/sismadak/application/assessment/hospital_assessment_document_upload.php?chapter_id=28&instrument_id=2324&id=2,2" "Mozilla/5.0 (Windows NT 6.1) AppleWebKit/537.36 (KHTML, like Gecko) Chrome/70.0.3538.110 Safari/537.36"
192.168.1.254 - - [18/Dec/2018:11:52:08 +0700] "GET /sismadak/application/filemanager/filemanager.php HTTP/1.1" 200 23322 "http://119.110.67.68:8808/sismadak/menu.php" "Mozilla/5.0 (Macintosh; Intel Mac OS X 10_10_5) AppleWebKit/537.36 (KHTML, like Gecko) Chrome/70.0.3538.110 Safari/537.36"
192.168.1.254 - - [18/Dec/2018:11:52:09 +0700] "GET /sismadak/application/filemanager/action.php?fmContainer=fmCont1&fmMode=getContSettings&preventCache=1545108753536 HTTP/1.1" 200 482 "http://119.110.67.68:8808/sismadak/application/filemanager/filemanager.php" "Mozilla/5.0 (Macintosh; Intel Mac OS X 10_10_5) AppleWebKit/537.36 (KHTML, like Gecko) Chrome/70.0.3538.110 Safari/537.36"
192.168.1.254 - - [18/Dec/2018:11:52:09 +0700] "GET /sismadak/application/filemanager/action.php?fmContainer=fmCont1&fmMode=getUserPerms&preventCache=1545108753583 HTTP/1.1" 200 184 "http://119.110.67.68:8808/sismadak/application/filemanager/filemanager.php" "Mozilla/5.0 (Macintosh; Intel Mac OS X 10_10_5) AppleWebKit/537.36 (KHTML, like Gecko) Chrome/70.0.3538.110 Safari/537.36"
192.168.1.254 - - [18/Dec/2018:11:52:09 +0700] "GET /sismadak/application/filemanager/action.php?fmContainer=fmCont1&fmMode=getMessages&preventCache=1545108753629 HTTP/1.1" 200 1766 "http://119.110.67.68:8808/sismadak/application/filemanager/filemanager.php" "Mozilla/5.0 (Macintosh; Intel Mac OS X 10_10_5) AppleWebKit/537.36 (KHTML, like Gecko) Chrome/70.0.3538.110 Safari/537.36"
192.168.1.254 - - [18/Dec/2018:11:52:09 +0700] "GET /sismadak/application/filemanager/action.php?fmContainer=fmCont1&fmMode=refresh&preventCache=1545108753672 HTTP/1.1" 200 924 "http://119.110.67.68:8808/sismadak/application/filemanager/filemanager.php" "Mozilla/5.0 (Macintosh; Intel Mac OS X 10_10_5) AppleWebKit/537.36 (KHTML, like Gecko) Chrome/70.0.3538.110 Safari/537.36"
192.168.1.254 - - [18/Dec/2018:11:52:09 +0700] "GET /sismadak/application/filemanager/action.php?fmContainer=fmCont1&fmMode=getExplorer&preventCache=1545108753719 HTTP/1.1" 200 358 "http://119.110.67.68:8808/sismadak/application/filemanager/filemanager.php" "Mozilla/5.0 (Macintosh; Intel Mac OS X 10_10_5) AppleWebKit/537.36 (KHTML, like Gecko) Chrome/70.0.3538.110 Safari/537.36"
169.254.148.246 - - [18/Dec/2018:11:52:21 +0700] "POST /sismadak/application/assessment/hospital_assessment_document_upload.php?chapter_id=28&instrument_id=2235&id=2,2&grid_id=list1 HTTP/1.1" 200 - "http://192.168.1.8/sismadak/application/assessment/hospital_assessment_document_upload.php?chapter_id=28&instrument_id=2235&id=2,2" "Mozilla/5.0 (Windows NT 6.1; Win64; x64) AppleWebKit/537.36 (KHTML, like Gecko) Chrome/71.0.3578.98 Safari/537.36"
192.168.1.219 - - [18/Dec/2018:11:52:21 +0700] "GET /sismadak/application/assessment/hospital_assessment_chapter_online.php?chapter_id=17&event_id=2 HTTP/1.1" 200 60981 "http://192.168.1.8/sismadak/application/assessment/hospital_assessment_chapter.php?event_id=2&category_id=4" "Mozilla/5.0 (Windows NT 6.1; rv:64.0) Gecko/20100101 Firefox/64.0"
169.254.148.246 - - [18/Dec/2018:11:52:21 +0700] "GET /sismadak/application/assessment/hospital_assessment_document_upload.php?chapter_id=28&instrument_id=2235&id=2,2&grid_id=list1&_search=false&nd=1545108773369&rows=15&jqgrid_page=1&sidx=1&sord=asc HTTP/1.1" 200 35 "http://192.168.1.8/sismadak/application/assessment/hospital_assessment_document_upload.php?chapter_id=28&instrument_id=2235&id=2,2" "Mozilla/5.0 (Windows NT 6.1; Win64; x64) AppleWebKit/537.36 (KHTML, like Gecko) Chrome/71.0.3578.98 Safari/537.36"
192.168.1.40 - - [18/Dec/2018:11:52:22 +0700] "GET /sismadak/logout.php HTTP/1.1" 302 - "http://192.168.1.8/sismadak/menu.php" "Mozilla/5.0 (Windows NT 6.1) AppleWebKit/537.36 (KHTML, like Gecko) Chrome/70.0.3538.110 Safari/537.36"
192.168.1.40 - - [18/Dec/2018:11:52:22 +0700] "GET /sismadak/index.php HTTP/1.1" 200 2947 "http://192.168.1.8/sismadak/menu.php" "Mozilla/5.0 (Windows NT 6.1) AppleWebKit/537.36 (KHTML, like Gecko) Chrome/70.0.3538.110 Safari/537.36"
192.168.1.219 - - [18/Dec/2018:11:52:23 +0700] "GET /sismadak/application/assessment/hospital_assessment_chapter_online.php?chapter_id=17&event_id=2&grid_id=list1&_search=false&nd=1545108765930&rows=20&jqgrid_page=1&sidx=instrument_standard_id+asc%2C+instrument_id&sord=asc HTTP/1.1" 200 17272 "http://192.168.1.8/sismadak/application/assessment/hospital_assessment_chapter_online.php?chapter_id=17&event_id=2" "Mozilla/5.0 (Windows NT 6.1; rv:64.0) Gecko/20100101 Firefox/64.0"
192.168.1.40 - - [18/Dec/2018:11:52:25 +0700] "POST /sismadak/index.php HTTP/1.1" 302 2947 "http://192.168.1.8/sismadak/index.php" "Mozilla/5.0 (Windows NT 6.1) AppleWebKit/537.36 (KHTML, like Gecko) Chrome/70.0.3538.110 Safari/537.36"
192.168.1.40 - - [18/Dec/2018:11:52:25 +0700] "GET /sismadak/menu.php HTTP/1.1" 200 3186 "http://192.168.1.8/sismadak/index.php" "Mozilla/5.0 (Windows NT 6.1) AppleWebKit/537.36 (KHTML, like Gecko) Chrome/70.0.3538.110 Safari/537.36"
192.168.1.40 - - [18/Dec/2018:11:52:25 +0700] "GET /sismadak/application/report/dashboard.php HTTP/1.1" 200 13594 "http://192.168.1.8/sismadak/menu.php" "Mozilla/5.0 (Windows NT 6.1) AppleWebKit/537.36 (KHTML, like Gecko) Chrome/70.0.3538.110 Safari/537.36"
192.168.1.119 - - [18/Dec/2018:11:52:26 +0700] "GET /sismadak/application/filemanager/filemanager.php HTTP/1.1" 200 23262 "http://192.168.1.8/sismadak/menu.php" "Mozilla/5.0 (Windows NT 10.0; WOW64; rv:49.0) Gecko/20100101 Firefox/49.0"
192.168.1.119 - - [18/Dec/2018:11:52:26 +0700] "GET /sismadak/application/filemanager/action.php?fmContainer=fmCont1&fmMode=getContSettings&preventCache=1545108777453 HTTP/1.1" 200 482 "http://192.168.1.8/sismadak/application/filemanager/filemanager.php" "Mozilla/5.0 (Windows NT 10.0; WOW64; rv:49.0) Gecko/20100101 Firefox/49.0"
192.168.1.119 - - [18/Dec/2018:11:52:26 +0700] "GET /sismadak/application/filemanager/action.php?fmContainer=fmCont1&fmMode=getUserPerms&preventCache=1545108777520 HTTP/1.1" 200 184 "http://192.168.1.8/sismadak/application/filemanager/filemanager.php" "Mozilla/5.0 (Windows NT 10.0; WOW64; rv:49.0) Gecko/20100101 Firefox/49.0"
192.168.1.119 - - [18/Dec/2018:11:52:26 +0700] "GET /sismadak/application/filemanager/action.php?fmContainer=fmCont1&fmMode=getMessages&preventCache=1545108777558 HTTP/1.1" 200 1766 "http://192.168.1.8/sismadak/application/filemanager/filemanager.php" "Mozilla/5.0 (Windows NT 10.0; WOW64; rv:49.0) Gecko/20100101 Firefox/49.0"
192.168.1.119 - - [18/Dec/2018:11:52:26 +0700] "GET /sismadak/application/filemanager/action.php?fmContainer=fmCont1&fmMode=refresh&preventCache=1545108777598 HTTP/1.1" 200 924 "http://192.168.1.8/sismadak/application/filemanager/filemanager.php" "Mozilla/5.0 (Windows NT 10.0; WOW64; rv:49.0) Gecko/20100101 Firefox/49.0"
192.168.1.119 - - [18/Dec/2018:11:52:26 +0700] "GET /sismadak/application/filemanager/action.php?fmContainer=fmCont1&fmMode=getExplorer&preventCache=1545108777640 HTTP/1.1" 200 358 "http://192.168.1.8/sismadak/application/filemanager/filemanager.php" "Mozilla/5.0 (Windows NT 10.0; WOW64; rv:49.0) Gecko/20100101 Firefox/49.0"
192.168.1.208 - - [18/Dec/2018:11:52:27 +0700] "GET /sismadak/application/assessment/hospital_assessment_document_upload.php?chapter_id=29&instrument_id=2339&id=2,2 HTTP/1.1" 200 56835 "http://192.168.1.8/sismadak/application/assessment/hospital_assessment_chapter_online.php?chapter_id=29&event_id=2" "Mozilla/5.0 (Windows NT 6.1; WOW64; rv:55.0) Gecko/20100101 Firefox/55.0"
192.168.1.208 - - [18/Dec/2018:11:52:28 +0700] "GET /sismadak/application/assessment/hospital_assessment_document_upload.php?chapter_id=29&instrument_id=2339&id=2,2&grid_id=list1&_search=false&nd=1545108772413&rows=15&jqgrid_page=1&sidx=1&sord=asc HTTP/1.1" 200 35 "http://192.168.1.8/sismadak/application/assessment/hospital_assessment_document_upload.php?chapter_id=29&instrument_id=2339&id=2,2" "Mozilla/5.0 (Windows NT 6.1; WOW64; rv:55.0) Gecko/20100101 Firefox/55.0"
