192.168.1.119 - - [18/Dec/2018:10:59:17 +0700] "GET /sismadak/images/bg_blue.png HTTP/1.1" 200 1132 "http://192.168.1.8/sismadak/lib/js/menu/menu.css" "Mozilla/5.0 (Windows NT 10.0; WOW64; rv:49.0) Gecko/20100101 Firefox/49.0"
192.168.1.119 - - [18/Dec/2018:10:59:17 +0700] "GET /sismadak/images/bg_sub_left.png HTTP/1.1" 200 719 "http://192.168.1.8/sismadak/lib/js/menu/menu.css" "Mozilla/5.0 (Windows NT 10.0; WOW64; rv:49.0) Gecko/20100101 Firefox/49.0"
192.168.1.119 - - [18/Dec/2018:10:59:17 +0700] "GET /sismadak/images/arrow.png HTTP/1.1" 200 237 "http://192.168.1.8/sismadak/lib/js/menu/menu.css" "Mozilla/5.0 (Windows NT 10.0; WOW64; rv:49.0) Gecko/20100101 Firefox/49.0"
192.168.1.119 - - [18/Dec/2018:10:59:17 +0700] "GET /sismadak/images/bg_sub.png HTTP/1.1" 200 8845 "http://192.168.1.8/sismadak/lib/js/menu/menu.css" "Mozilla/5.0 (Windows NT 10.0; WOW64; rv:49.0) Gecko/20100101 Firefox/49.0"
192.168.1.119 - - [18/Dec/2018:10:59:17 +0700] "GET /sismadak/images/laporan.png HTTP/1.1" 200 14933 "http://192.168.1.8/sismadak/lib/js/menu/menu.css" "Mozilla/5.0 (Windows NT 10.0; WOW64; rv:49.0) Gecko/20100101 Firefox/49.0"
192.168.1.119 - - [18/Dec/2018:10:59:17 +0700] "GET /sismadak/images/bullet.png HTTP/1.1" 200 156 "http://192.168.1.8/sismadak/lib/js/menu/menu.css" "Mozilla/5.0 (Windows NT 10.0; WOW64; rv:49.0) Gecko/20100101 Firefox/49.0"
192.168.1.119 - - [18/Dec/2018:10:59:17 +0700] "GET /sismadak/images/bg_hdr.png HTTP/1.1" 200 151 "http://192.168.1.8/sismadak/lib/js/menu/menu.css" "Mozilla/5.0 (Windows NT 10.0; WOW64; rv:49.0) Gecko/20100101 Firefox/49.0"
192.168.1.119 - - [18/Dec/2018:10:59:17 +0700] "GET /sismadak/application/report/dashboard.php HTTP/1.1" 200 20794 "http://192.168.1.8/sismadak/menu.php" "Mozilla/5.0 (Windows NT 10.0; WOW64; rv:49.0) Gecko/20100101 Firefox/49.0"
192.168.1.119 - - [18/Dec/2018:10:59:17 +0700] "GET /sismadak/images/configuration.png HTTP/1.1" 200 15435 "http://192.168.1.8/sismadak/lib/js/menu/menu.css" "Mozilla/5.0 (Windows NT 10.0; WOW64; rv:49.0) Gecko/20100101 Firefox/49.0"
192.168.1.119 - - [18/Dec/2018:10:59:17 +0700] "GET /sismadak/lib/js/RGraph/libraries/RGraph.common.core.js HTTP/1.1" 200 72705 "http://192.168.1.8/sismadak/application/report/dashboard.php" "Mozilla/5.0 (Windows NT 10.0; WOW64; rv:49.0) Gecko/20100101 Firefox/49.0"
192.168.1.119 - - [18/Dec/2018:10:59:17 +0700] "GET /sismadak/lib/js/RGraph/libraries/RGraph.common.dynamic.js HTTP/1.1" 200 18806 "http://192.168.1.8/sismadak/application/report/dashboard.php" "Mozilla/5.0 (Windows NT 10.0; WOW64; rv:49.0) Gecko/20100101 Firefox/49.0"
192.168.1.119 - - [18/Dec/2018:10:59:17 +0700] "GET /sismadak/lib/js/RGraph/libraries/RGraph.meter.js HTTP/1.1" 200 22426 "http://192.168.1.8/sismadak/application/report/dashboard.php" "Mozilla/5.0 (Windows NT 10.0; WOW64; rv:49.0) Gecko/20100101 Firefox/49.0"
192.168.1.119 - - [18/Dec/2018:10:59:17 +0700] "GET /sismadak/lib/js/RGraph/libraries/RGraph.gauge.js HTTP/1.1" 200 23883 "http://192.168.1.8/sismadak/application/report/dashboard.php" "Mozilla/5.0 (Windows NT 10.0; WOW64; rv:49.0) Gecko/20100101 Firefox/49.0"
192.168.1.119 - - [18/Dec/2018:10:59:17 +0700] "GET /sismadak/lib/js/RGraph/libraries/RGraph.common.key.js HTTP/1.1" 200 12332 "http://192.168.1.8/sismadak/application/report/dashboard.php" "Mozilla/5.0 (Windows NT 10.0; WOW64; rv:49.0) Gecko/20100101 Firefox/49.0"
192.168.1.119 - - [18/Dec/2018:10:59:17 +0700] "GET /sismadak/lib/js/RGraph/libraries/RGraph.common.tooltips.js HTTP/1.1" 200 5732 "http://192.168.1.8/sismadak/application/report/dashboard.php" "Mozilla/5.0 (Windows NT 10.0; WOW64; rv:49.0) Gecko/20100101 Firefox/49.0"
192.168.1.119 - - [18/Dec/2018:10:59:17 +0700] "GET /sismadak/lib/js/RGraph/libraries/RGraph.drawing.xaxis.js HTTP/1.1" 200 9413 "http://192.168.1.8/sismadak/application/report/dashboard.php" "Mozilla/5.0 (Windows NT 10.0; WOW64; rv:49.0) Gecko/20100101 Firefox/49.0"
192.168.1.119 - - [18/Dec/2018:10:59:17 +0700] "GET /sismadak/lib/js/RGraph/libraries/RGraph.bar.js HTTP/1.1" 200 64135 "http://192.168.1.8/sismadak/application/report/dashboard.php" "Mozilla/5.0 (Windows NT 10.0; WOW64; rv:49.0) Gecko/20100101 Firefox/49.0"
192.168.1.236 - - [18/Dec/2018:10:59:20 +0700] "GET /sismadak/index.php HTTP/1.1" 302 - "http://192.168.1.8/sismadak/menu.php" "Mozilla/5.0 (Windows NT 6.1; WOW64; rv:55.0) Gecko/20100101 Firefox/55.0"
192.168.1.236 - - [18/Dec/2018:10:59:20 +0700] "GET /sismadak/menu.php HTTP/1.1" 200 3174 "http://192.168.1.8/sismadak/menu.php" "Mozilla/5.0 (Windows NT 6.1; WOW64; rv:55.0) Gecko/20100101 Firefox/55.0"
192.168.1.236 - - [18/Dec/2018:10:59:20 +0700] "GET /sismadak/application/report/dashboard.php HTTP/1.1" 200 20794 "http://192.168.1.8/sismadak/menu.php" "Mozilla/5.0 (Windows NT 6.1; WOW64; rv:55.0) Gecko/20100101 Firefox/55.0"
169.254.175.243 - - [18/Dec/2018:10:59:21 +0700] "POST /sismadak/application/assessment/hospital_assessment_chapter_online.php?chapter_id=1&event_id=1&grid_id=list1 HTTP/1.1" 200 - "http://192.168.1.8/sismadak/application/assessment/hospital_assessment_chapter_online.php?chapter_id=1&event_id=1" "Mozilla/5.0 (Windows NT 6.1; rv:37.0) Gecko/20100101 Firefox/37.0"
169.254.175.243 - - [18/Dec/2018:10:59:21 +0700] "GET /sismadak/application/assessment/hospital_assessment_chapter_online.php?chapter_id=1&event_id=1&grid_id=list1&_search=false&nd=1545105585324&rows=20&jqgrid_page=1&sidx=instrument_standard_id+asc%2C+instrument_id&sord=asc HTTP/1.1" 200 17645 "http://192.168.1.8/sismadak/application/assessment/hospital_assessment_chapter_online.php?chapter_id=1&event_id=1" "Mozilla/5.0 (Windows NT 6.1; rv:37.0) Gecko/20100101 Firefox/37.0"
169.254.175.243 - - [18/Dec/2018:10:59:28 +0700] "POST /sismadak/application/assessment/hospital_assessment_chapter_online.php?chapter_id=1&event_id=1&grid_id=list1 HTTP/1.1" 200 - "http://192.168.1.8/sismadak/application/assessment/hospital_assessment_chapter_online.php?chapter_id=1&event_id=1" "Mozilla/5.0 (Windows NT 6.1; rv:37.0) Gecko/20100101 Firefox/37.0"
192.168.1.119 - - [18/Dec/2018:10:59:32 +0700] "GET /sismadak/images/bullet_on.png HTTP/1.1" 200 155 "http://192.168.1.8/sismadak/lib/js/menu/menu.css" "Mozilla/5.0 (Windows NT 10.0; WOW64; rv:49.0) Gecko/20100101 Firefox/49.0"
192.168.1.119 - - [18/Dec/2018:10:59:33 +0700] "GET /sismadak/application/assessment/hospital_assessment_reguler_list.php?category_id=4&module_id=4 HTTP/1.1" 200 50021 "http://192.168.1.8/sismadak/menu.php" "Mozilla/5.0 (Windows NT 10.0; WOW64; rv:49.0) Gecko/20100101 Firefox/49.0"
192.168.1.119 - - [18/Dec/2018:10:59:33 +0700] "GET /sismadak/lib/js/themes/redmond/jquery-ui.custom.css HTTP/1.1" 200 27202 "http://192.168.1.8/sismadak/application/assessment/hospital_assessment_reguler_list.php?category_id=4&module_id=4" "Mozilla/5.0 (Windows NT 10.0; WOW64; rv:49.0) Gecko/20100101 Firefox/49.0"
192.168.1.119 - - [18/Dec/2018:10:59:33 +0700] "GET /sismadak/lib/js/themes/jquery-ui.custom.min.js HTTP/1.1" 200 267968 "http://192.168.1.8/sismadak/application/assessment/hospital_assessment_reguler_list.php?category_id=4&module_id=4" "Mozilla/5.0 (Windows NT 10.0; WOW64; rv:49.0) Gecko/20100101 Firefox/49.0"
192.168.1.119 - - [18/Dec/2018:10:59:33 +0700] "GET /sismadak/lib/js/jqgrid/css/ui.jqgrid.css HTTP/1.1" 200 43855 "http://192.168.1.8/sismadak/application/assessment/hospital_assessment_reguler_list.php?category_id=4&module_id=4" "Mozilla/5.0 (Windows NT 10.0; WOW64; rv:49.0) Gecko/20100101 Firefox/49.0"
192.168.1.119 - - [18/Dec/2018:10:59:33 +0700] "GET /sismadak/lib/js/jqgrid/js/i18n/grid.locale-en.js HTTP/1.1" 200 7078 "http://192.168.1.8/sismadak/application/assessment/hospital_assessment_reguler_list.php?category_id=4&module_id=4" "Mozilla/5.0 (Windows NT 10.0; WOW64; rv:49.0) Gecko/20100101 Firefox/49.0"
192.168.1.119 - - [18/Dec/2018:10:59:33 +0700] "GET /sismadak/lib/js/jqgrid/js/jquery.jqGrid.min.js HTTP/1.1" 200 281773 "http://192.168.1.8/sismadak/application/assessment/hospital_assessment_reguler_list.php?category_id=4&module_id=4" "Mozilla/5.0 (Windows NT 10.0; WOW64; rv:49.0) Gecko/20100101 Firefox/49.0"
192.168.1.119 - - [18/Dec/2018:10:59:33 +0700] "GET /sismadak/lib/js/multiselect-widget/jquery.multiselect.css HTTP/1.1" 200 1601 "http://192.168.1.8/sismadak/application/assessment/hospital_assessment_reguler_list.php?category_id=4&module_id=4" "Mozilla/5.0 (Windows NT 10.0; WOW64; rv:49.0) Gecko/20100101 Firefox/49.0"
192.168.1.119 - - [18/Dec/2018:10:59:33 +0700] "GET /sismadak/lib/js/multiselect-widget/jquery.multiselect.filter.css HTTP/1.1" 200 326 "http://192.168.1.8/sismadak/application/assessment/hospital_assessment_reguler_list.php?category_id=4&module_id=4" "Mozilla/5.0 (Windows NT 10.0; WOW64; rv:49.0) Gecko/20100101 Firefox/49.0"
192.168.1.119 - - [18/Dec/2018:10:59:33 +0700] "GET /sismadak/lib/js/multiselect-widget/jquery.multiselect.filter.js HTTP/1.1" 200 5435 "http://192.168.1.8/sismadak/application/assessment/hospital_assessment_reguler_list.php?category_id=4&module_id=4" "Mozilla/5.0 (Windows NT 10.0; WOW64; rv:49.0) Gecko/20100101 Firefox/49.0"
192.168.1.119 - - [18/Dec/2018:10:59:33 +0700] "GET /sismadak/lib/js/multiselect-widget/jquery.multiselect.js HTTP/1.1" 200 22081 "http://192.168.1.8/sismadak/application/assessment/hospital_assessment_reguler_list.php?category_id=4&module_id=4" "Mozilla/5.0 (Windows NT 10.0; WOW64; rv:49.0) Gecko/20100101 Firefox/49.0"
192.168.1.119 - - [18/Dec/2018:10:59:33 +0700] "GET /sismadak/lib/js/fancybox/jquery.fancybox.css HTTP/1.1" 200 4388 "http://192.168.1.8/sismadak/application/assessment/hospital_assessment_reguler_list.php?category_id=4&module_id=4" "Mozilla/5.0 (Windows NT 10.0; WOW64; rv:49.0) Gecko/20100101 Firefox/49.0"
192.168.1.119 - - [18/Dec/2018:10:59:33 +0700] "GET /sismadak/lib/js/fancybox/jquery.fancybox.js HTTP/1.1" 200 49744 "http://192.168.1.8/sismadak/application/assessment/hospital_assessment_reguler_list.php?category_id=4&module_id=4" "Mozilla/5.0 (Windows NT 10.0; WOW64; rv:49.0) Gecko/20100101 Firefox/49.0"
192.168.1.119 - - [18/Dec/2018:10:59:34 +0700] "GET /sismadak/lib/js/themes/redmond/images/ui-bg_inset-hard_100_fcfdfd_1x100.png HTTP/1.1" 200 344 "http://192.168.1.8/sismadak/lib/js/themes/redmond/jquery-ui.custom.css" "Mozilla/5.0 (Windows NT 10.0; WOW64; rv:49.0) Gecko/20100101 Firefox/49.0"
192.168.1.119 - - [18/Dec/2018:10:59:34 +0700] "GET /sismadak/lib/js/themes/redmond/images/ui-bg_glass_85_dfeffc_1x400.png HTTP/1.1" 200 393 "http://192.168.1.8/sismadak/lib/js/themes/redmond/jquery-ui.custom.css" "Mozilla/5.0 (Windows NT 10.0; WOW64; rv:49.0) Gecko/20100101 Firefox/49.0"
192.168.1.119 - - [18/Dec/2018:10:59:34 +0700] "GET /sismadak/lib/js/jqgrid/css/fonts/jquery-ui.woff?jquf1.4.1 HTTP/1.1" 200 53096 "http://192.168.1.8/sismadak/lib/js/jqgrid/css/ui.jqgrid.css" "Mozilla/5.0 (Windows NT 10.0; WOW64; rv:49.0) Gecko/20100101 Firefox/49.0"
192.168.1.119 - - [18/Dec/2018:10:59:34 +0700] "GET /sismadak/lib/js/themes/redmond/images/ui-bg_gloss-wave_55_5c9ccc_500x100.png HTTP/1.1" 200 5876 "http://192.168.1.8/sismadak/lib/js/themes/redmond/jquery-ui.custom.css" "Mozilla/5.0 (Windows NT 10.0; WOW64; rv:49.0) Gecko/20100101 Firefox/49.0"
192.168.1.119 - - [18/Dec/2018:10:59:34 +0700] "GET /sismadak/lib/js/themes/redmond/images/ui-bg_inset-hard_100_f5f8f9_1x100.png HTTP/1.1" 200 385 "http://192.168.1.8/sismadak/lib/js/themes/redmond/jquery-ui.custom.css" "Mozilla/5.0 (Windows NT 10.0; WOW64; rv:49.0) Gecko/20100101 Firefox/49.0"
192.168.1.119 - - [18/Dec/2018:10:59:34 +0700] "GET /sismadak/application/assessment/hospital_assessment_reguler_list.php?category_id=4&module_id=4&grid_id=list1&_search=false&nd=1545105605637&rows=20&jqgrid_page=1&sidx=accreditation_id&sord=desc HTTP/1.1" 200 743 "http://192.168.1.8/sismadak/application/assessment/hospital_assessment_reguler_list.php?category_id=4&module_id=4" "Mozilla/5.0 (Windows NT 10.0; WOW64; rv:49.0) Gecko/20100101 Firefox/49.0"
192.168.1.119 - - [18/Dec/2018:10:59:36 +0700] "GET /sismadak/lib/js/themes/redmond/images/ui-bg_glass_75_d0e5f5_1x400.png HTTP/1.1" 200 388 "http://192.168.1.8/sismadak/lib/js/themes/redmond/jquery-ui.custom.css" "Mozilla/5.0 (Windows NT 10.0; WOW64; rv:49.0) Gecko/20100101 Firefox/49.0"
169.254.175.243 - - [18/Dec/2018:10:59:51 +0700] "GET /sismadak/application/assessment/hospital_assessment_chapter.php?event_id=1&category_id=4 HTTP/1.1" 200 46177 "http://192.168.1.8/sismadak/application/assessment/hospital_assessment_reguler_list.php?category_id=4&module_id=4" "Mozilla/5.0 (Windows NT 6.1; rv:37.0) Gecko/20100101 Firefox/37.0"
169.254.175.243 - - [18/Dec/2018:10:59:52 +0700] "GET /sismadak/application/assessment/hospital_assessment_chapter.php?event_id=1&category_id=4&grid_id=list1&_search=false&nd=1545105616708&rows=20&jqgrid_page=1&sidx=chapter_id&sord=asc HTTP/1.1" 200 5793 "http://192.168.1.8/sismadak/application/assessment/hospital_assessment_chapter.php?event_id=1&category_id=4" "Mozilla/5.0 (Windows NT 6.1; rv:37.0) Gecko/20100101 Firefox/37.0"
192.168.1.229 - - [18/Dec/2018:11:00:05 +0700] "GET /sismadak/application/assessment/hospital_assessment_chapter_online.php?chapter_id=9&event_id=1 HTTP/1.1" 200 60972 "http://192.168.1.8/sismadak/application/assessment/hospital_assessment_chapter.php?event_id=1&category_id=4" "Mozilla/5.0 (Windows NT 6.1; WOW64; rv:56.0) Gecko/20100101 Firefox/56.0"
192.168.1.229 - - [18/Dec/2018:11:00:05 +0700] "GET /sismadak/application/assessment/hospital_assessment_chapter_online.php?chapter_id=9&event_id=1 HTTP/1.1" 200 60972 "http://192.168.1.8/sismadak/application/assessment/hospital_assessment_chapter.php?event_id=1&category_id=4" "Mozilla/5.0 (Windows NT 6.1; WOW64; rv:56.0) Gecko/20100101 Firefox/56.0"
192.168.1.119 - - [18/Dec/2018:11:00:06 +0700] "GET /sismadak/application/filemanager/filemanager.php HTTP/1.1" 200 23262 "http://192.168.1.8/sismadak/menu.php" "Mozilla/5.0 (Windows NT 10.0; WOW64; rv:49.0) Gecko/20100101 Firefox/49.0"
192.168.1.119 - - [18/Dec/2018:11:00:06 +0700] "GET /sismadak/application/filemanager/js/syntax.js HTTP/1.1" 200 12816 "http://192.168.1.8/sismadak/application/filemanager/filemanager.php" "Mozilla/5.0 (Windows NT 10.0; WOW64; rv:49.0) Gecko/20100101 Firefox/49.0"
192.168.1.119 - - [18/Dec/2018:11:00:06 +0700] "GET /sismadak/application/filemanager/js/codeedit.js HTTP/1.1" 200 11895 "http://192.168.1.8/sismadak/application/filemanager/filemanager.php" "Mozilla/5.0 (Windows NT 10.0; WOW64; rv:49.0) Gecko/20100101 Firefox/49.0"
192.168.1.119 - - [18/Dec/2018:11:00:06 +0700] "GET /sismadak/application/filemanager/js/tools.js HTTP/1.1" 200 8403 "http://192.168.1.8/sismadak/application/filemanager/filemanager.php" "Mozilla/5.0 (Windows NT 10.0; WOW64; rv:49.0) Gecko/20100101 Firefox/49.0"
192.168.1.119 - - [18/Dec/2018:11:00:06 +0700] "GET /sismadak/application/filemanager/js/codeview.js HTTP/1.1" 200 7295 "http://192.168.1.8/sismadak/application/filemanager/filemanager.php" "Mozilla/5.0 (Windows NT 10.0; WOW64; rv:49.0) Gecko/20100101 Firefox/49.0"
192.168.1.119 - - [18/Dec/2018:11:00:06 +0700] "GET /sismadak/application/filemanager/js/ajax.js HTTP/1.1" 200 4945 "http://192.168.1.8/sismadak/application/filemanager/filemanager.php" "Mozilla/5.0 (Windows NT 10.0; WOW64; rv:49.0) Gecko/20100101 Firefox/49.0"
192.168.1.119 - - [18/Dec/2018:11:00:06 +0700] "GET /sismadak/application/filemanager/js/filemanager.js HTTP/1.1" 200 45811 "http://192.168.1.8/sismadak/application/filemanager/filemanager.php" "Mozilla/5.0 (Windows NT 10.0; WOW64; rv:49.0) Gecko/20100101 Firefox/49.0"
192.168.1.119 - - [18/Dec/2018:11:00:06 +0700] "GET /sismadak/application/filemanager/js/parser.js HTTP/1.1" 200 38999 "http://192.168.1.8/sismadak/application/filemanager/filemanager.php" "Mozilla/5.0 (Windows NT 10.0; WOW64; rv:49.0) Gecko/20100101 Firefox/49.0"
192.168.1.119 - - [18/Dec/2018:11:00:06 +0700] "GET /sismadak/application/filemanager/ext/flashreplace/flashreplace.js HTTP/1.1" 200 2459 "http://192.168.1.8/sismadak/application/filemanager/filemanager.php" "Mozilla/5.0 (Windows NT 10.0; WOW64; rv:49.0) Gecko/20100101 Firefox/49.0"
192.168.1.119 - - [18/Dec/2018:11:00:06 +0700] "GET /sismadak/application/filemanager/ext/filedrop/filedrop-min.js HTTP/1.1" 200 16861 "http://192.168.1.8/sismadak/application/filemanager/filemanager.php" "Mozilla/5.0 (Windows NT 10.0; WOW64; rv:49.0) Gecko/20100101 Firefox/49.0"
192.168.1.119 - - [18/Dec/2018:11:00:06 +0700] "GET /sismadak/application/filemanager/css/filemanager.css HTTP/1.1" 200 8477 "http://192.168.1.8/sismadak/application/filemanager/filemanager.php" "Mozilla/5.0 (Windows NT 10.0; WOW64; rv:49.0) Gecko/20100101 Firefox/49.0"
192.168.1.119 - - [18/Dec/2018:11:00:06 +0700] "GET /sismadak/application/filemanager/ext/uppod/uppod.js HTTP/1.1" 200 117870 "http://192.168.1.8/sismadak/application/filemanager/filemanager.php" "Mozilla/5.0 (Windows NT 10.0; WOW64; rv:49.0) Gecko/20100101 Firefox/49.0"
192.168.1.119 - - [18/Dec/2018:11:00:06 +0700] "GET /sismadak/application/filemanager/ext/filedrop/filedrop.css HTTP/1.1" 200 517 "http://192.168.1.8/sismadak/application/filemanager/filemanager.php" "Mozilla/5.0 (Windows NT 10.0; WOW64; rv:49.0) Gecko/20100101 Firefox/49.0"
192.168.1.229 - - [18/Dec/2018:11:00:05 +0700] "GET /sismadak/application/assessment/hospital_assessment_chapter_online.php?chapter_id=9&event_id=1&grid_id=list1&_search=false&nd=1545105629076&rows=20&jqgrid_page=1&sidx=instrument_standard_id+asc%2C+instrument_id&sord=asc HTTP/1.1" 200 17555 "http://192.168.1.8/sismadak/application/assessment/hospital_assessment_chapter_online.php?chapter_id=9&event_id=1" "Mozilla/5.0 (Windows NT 6.1; WOW64; rv:56.0) Gecko/20100101 Firefox/56.0"
192.168.1.119 - - [18/Dec/2018:11:00:06 +0700] "GET /sismadak/application/filemanager/action.php?fmContainer=fmCont1&fmMode=getContSettings&preventCache=1545105637875 HTTP/1.1" 200 482 "http://192.168.1.8/sismadak/application/filemanager/filemanager.php" "Mozilla/5.0 (Windows NT 10.0; WOW64; rv:49.0) Gecko/20100101 Firefox/49.0"
192.168.1.119 - - [18/Dec/2018:11:00:06 +0700] "GET /sismadak/application/filemanager/action.php?fmContainer=fmCont1&fmMode=getUserPerms&preventCache=1545105637946 HTTP/1.1" 200 184 "http://192.168.1.8/sismadak/application/filemanager/filemanager.php" "Mozilla/5.0 (Windows NT 10.0; WOW64; rv:49.0) Gecko/20100101 Firefox/49.0"
192.168.1.119 - - [18/Dec/2018:11:00:06 +0700] "GET /sismadak/application/filemanager/action.php?fmContainer=fmCont1&fmMode=getMessages&preventCache=1545105637981 HTTP/1.1" 200 1766 "http://192.168.1.8/sismadak/application/filemanager/filemanager.php" "Mozilla/5.0 (Windows NT 10.0; WOW64; rv:49.0) Gecko/20100101 Firefox/49.0"
192.168.1.119 - - [18/Dec/2018:11:00:06 +0700] "GET /sismadak/application/filemanager/icn/ajax_loader.gif HTTP/1.1" 200 7021 "http://192.168.1.8/sismadak/application/filemanager/filemanager.php" "Mozilla/5.0 (Windows NT 10.0; WOW64; rv:49.0) Gecko/20100101 Firefox/49.0"
192.168.1.119 - - [18/Dec/2018:11:00:06 +0700] "GET /sismadak/application/filemanager/action.php?fmContainer=fmCont1&fmMode=refresh&preventCache=1545105638017 HTTP/1.1" 200 924 "http://192.168.1.8/sismadak/application/filemanager/filemanager.php" "Mozilla/5.0 (Windows NT 10.0; WOW64; rv:49.0) Gecko/20100101 Firefox/49.0"
192.168.1.119 - - [18/Dec/2018:11:00:06 +0700] "GET /sismadak/application/filemanager/icn/list_details.png HTTP/1.1" 200 600 "http://192.168.1.8/sismadak/application/filemanager/filemanager.php" "Mozilla/5.0 (Windows NT 10.0; WOW64; rv:49.0) Gecko/20100101 Firefox/49.0"
192.168.1.119 - - [18/Dec/2018:11:00:06 +0700] "GET /sismadak/application/filemanager/icn/refresh.png HTTP/1.1" 200 674 "http://192.168.1.8/sismadak/application/filemanager/filemanager.php" "Mozilla/5.0 (Windows NT 10.0; WOW64; rv:49.0) Gecko/20100101 Firefox/49.0"
192.168.1.119 - - [18/Dec/2018:11:00:06 +0700] "GET /sismadak/application/filemanager/icn/big/folder.png HTTP/1.1" 200 1086 "http://192.168.1.8/sismadak/application/filemanager/filemanager.php" "Mozilla/5.0 (Windows NT 10.0; WOW64; rv:49.0) Gecko/20100101 Firefox/49.0"
192.168.1.119 - - [18/Dec/2018:11:00:06 +0700] "GET /sismadak/application/filemanager/action.php?fmContainer=fmCont1&fmMode=getExplorer&preventCache=1545105638059 HTTP/1.1" 200 358 "http://192.168.1.8/sismadak/application/filemanager/filemanager.php" "Mozilla/5.0 (Windows NT 10.0; WOW64; rv:49.0) Gecko/20100101 Firefox/49.0"
192.168.1.119 - - [18/Dec/2018:11:00:06 +0700] "GET /sismadak/application/filemanager/icn/treeClose.gif HTTP/1.1" 200 65 "http://192.168.1.8/sismadak/application/filemanager/filemanager.php" "Mozilla/5.0 (Windows NT 10.0; WOW64; rv:49.0) Gecko/20100101 Firefox/49.0"
192.168.1.119 - - [18/Dec/2018:11:00:06 +0700] "GET /sismadak/application/filemanager/icn/dir_open.gif HTTP/1.1" 200 81 "http://192.168.1.8/sismadak/application/filemanager/filemanager.php" "Mozilla/5.0 (Windows NT 10.0; WOW64; rv:49.0) Gecko/20100101 Firefox/49.0"
192.168.1.119 - - [18/Dec/2018:11:00:06 +0700] "GET /sismadak/application/filemanager/icn/dir.gif HTTP/1.1" 200 80 "http://192.168.1.8/sismadak/application/filemanager/filemanager.php" "Mozilla/5.0 (Windows NT 10.0; WOW64; rv:49.0) Gecko/20100101 Firefox/49.0"
192.168.1.119 - - [18/Dec/2018:11:00:06 +0700] "GET /sismadak/application/filemanager/icn/blank.gif HTTP/1.1" 200 49 "http://192.168.1.8/sismadak/application/filemanager/filemanager.php" "Mozilla/5.0 (Windows NT 10.0; WOW64; rv:49.0) Gecko/20100101 Firefox/49.0"
192.168.1.215 - - [18/Dec/2018:11:00:14 +0700] "GET /sismadak/application/assessment/hospital_assessment_reguler_list.php?category_id=4&module_id=4 HTTP/1.1" 200 50021 "http://192.168.1.8/sismadak/menu.php" "Mozilla/5.0 (Windows NT 6.1; WOW64; rv:63.0) Gecko/20100101 Firefox/63.0"
192.168.1.215 - - [18/Dec/2018:11:00:15 +0700] "GET /sismadak/application/assessment/hospital_assessment_reguler_list.php?category_id=4&module_id=4&grid_id=list1&_search=false&nd=1545105640192&rows=20&jqgrid_page=1&sidx=accreditation_id&sord=desc HTTP/1.1" 200 743 "http://192.168.1.8/sismadak/application/assessment/hospital_assessment_reguler_list.php?category_id=4&module_id=4" "Mozilla/5.0 (Windows NT 6.1; WOW64; rv:63.0) Gecko/20100101 Firefox/63.0"
192.168.1.215 - - [18/Dec/2018:11:00:19 +0700] "GET /sismadak/application/assessment/hospital_assessment_chapter.php?event_id=1&category_id=4 HTTP/1.1" 200 46177 "http://192.168.1.8/sismadak/application/assessment/hospital_assessment_reguler_list.php?category_id=4&module_id=4" "Mozilla/5.0 (Windows NT 6.1; WOW64; rv:63.0) Gecko/20100101 Firefox/63.0"
192.168.1.215 - - [18/Dec/2018:11:00:20 +0700] "GET /sismadak/application/assessment/hospital_assessment_chapter.php?event_id=1&category_id=4&grid_id=list1&_search=false&nd=1545105644355&rows=20&jqgrid_page=1&sidx=chapter_id&sord=asc HTTP/1.1" 200 5793 "http://192.168.1.8/sismadak/application/assessment/hospital_assessment_chapter.php?event_id=1&category_id=4" "Mozilla/5.0 (Windows NT 6.1; WOW64; rv:63.0) Gecko/20100101 Firefox/63.0"
192.168.1.254 - - [18/Dec/2018:11:00:22 +0700] "GET /sismadak/application/hospital_survey/survey_indicator_progress.php?cat=4 HTTP/1.1" 200 24854 "http://119.110.67.68:8808/sismadak/menu.php" "Mozilla/5.0 (Macintosh; Intel Mac OS X 10_10_5) AppleWebKit/537.36 (KHTML, like Gecko) Chrome/70.0.3538.110 Safari/537.36"
192.168.1.119 - - [18/Dec/2018:11:00:27 +0700] "GET /sismadak/application/assessment/hospital_document_find.php HTTP/1.1" 200 55502 "http://192.168.1.8/sismadak/menu.php" "Mozilla/5.0 (Windows NT 10.0; WOW64; rv:49.0) Gecko/20100101 Firefox/49.0"
192.168.1.119 - - [18/Dec/2018:11:00:27 +0700] "GET /sismadak/application/assessment/hospital_document_find.php?grid_id=list1&_search=false&nd=1545105658745&rows=30&jqgrid_page=1&sidx=1&sord=asc HTTP/1.1" 200 1068 "http://192.168.1.8/sismadak/application/assessment/hospital_document_find.php" "Mozilla/5.0 (Windows NT 10.0; WOW64; rv:49.0) Gecko/20100101 Firefox/49.0"
192.168.1.119 - - [18/Dec/2018:11:00:34 +0700] "GET /sismadak/lib/js/themes/redmond/images/ui-bg_flat_55_fbec88_40x100.png HTTP/1.1" 200 274 "http://192.168.1.8/sismadak/lib/js/themes/redmond/jquery-ui.custom.css" "Mozilla/5.0 (Windows NT 10.0; WOW64; rv:49.0) Gecko/20100101 Firefox/49.0"
192.168.1.219 - - [18/Dec/2018:11:00:35 +0700] "GET /sismadak/application/assessment/hospital_assessment_reguler_list.php?category_id=4&module_id=4 HTTP/1.1" 200 50021 "http://192.168.1.8/sismadak/menu.php" "Mozilla/5.0 (Windows NT 6.1; rv:64.0) Gecko/20100101 Firefox/64.0"
192.168.1.219 - - [18/Dec/2018:11:00:36 +0700] "GET /sismadak/application/assessment/hospital_assessment_reguler_list.php?category_id=4&module_id=4&grid_id=list1&_search=false&nd=1545105659772&rows=20&jqgrid_page=1&sidx=accreditation_id&sord=desc HTTP/1.1" 200 743 "http://192.168.1.8/sismadak/application/assessment/hospital_assessment_reguler_list.php?category_id=4&module_id=4" "Mozilla/5.0 (Windows NT 6.1; rv:64.0) Gecko/20100101 Firefox/64.0"
192.168.1.119 - - [18/Dec/2018:11:00:37 +0700] "GET /sismadak/application/assessment/download.php?id=c4ca4238a0b923820dcc509a6f75849b-LAPORAN_HARIAN_SEPTEMBER_2015.xlsx HTTP/1.1" 200 23465 "http://192.168.1.8/sismadak/application/assessment/hospital_document_find.php" "Mozilla/5.0 (Windows NT 10.0; WOW64; rv:49.0) Gecko/20100101 Firefox/49.0"
192.168.1.219 - - [18/Dec/2018:11:00:44 +0700] "GET /sismadak/application/assessment/hospital_assessment_chapter.php?event_id=1&category_id=4 HTTP/1.1" 200 46177 "http://192.168.1.8/sismadak/application/assessment/hospital_assessment_reguler_list.php?category_id=4&module_id=4" "Mozilla/5.0 (Windows NT 6.1; rv:64.0) Gecko/20100101 Firefox/64.0"
192.168.1.219 - - [18/Dec/2018:11:00:45 +0700] "GET /sismadak/application/assessment/hospital_assessment_chapter.php?event_id=1&category_id=4&grid_id=list1&_search=false&nd=1545105667970&rows=20&jqgrid_page=1&sidx=chapter_id&sord=asc HTTP/1.1" 200 5793 "http://192.168.1.8/sismadak/application/assessment/hospital_assessment_chapter.php?event_id=1&category_id=4" "Mozilla/5.0 (Windows NT 6.1; rv:64.0) Gecko/20100101 Firefox/64.0"
192.168.1.119 - - [18/Dec/2018:11:00:48 +0700] "GET /sismadak/index.php HTTP/1.1" 302 - "http://192.168.1.8/sismadak/menu.php" "Mozilla/5.0 (Windows NT 10.0; WOW64; rv:49.0) Gecko/20100101 Firefox/49.0"
192.168.1.119 - - [18/Dec/2018:11:00:48 +0700] "GET /sismadak/menu.php HTTP/1.1" 200 3174 "http://192.168.1.8/sismadak/menu.php" "Mozilla/5.0 (Windows NT 10.0; WOW64; rv:49.0) Gecko/20100101 Firefox/49.0"
192.168.1.119 - - [18/Dec/2018:11:00:48 +0700] "GET /sismadak/application/report/dashboard.php HTTP/1.1" 200 20794 "http://192.168.1.8/sismadak/menu.php" "Mozilla/5.0 (Windows NT 10.0; WOW64; rv:49.0) Gecko/20100101 Firefox/49.0"
192.168.1.219 - - [18/Dec/2018:11:00:48 +0700] "GET /sismadak/application/assessment/hospital_assessment_chapter_online.php?chapter_id=1&event_id=1 HTTP/1.1" 200 60972 "http://192.168.1.8/sismadak/application/assessment/hospital_assessment_chapter.php?event_id=1&category_id=4" "Mozilla/5.0 (Windows NT 6.1; rv:64.0) Gecko/20100101 Firefox/64.0"
192.168.1.219 - - [18/Dec/2018:11:00:49 +0700] "GET /sismadak/lib/js/jqgrid/css/ui.jqgrid.css HTTP/1.1" 200 43855 "http://192.168.1.8/sismadak/application/assessment/hospital_assessment_chapter_online.php?chapter_id=1&event_id=1" "Mozilla/5.0 (Windows NT 6.1; rv:64.0) Gecko/20100101 Firefox/64.0"
192.168.1.219 - - [18/Dec/2018:11:00:49 +0700] "GET /sismadak/lib/js/multiselect-widget/jquery.multiselect.filter.css HTTP/1.1" 200 326 "http://192.168.1.8/sismadak/application/assessment/hospital_assessment_chapter_online.php?chapter_id=1&event_id=1" "Mozilla/5.0 (Windows NT 6.1; rv:64.0) Gecko/20100101 Firefox/64.0"
192.168.1.219 - - [18/Dec/2018:11:00:49 +0700] "GET /sismadak/lib/js/fancybox/jquery.fancybox.css HTTP/1.1" 200 4388 "http://192.168.1.8/sismadak/application/assessment/hospital_assessment_chapter_online.php?chapter_id=1&event_id=1" "Mozilla/5.0 (Windows NT 6.1; rv:64.0) Gecko/20100101 Firefox/64.0"
192.168.1.219 - - [18/Dec/2018:11:00:49 +0700] "GET /sismadak/lib/js/multiselect-widget/jquery.multiselect.css HTTP/1.1" 200 1601 "http://192.168.1.8/sismadak/application/assessment/hospital_assessment_chapter_online.php?chapter_id=1&event_id=1" "Mozilla/5.0 (Windows NT 6.1; rv:64.0) Gecko/20100101 Firefox/64.0"
192.168.1.219 - - [18/Dec/2018:11:00:50 +0700] "GET /sismadak/application/assessment/hospital_assessment_chapter_online.php?chapter_id=1&event_id=1&grid_id=list1&_search=false&nd=1545105673152&rows=20&jqgrid_page=1&sidx=instrument_standard_id+asc%2C+instrument_id&sord=asc HTTP/1.1" 200 17645 "http://192.168.1.8/sismadak/application/assessment/hospital_assessment_chapter_online.php?chapter_id=1&event_id=1" "Mozilla/5.0 (Windows NT 6.1; rv:64.0) Gecko/20100101 Firefox/64.0"
192.168.1.218 - - [18/Dec/2018:11:01:06 +0700] "GET /sismadak/application/assessment/hospital_assessment_chapter_online.php?chapter_id=15&event_id=1&grid_id=list1&_search=false&nd=1545105695428&rows=20&jqgrid_page=5&sidx=instrument_standard_id+asc%2C+instrument_id&sord=asc HTTP/1.1" 200 10114 "http://192.168.1.8/sismadak/application/assessment/hospital_assessment_chapter_online.php?chapter_id=15&event_id=1" "Mozilla/5.0 (Windows NT 6.1; Win64; x64) AppleWebKit/537.36 (KHTML, like Gecko) Chrome/71.0.3578.98 Safari/537.36"
192.168.1.215 - - [18/Dec/2018:11:01:07 +0700] "GET /sismadak/application/filemanager/filemanager.php HTTP/1.1" 200 23262 "http://192.168.1.8/sismadak/menu.php" "Mozilla/5.0 (Windows NT 6.1; WOW64; rv:63.0) Gecko/20100101 Firefox/63.0"
192.168.1.215 - - [18/Dec/2018:11:01:08 +0700] "GET /sismadak/application/filemanager/js/tools.js HTTP/1.1" 200 8403 "http://192.168.1.8/sismadak/application/filemanager/filemanager.php" "Mozilla/5.0 (Windows NT 6.1; WOW64; rv:63.0) Gecko/20100101 Firefox/63.0"
192.168.1.215 - - [18/Dec/2018:11:01:08 +0700] "GET /sismadak/application/filemanager/js/syntax.js HTTP/1.1" 200 12816 "http://192.168.1.8/sismadak/application/filemanager/filemanager.php" "Mozilla/5.0 (Windows NT 6.1; WOW64; rv:63.0) Gecko/20100101 Firefox/63.0"
192.168.1.215 - - [18/Dec/2018:11:01:08 +0700] "GET /sismadak/application/filemanager/js/codeedit.js HTTP/1.1" 200 11895 "http://192.168.1.8/sismadak/application/filemanager/filemanager.php" "Mozilla/5.0 (Windows NT 6.1; WOW64; rv:63.0) Gecko/20100101 Firefox/63.0"
192.168.1.215 - - [18/Dec/2018:11:01:08 +0700] "GET /sismadak/application/filemanager/js/codeview.js HTTP/1.1" 200 7295 "http://192.168.1.8/sismadak/application/filemanager/filemanager.php" "Mozilla/5.0 (Windows NT 6.1; WOW64; rv:63.0) Gecko/20100101 Firefox/63.0"
192.168.1.215 - - [18/Dec/2018:11:01:08 +0700] "GET /sismadak/application/filemanager/js/ajax.js HTTP/1.1" 200 4945 "http://192.168.1.8/sismadak/application/filemanager/filemanager.php" "Mozilla/5.0 (Windows NT 6.1; WOW64; rv:63.0) Gecko/20100101 Firefox/63.0"
192.168.1.215 - - [18/Dec/2018:11:01:08 +0700] "GET /sismadak/application/filemanager/js/filemanager.js HTTP/1.1" 200 45811 "http://192.168.1.8/sismadak/application/filemanager/filemanager.php" "Mozilla/5.0 (Windows NT 6.1; WOW64; rv:63.0) Gecko/20100101 Firefox/63.0"
192.168.1.215 - - [18/Dec/2018:11:01:08 +0700] "GET /sismadak/application/filemanager/js/parser.js HTTP/1.1" 200 38999 "http://192.168.1.8/sismadak/application/filemanager/filemanager.php" "Mozilla/5.0 (Windows NT 6.1; WOW64; rv:63.0) Gecko/20100101 Firefox/63.0"
192.168.1.215 - - [18/Dec/2018:11:01:08 +0700] "GET /sismadak/application/filemanager/ext/flashreplace/flashreplace.js HTTP/1.1" 200 2459 "http://192.168.1.8/sismadak/application/filemanager/filemanager.php" "Mozilla/5.0 (Windows NT 6.1; WOW64; rv:63.0) Gecko/20100101 Firefox/63.0"
192.168.1.215 - - [18/Dec/2018:11:01:08 +0700] "GET /sismadak/application/filemanager/ext/filedrop/filedrop-min.js HTTP/1.1" 200 16861 "http://192.168.1.8/sismadak/application/filemanager/filemanager.php" "Mozilla/5.0 (Windows NT 6.1; WOW64; rv:63.0) Gecko/20100101 Firefox/63.0"
192.168.1.215 - - [18/Dec/2018:11:01:08 +0700] "GET /sismadak/application/filemanager/ext/uppod/uppod.js HTTP/1.1" 200 117870 "http://192.168.1.8/sismadak/application/filemanager/filemanager.php" "Mozilla/5.0 (Windows NT 6.1; WOW64; rv:63.0) Gecko/20100101 Firefox/63.0"
192.168.1.215 - - [18/Dec/2018:11:01:08 +0700] "GET /sismadak/application/filemanager/css/filemanager.css HTTP/1.1" 200 8477 "http://192.168.1.8/sismadak/application/filemanager/filemanager.php" "Mozilla/5.0 (Windows NT 6.1; WOW64; rv:63.0) Gecko/20100101 Firefox/63.0"
192.168.1.215 - - [18/Dec/2018:11:01:08 +0700] "GET /sismadak/application/filemanager/ext/filedrop/filedrop.css HTTP/1.1" 200 517 "http://192.168.1.8/sismadak/application/filemanager/filemanager.php" "Mozilla/5.0 (Windows NT 6.1; WOW64; rv:63.0) Gecko/20100101 Firefox/63.0"
192.168.1.215 - - [18/Dec/2018:11:01:08 +0700] "GET /sismadak/application/filemanager/action.php?fmContainer=fmCont1&fmMode=getContSettings&preventCache=1545105693291 HTTP/1.1" 200 482 "http://192.168.1.8/sismadak/application/filemanager/filemanager.php" "Mozilla/5.0 (Windows NT 6.1; WOW64; rv:63.0) Gecko/20100101 Firefox/63.0"
192.168.1.215 - - [18/Dec/2018:11:01:09 +0700] "GET /sismadak/application/filemanager/action.php?fmContainer=fmCont1&fmMode=getUserPerms&preventCache=1545105693417 HTTP/1.1" 200 184 "http://192.168.1.8/sismadak/application/filemanager/filemanager.php" "Mozilla/5.0 (Windows NT 6.1; WOW64; rv:63.0) Gecko/20100101 Firefox/63.0"
192.168.1.215 - - [18/Dec/2018:11:01:09 +0700] "GET /sismadak/application/filemanager/action.php?fmContainer=fmCont1&fmMode=getMessages&preventCache=1545105693551 HTTP/1.1" 200 1766 "http://192.168.1.8/sismadak/application/filemanager/filemanager.php" "Mozilla/5.0 (Windows NT 6.1; WOW64; rv:63.0) Gecko/20100101 Firefox/63.0"
192.168.1.215 - - [18/Dec/2018:11:01:09 +0700] "GET /sismadak/application/filemanager/icn/ajax_loader.gif HTTP/1.1" 200 7021 "http://192.168.1.8/sismadak/application/filemanager/filemanager.php" "Mozilla/5.0 (Windows NT 6.1; WOW64; rv:63.0) Gecko/20100101 Firefox/63.0"
192.168.1.215 - - [18/Dec/2018:11:01:09 +0700] "GET /sismadak/application/filemanager/action.php?fmContainer=fmCont1&fmMode=refresh&preventCache=1545105693670 HTTP/1.1" 200 924 "http://192.168.1.8/sismadak/application/filemanager/filemanager.php" "Mozilla/5.0 (Windows NT 6.1; WOW64; rv:63.0) Gecko/20100101 Firefox/63.0"
192.168.1.215 - - [18/Dec/2018:11:01:09 +0700] "GET /sismadak/application/filemanager/icn/refresh.png HTTP/1.1" 200 674 "http://192.168.1.8/sismadak/application/filemanager/filemanager.php" "Mozilla/5.0 (Windows NT 6.1; WOW64; rv:63.0) Gecko/20100101 Firefox/63.0"
192.168.1.215 - - [18/Dec/2018:11:01:09 +0700] "GET /sismadak/application/filemanager/icn/list_details.png HTTP/1.1" 200 600 "http://192.168.1.8/sismadak/application/filemanager/filemanager.php" "Mozilla/5.0 (Windows NT 6.1; WOW64; rv:63.0) Gecko/20100101 Firefox/63.0"
192.168.1.215 - - [18/Dec/2018:11:01:09 +0700] "GET /sismadak/application/filemanager/action.php?fmContainer=fmCont1&fmMode=getExplorer&preventCache=1545105693786 HTTP/1.1" 200 358 "http://192.168.1.8/sismadak/application/filemanager/filemanager.php" "Mozilla/5.0 (Windows NT 6.1; WOW64; rv:63.0) Gecko/20100101 Firefox/63.0"
192.168.1.215 - - [18/Dec/2018:11:01:09 +0700] "GET /sismadak/application/filemanager/icn/big/folder.png HTTP/1.1" 200 1086 "http://192.168.1.8/sismadak/application/filemanager/filemanager.php" "Mozilla/5.0 (Windows NT 6.1; WOW64; rv:63.0) Gecko/20100101 Firefox/63.0"
192.168.1.215 - - [18/Dec/2018:11:01:09 +0700] "GET /sismadak/application/filemanager/icn/dir_open.gif HTTP/1.1" 200 81 "http://192.168.1.8/sismadak/application/filemanager/filemanager.php" "Mozilla/5.0 (Windows NT 6.1; WOW64; rv:63.0) Gecko/20100101 Firefox/63.0"
192.168.1.215 - - [18/Dec/2018:11:01:09 +0700] "GET /sismadak/application/filemanager/icn/blank.gif HTTP/1.1" 200 49 "http://192.168.1.8/sismadak/application/filemanager/filemanager.php" "Mozilla/5.0 (Windows NT 6.1; WOW64; rv:63.0) Gecko/20100101 Firefox/63.0"
192.168.1.215 - - [18/Dec/2018:11:01:09 +0700] "GET /sismadak/application/filemanager/icn/dir.gif HTTP/1.1" 200 80 "http://192.168.1.8/sismadak/application/filemanager/filemanager.php" "Mozilla/5.0 (Windows NT 6.1; WOW64; rv:63.0) Gecko/20100101 Firefox/63.0"
192.168.1.215 - - [18/Dec/2018:11:01:09 +0700] "GET /sismadak/application/filemanager/icn/treeClose.gif HTTP/1.1" 200 65 "http://192.168.1.8/sismadak/application/filemanager/filemanager.php" "Mozilla/5.0 (Windows NT 6.1; WOW64; rv:63.0) Gecko/20100101 Firefox/63.0"
192.168.1.218 - - [18/Dec/2018:11:01:09 +0700] "GET /sismadak/application/assessment/hospital_assessment_chapter_online.php?chapter_id=15&event_id=1&grid_id=list1&_search=false&nd=1545105701615&rows=20&jqgrid_page=1&sidx=instrument_standard_id+asc%2C+instrument_id&sord=asc HTTP/1.1" 200 17265 "http://192.168.1.8/sismadak/application/assessment/hospital_assessment_chapter_online.php?chapter_id=15&event_id=1" "Mozilla/5.0 (Windows NT 6.1; Win64; x64) AppleWebKit/537.36 (KHTML, like Gecko) Chrome/71.0.3578.98 Safari/537.36"
192.168.1.215 - - [18/Dec/2018:11:01:20 +0700] "GET /sismadak/application/assessment/hospital_assessment_chapter_online.php?chapter_id=1&event_id=1 HTTP/1.1" 200 60972 "http://192.168.1.8/sismadak/application/assessment/hospital_assessment_chapter.php?event_id=1&category_id=4" "Mozilla/5.0 (Windows NT 6.1; WOW64; rv:63.0) Gecko/20100101 Firefox/63.0"
192.168.1.218 - - [18/Dec/2018:11:01:21 +0700] "GET /sismadak/application/assessment/hospital_assessment_document_upload.php?chapter_id=15&instrument_id=896&id=1,1 HTTP/1.1" 200 56827 "http://192.168.1.8/sismadak/application/assessment/hospital_assessment_chapter_online.php?chapter_id=15&event_id=1" "Mozilla/5.0 (Windows NT 6.1; Win64; x64) AppleWebKit/537.36 (KHTML, like Gecko) Chrome/71.0.3578.98 Safari/537.36"
192.168.1.215 - - [18/Dec/2018:11:01:21 +0700] "GET /sismadak/application/assessment/hospital_assessment_chapter_online.php?chapter_id=1&event_id=1&grid_id=list1&_search=false&nd=1545105705965&rows=20&jqgrid_page=1&sidx=instrument_standard_id+asc%2C+instrument_id&sord=asc HTTP/1.1" 200 17645 "http://192.168.1.8/sismadak/application/assessment/hospital_assessment_chapter_online.php?chapter_id=1&event_id=1" "Mozilla/5.0 (Windows NT 6.1; WOW64; rv:63.0) Gecko/20100101 Firefox/63.0"
192.168.1.144 - - [18/Dec/2018:11:01:22 +0700] "GET /sismadak/index.php HTTP/1.1" 302 - "http://192.168.1.8/sismadak/menu.php" "Mozilla/5.0 (Windows NT 6.3; WOW64) AppleWebKit/537.36 (KHTML, like Gecko) Chrome/69.0.3497.100 Safari/537.36"
192.168.1.144 - - [18/Dec/2018:11:01:22 +0700] "GET /sismadak/menu.php HTTP/1.1" 200 3174 "http://192.168.1.8/sismadak/menu.php" "Mozilla/5.0 (Windows NT 6.3; WOW64) AppleWebKit/537.36 (KHTML, like Gecko) Chrome/69.0.3497.100 Safari/537.36"
192.168.1.144 - - [18/Dec/2018:11:01:22 +0700] "GET /sismadak/application/report/dashboard.php HTTP/1.1" 200 20794 "http://192.168.1.8/sismadak/menu.php" "Mozilla/5.0 (Windows NT 6.3; WOW64) AppleWebKit/537.36 (KHTML, like Gecko) Chrome/69.0.3497.100 Safari/537.36"
192.168.1.219 - - [18/Dec/2018:11:01:26 +0700] "GET /sismadak/index.php HTTP/1.1" 302 - "http://192.168.1.8/sismadak/menu.php" "Mozilla/5.0 (Windows NT 6.1; rv:64.0) Gecko/20100101 Firefox/64.0"
192.168.1.218 - - [18/Dec/2018:11:01:26 +0700] "GET /sismadak/application/assessment/hospital_assessment_document_upload.php?chapter_id=15&instrument_id=896&id=1,1&grid_id=list1&_search=false&nd=1545105717976&rows=15&jqgrid_page=1&sidx=1&sord=asc HTTP/1.1" 200 35 "http://192.168.1.8/sismadak/application/assessment/hospital_assessment_document_upload.php?chapter_id=15&instrument_id=896&id=1,1" "Mozilla/5.0 (Windows NT 6.1; Win64; x64) AppleWebKit/537.36 (KHTML, like Gecko) Chrome/71.0.3578.98 Safari/537.36"
192.168.1.219 - - [18/Dec/2018:11:01:26 +0700] "GET /sismadak/menu.php HTTP/1.1" 200 3174 "http://192.168.1.8/sismadak/menu.php" "Mozilla/5.0 (Windows NT 6.1; rv:64.0) Gecko/20100101 Firefox/64.0"
192.168.1.219 - - [18/Dec/2018:11:01:26 +0700] "GET /sismadak/application/report/dashboard.php HTTP/1.1" 200 20794 "http://192.168.1.8/sismadak/menu.php" "Mozilla/5.0 (Windows NT 6.1; rv:64.0) Gecko/20100101 Firefox/64.0"
192.168.1.219 - - [18/Dec/2018:11:01:27 +0700] "GET /sismadak/lib/js/menu/stylesheet.css HTTP/1.1" 200 1454 "http://192.168.1.8/sismadak/application/report/dashboard.php" "Mozilla/5.0 (Windows NT 6.1; rv:64.0) Gecko/20100101 Firefox/64.0"
192.168.1.215 - - [18/Dec/2018:11:01:36 +0700] "GET /sismadak/index.php HTTP/1.1" 302 - "http://192.168.1.8/sismadak/menu.php" "Mozilla/5.0 (Windows NT 6.1; WOW64; rv:63.0) Gecko/20100101 Firefox/63.0"
192.168.1.215 - - [18/Dec/2018:11:01:36 +0700] "GET /sismadak/menu.php HTTP/1.1" 200 3174 "http://192.168.1.8/sismadak/menu.php" "Mozilla/5.0 (Windows NT 6.1; WOW64; rv:63.0) Gecko/20100101 Firefox/63.0"
192.168.1.215 - - [18/Dec/2018:11:01:37 +0700] "GET /sismadak/application/report/dashboard.php HTTP/1.1" 200 20794 "http://192.168.1.8/sismadak/menu.php" "Mozilla/5.0 (Windows NT 6.1; WOW64; rv:63.0) Gecko/20100101 Firefox/63.0"
192.168.1.119 - - [18/Dec/2018:11:01:41 +0700] "GET /sismadak/application/assessment/hospital_document_find.php HTTP/1.1" 200 55502 "http://192.168.1.8/sismadak/menu.php" "Mozilla/5.0 (Windows NT 10.0; WOW64; rv:49.0) Gecko/20100101 Firefox/49.0"
192.168.1.119 - - [18/Dec/2018:11:01:41 +0700] "GET /sismadak/application/assessment/hospital_document_find.php?grid_id=list1&_search=false&nd=1545105732716&rows=30&jqgrid_page=1&sidx=1&sord=asc HTTP/1.1" 200 1068 "http://192.168.1.8/sismadak/application/assessment/hospital_document_find.php" "Mozilla/5.0 (Windows NT 10.0; WOW64; rv:49.0) Gecko/20100101 Firefox/49.0"
192.168.1.215 - - [18/Dec/2018:11:01:47 +0700] "GET /sismadak/application/assessment/hospital_assessment_reguler_list.php?category_id=4&module_id=4 HTTP/1.1" 200 50021 "http://192.168.1.8/sismadak/menu.php" "Mozilla/5.0 (Windows NT 6.1; WOW64; rv:63.0) Gecko/20100101 Firefox/63.0"
192.168.1.215 - - [18/Dec/2018:11:01:48 +0700] "GET /sismadak/application/assessment/hospital_assessment_reguler_list.php?category_id=4&module_id=4&grid_id=list1&_search=false&nd=1545105732812&rows=20&jqgrid_page=1&sidx=accreditation_id&sord=desc HTTP/1.1" 200 743 "http://192.168.1.8/sismadak/application/assessment/hospital_assessment_reguler_list.php?category_id=4&module_id=4" "Mozilla/5.0 (Windows NT 6.1; WOW64; rv:63.0) Gecko/20100101 Firefox/63.0"
192.168.1.215 - - [18/Dec/2018:11:01:53 +0700] "GET /sismadak/application/assessment/hospital_assessment_chapter.php?event_id=1&category_id=4 HTTP/1.1" 200 46177 "http://192.168.1.8/sismadak/application/assessment/hospital_assessment_reguler_list.php?category_id=4&module_id=4" "Mozilla/5.0 (Windows NT 6.1; WOW64; rv:63.0) Gecko/20100101 Firefox/63.0"
192.168.1.215 - - [18/Dec/2018:11:01:54 +0700] "GET /sismadak/application/assessment/hospital_assessment_chapter.php?event_id=1&category_id=4&grid_id=list1&_search=false&nd=1545105738359&rows=20&jqgrid_page=1&sidx=chapter_id&sord=asc HTTP/1.1" 200 5793 "http://192.168.1.8/sismadak/application/assessment/hospital_assessment_chapter.php?event_id=1&category_id=4" "Mozilla/5.0 (Windows NT 6.1; WOW64; rv:63.0) Gecko/20100101 Firefox/63.0"
192.168.1.219 - - [18/Dec/2018:11:01:56 +0700] "GET /sismadak/application/assessment/hospital_assessment_reguler_list.php?category_id=4&module_id=4 HTTP/1.1" 200 50021 "http://192.168.1.8/sismadak/menu.php" "Mozilla/5.0 (Windows NT 6.1; rv:64.0) Gecko/20100101 Firefox/64.0"
192.168.1.219 - - [18/Dec/2018:11:01:57 +0700] "GET /sismadak/lib/js/jqgrid/css/ui.jqgrid.css HTTP/1.1" 200 43855 "http://192.168.1.8/sismadak/application/assessment/hospital_assessment_reguler_list.php?category_id=4&module_id=4" "Mozilla/5.0 (Windows NT 6.1; rv:64.0) Gecko/20100101 Firefox/64.0"
192.168.1.219 - - [18/Dec/2018:11:01:57 +0700] "GET /sismadak/lib/js/multiselect-widget/jquery.multiselect.css HTTP/1.1" 200 1601 "http://192.168.1.8/sismadak/application/assessment/hospital_assessment_reguler_list.php?category_id=4&module_id=4" "Mozilla/5.0 (Windows NT 6.1; rv:64.0) Gecko/20100101 Firefox/64.0"
192.168.1.219 - - [18/Dec/2018:11:01:57 +0700] "GET /sismadak/lib/js/multiselect-widget/jquery.multiselect.filter.css HTTP/1.1" 200 326 "http://192.168.1.8/sismadak/application/assessment/hospital_assessment_reguler_list.php?category_id=4&module_id=4" "Mozilla/5.0 (Windows NT 6.1; rv:64.0) Gecko/20100101 Firefox/64.0"
192.168.1.219 - - [18/Dec/2018:11:01:57 +0700] "GET /sismadak/lib/js/fancybox/jquery.fancybox.css HTTP/1.1" 200 4388 "http://192.168.1.8/sismadak/application/assessment/hospital_assessment_reguler_list.php?category_id=4&module_id=4" "Mozilla/5.0 (Windows NT 6.1; rv:64.0) Gecko/20100101 Firefox/64.0"
192.168.1.219 - - [18/Dec/2018:11:01:57 +0700] "GET /sismadak/lib/js/themes/redmond/jquery-ui.custom.css HTTP/1.1" 200 27202 "http://192.168.1.8/sismadak/application/assessment/hospital_assessment_reguler_list.php?category_id=4&module_id=4" "Mozilla/5.0 (Windows NT 6.1; rv:64.0) Gecko/20100101 Firefox/64.0"
192.168.1.219 - - [18/Dec/2018:11:01:58 +0700] "GET /sismadak/application/assessment/hospital_assessment_reguler_list.php?category_id=4&module_id=4&grid_id=list1&_search=false&nd=1545105741024&rows=20&jqgrid_page=1&sidx=accreditation_id&sord=desc HTTP/1.1" 200 743 "http://192.168.1.8/sismadak/application/assessment/hospital_assessment_reguler_list.php?category_id=4&module_id=4" "Mozilla/5.0 (Windows NT 6.1; rv:64.0) Gecko/20100101 Firefox/64.0"
192.168.1.219 - - [18/Dec/2018:11:02:05 +0700] "GET /sismadak/application/assessment/hospital_assessment_chapter.php?event_id=1&category_id=4 HTTP/1.1" 200 46177 "http://192.168.1.8/sismadak/application/assessment/hospital_assessment_reguler_list.php?category_id=4&module_id=4" "Mozilla/5.0 (Windows NT 6.1; rv:64.0) Gecko/20100101 Firefox/64.0"
192.168.1.219 - - [18/Dec/2018:11:02:06 +0700] "GET /sismadak/application/assessment/hospital_assessment_chapter.php?event_id=1&category_id=4&grid_id=list1&_search=false&nd=1545105749184&rows=20&jqgrid_page=1&sidx=chapter_id&sord=asc HTTP/1.1" 200 5793 "http://192.168.1.8/sismadak/application/assessment/hospital_assessment_chapter.php?event_id=1&category_id=4" "Mozilla/5.0 (Windows NT 6.1; rv:64.0) Gecko/20100101 Firefox/64.0"
192.168.1.229 - - [18/Dec/2018:11:02:06 +0700] "POST /sismadak/application/assessment/hospital_assessment_chapter_online.php?chapter_id=9&event_id=1&grid_id=list1 HTTP/1.1" 200 - "http://192.168.1.8/sismadak/application/assessment/hospital_assessment_chapter_online.php?chapter_id=9&event_id=1" "Mozilla/5.0 (Windows NT 6.1; WOW64; rv:56.0) Gecko/20100101 Firefox/56.0"
192.168.1.229 - - [18/Dec/2018:11:02:06 +0700] "GET /sismadak/application/assessment/hospital_assessment_chapter_online.php?chapter_id=9&event_id=1&grid_id=list1&_search=false&nd=1545105750119&rows=20&jqgrid_page=1&sidx=instrument_standard_id+asc%2C+instrument_id&sord=asc HTTP/1.1" 200 17555 "http://192.168.1.8/sismadak/application/assessment/hospital_assessment_chapter_online.php?chapter_id=9&event_id=1" "Mozilla/5.0 (Windows NT 6.1; WOW64; rv:56.0) Gecko/20100101 Firefox/56.0"
192.168.1.229 - - [18/Dec/2018:11:02:09 +0700] "POST /sismadak/application/assessment/hospital_assessment_chapter_online.php?chapter_id=9&event_id=1&grid_id=list1 HTTP/1.1" 200 - "http://192.168.1.8/sismadak/application/assessment/hospital_assessment_chapter_online.php?chapter_id=9&event_id=1" "Mozilla/5.0 (Windows NT 6.1; WOW64; rv:56.0) Gecko/20100101 Firefox/56.0"
192.168.1.229 - - [18/Dec/2018:11:02:09 +0700] "GET /sismadak/application/assessment/hospital_assessment_chapter_online.php?chapter_id=9&event_id=1&grid_id=list1&_search=false&nd=1545105752631&rows=20&jqgrid_page=1&sidx=instrument_standard_id+asc%2C+instrument_id&sord=asc HTTP/1.1" 200 17555 "http://192.168.1.8/sismadak/application/assessment/hospital_assessment_chapter_online.php?chapter_id=9&event_id=1" "Mozilla/5.0 (Windows NT 6.1; WOW64; rv:56.0) Gecko/20100101 Firefox/56.0"
192.168.1.219 - - [18/Dec/2018:11:02:11 +0700] "GET /sismadak/application/assessment/hospital_assessment_chapter_online.php?chapter_id=1&event_id=1 HTTP/1.1" 200 60972 "http://192.168.1.8/sismadak/application/assessment/hospital_assessment_chapter.php?event_id=1&category_id=4" "Mozilla/5.0 (Windows NT 6.1; rv:64.0) Gecko/20100101 Firefox/64.0"
192.168.1.219 - - [18/Dec/2018:11:02:12 +0700] "GET /sismadak/application/assessment/hospital_assessment_chapter_online.php?chapter_id=1&event_id=1&grid_id=list1&_search=false&nd=1545105755562&rows=20&jqgrid_page=1&sidx=instrument_standard_id+asc%2C+instrument_id&sord=asc HTTP/1.1" 200 17645 "http://192.168.1.8/sismadak/application/assessment/hospital_assessment_chapter_online.php?chapter_id=1&event_id=1" "Mozilla/5.0 (Windows NT 6.1; rv:64.0) Gecko/20100101 Firefox/64.0"
192.168.1.218 - - [18/Dec/2018:11:02:13 +0700] "GET /sismadak/application/assessment/hospital_assessment_document_upload.php?chapter_id=15&instrument_id=896&id=1,1 HTTP/1.1" 200 56827 "http://192.168.1.8/sismadak/application/assessment/hospital_assessment_chapter_online.php?chapter_id=15&event_id=1" "Mozilla/5.0 (Windows NT 6.1; Win64; x64) AppleWebKit/537.36 (KHTML, like Gecko) Chrome/71.0.3578.98 Safari/537.36"
192.168.1.218 - - [18/Dec/2018:11:02:14 +0700] "GET /sismadak/application/assessment/hospital_assessment_document_upload.php?chapter_id=15&instrument_id=896&id=1,1&grid_id=list1&_search=false&nd=1545105766657&rows=15&jqgrid_page=1&sidx=1&sord=asc HTTP/1.1" 200 35 "http://192.168.1.8/sismadak/application/assessment/hospital_assessment_document_upload.php?chapter_id=15&instrument_id=896&id=1,1" "Mozilla/5.0 (Windows NT 6.1; Win64; x64) AppleWebKit/537.36 (KHTML, like Gecko) Chrome/71.0.3578.98 Safari/537.36"
192.168.1.119 - - [18/Dec/2018:11:02:28 +0700] "GET /sismadak/application/assessment/hospital_assessment_reguler_list.php?category_id=4&module_id=4 HTTP/1.1" 200 50021 "http://192.168.1.8/sismadak/menu.php" "Mozilla/5.0 (Windows NT 10.0; WOW64; rv:49.0) Gecko/20100101 Firefox/49.0"
