192.168.1.236 - - [18/Dec/2018:11:47:36 +0700] "GET /sismadak/application/assessment/hospital_assessment_document_upload.php?chapter_id=20&instrument_id=1478&id=2,2&grid_id=list1&_search=false&nd=1545108480908&rows=15&jqgrid_page=0&sidx=1&sord=asc HTTP/1.1" 200 516 "http://192.168.1.8/sismadak/application/assessment/hospital_assessment_document_upload.php?chapter_id=20&instrument_id=1478&id=2,2" "Mozilla/5.0 (Windows NT 6.1; WOW64; rv:55.0) Gecko/20100101 Firefox/55.0"
192.168.1.236 - - [18/Dec/2018:11:47:36 +0700] "POST /sismadak/application/assessment/hospital_assessment_document_upload.php?chapter_id=20&instrument_id=1478&id=2,2&grid_id=list1 HTTP/1.1" 200 - "http://192.168.1.8/sismadak/application/assessment/hospital_assessment_document_upload.php?chapter_id=20&instrument_id=1478&id=2,2" "Mozilla/5.0 (Windows NT 6.1; WOW64; rv:55.0) Gecko/20100101 Firefox/55.0"
169.254.233.31 - - [18/Dec/2018:11:47:37 +0700] "POST /sismadak/application/assessment/hospital_assessment_document_upload.php?chapter_id=19&instrument_id=1392&id=2,2&grid_id=list1 HTTP/1.1" 200 - "http://192.168.1.8/sismadak/application/assessment/hospital_assessment_document_upload.php?chapter_id=19&instrument_id=1392&id=2,2" "Mozilla/5.0 (Windows NT 6.1; WOW64; rv:55.0) Gecko/20100101 Firefox/55.0"
169.254.233.31 - - [18/Dec/2018:11:47:37 +0700] "GET /sismadak/application/assessment/hospital_assessment_document_upload.php?chapter_id=19&instrument_id=1392&id=2,2&grid_id=list1&_search=false&nd=1545108481085&rows=15&jqgrid_page=0&sidx=1&sord=asc HTTP/1.1" 200 509 "http://192.168.1.8/sismadak/application/assessment/hospital_assessment_document_upload.php?chapter_id=19&instrument_id=1392&id=2,2" "Mozilla/5.0 (Windows NT 6.1; WOW64; rv:55.0) Gecko/20100101 Firefox/55.0"
169.254.233.31 - - [18/Dec/2018:11:47:37 +0700] "POST /sismadak/application/assessment/hospital_assessment_document_upload.php?chapter_id=19&instrument_id=1392&id=2,2&grid_id=list1 HTTP/1.1" 200 - "http://192.168.1.8/sismadak/application/assessment/hospital_assessment_document_upload.php?chapter_id=19&instrument_id=1392&id=2,2" "Mozilla/5.0 (Windows NT 6.1; WOW64; rv:55.0) Gecko/20100101 Firefox/55.0"
192.168.1.40 - - [18/Dec/2018:11:47:37 +0700] "GET /sismadak/application/assessment/hospital_assessment_chapter_online.php?chapter_id=28&event_id=2&grid_id=list1&_search=false&nd=1544168926405&rows=20&jqgrid_page=1&sidx=instrument_standard_id+asc%2C+instrument_id&sord=asc HTTP/1.1" 200 18261 "http://192.168.1.8/sismadak/application/assessment/hospital_assessment_chapter_online.php?chapter_id=28&event_id=2" "Mozilla/5.0 (Windows NT 6.1) AppleWebKit/537.36 (KHTML, like Gecko) Chrome/70.0.3538.110 Safari/537.36"
169.254.217.95 - - [18/Dec/2018:11:47:41 +0700] "POST /sismadak/application/user_management/staff_user_list.php?grid_id=list1 HTTP/1.1" 200 - "http://192.168.1.8/sismadak/application/user_management/staff_user_list.php" "Mozilla/5.0 (Windows NT 10.0; Win64; x64) AppleWebKit/537.36 (KHTML, like Gecko) Chrome/70.0.3538.110 Safari/537.36"
169.254.217.95 - - [18/Dec/2018:11:47:41 +0700] "GET /sismadak/application/user_management/staff_user_list.php?grid_id=list1&_search=false&nd=1545108484205&rows=50&jqgrid_page=1&sidx=user_id&sord=asc HTTP/1.1" 200 9150 "http://192.168.1.8/sismadak/application/user_management/staff_user_list.php" "Mozilla/5.0 (Windows NT 10.0; Win64; x64) AppleWebKit/537.36 (KHTML, like Gecko) Chrome/70.0.3538.110 Safari/537.36"
192.168.1.206 - - [18/Dec/2018:11:47:43 +0700] "GET /sismadak/logout.php HTTP/1.1" 302 - "http://192.168.1.8/sismadak/menu.php" "Mozilla/5.0 (Windows NT 6.1; WOW64; rv:55.0) Gecko/20100101 Firefox/55.0"
192.168.1.206 - - [18/Dec/2018:11:47:43 +0700] "GET /sismadak/index.php HTTP/1.1" 200 2947 "http://192.168.1.8/sismadak/menu.php" "Mozilla/5.0 (Windows NT 6.1; WOW64; rv:55.0) Gecko/20100101 Firefox/55.0"
192.168.1.40 - - [18/Dec/2018:11:47:46 +0700] "GET /sismadak/application/assessment/hospital_assessment_chapter_online.php?chapter_id=28&event_id=2&grid_id=list1&_search=false&nd=1544168935916&rows=99999&jqgrid_page=1&sidx=instrument_standard_id+asc%2C+instrument_id&sord=asc HTTP/1.1" 200 97000 "http://192.168.1.8/sismadak/application/assessment/hospital_assessment_chapter_online.php?chapter_id=28&event_id=2" "Mozilla/5.0 (Windows NT 6.1) AppleWebKit/537.36 (KHTML, like Gecko) Chrome/70.0.3538.110 Safari/537.36"
192.168.1.217 - - [18/Dec/2018:11:47:51 +0700] "GET /sismadak/application/assessment/download.php?id=c81e728d9d4c2f636f067f89cc14862c-cached750646583.png HTTP/1.1" 200 178 "http://192.168.1.8/sismadak/application/assessment/hospital_assessment_document_upload.php?chapter_id=20&instrument_id=1475&id=2,2" "Mozilla/5.0 (Windows NT 6.1; rv:41.0) Gecko/20100101 Firefox/41.0"
192.168.1.217 - - [18/Dec/2018:11:47:51 +0700] "GET /sismadak/uploads/c81e728d9d4c2f636f067f89cc14862c-cached750646583.png HTTP/1.1" 200 37899 "http://192.168.1.8/sismadak/application/assessment/download.php?id=c81e728d9d4c2f636f067f89cc14862c-cached750646583.png" "Mozilla/5.0 (Windows NT 6.1; rv:41.0) Gecko/20100101 Firefox/41.0"
169.254.217.95 - - [18/Dec/2018:11:47:52 +0700] "GET /sismadak/application/assessment/hospital_assessment_reguler_list.php?category_id=4&module_id=4 HTTP/1.1" 200 50018 "http://192.168.1.8/sismadak/menu.php" "Mozilla/5.0 (Windows NT 10.0; Win64; x64) AppleWebKit/537.36 (KHTML, like Gecko) Chrome/70.0.3538.110 Safari/537.36"
169.254.217.95 - - [18/Dec/2018:11:47:52 +0700] "GET /sismadak/application/assessment/hospital_assessment_reguler_list.php?category_id=4&module_id=4&grid_id=list1&_search=false&nd=1545108495023&rows=20&jqgrid_page=1&sidx=accreditation_id&sord=desc HTTP/1.1" 200 740 "http://192.168.1.8/sismadak/application/assessment/hospital_assessment_reguler_list.php?category_id=4&module_id=4" "Mozilla/5.0 (Windows NT 10.0; Win64; x64) AppleWebKit/537.36 (KHTML, like Gecko) Chrome/70.0.3538.110 Safari/537.36"
169.254.217.95 - - [18/Dec/2018:11:47:55 +0700] "GET /sismadak/application/assessment/hospital_assessment_chapter.php?event_id=2&category_id=4 HTTP/1.1" 200 46177 "http://192.168.1.8/sismadak/application/assessment/hospital_assessment_reguler_list.php?category_id=4&module_id=4" "Mozilla/5.0 (Windows NT 10.0; Win64; x64) AppleWebKit/537.36 (KHTML, like Gecko) Chrome/70.0.3538.110 Safari/537.36"
169.254.217.95 - - [18/Dec/2018:11:47:55 +0700] "GET /sismadak/application/assessment/hospital_assessment_chapter.php?event_id=2&category_id=4&grid_id=list1&_search=false&nd=1545108498144&rows=20&jqgrid_page=1&sidx=chapter_id&sord=asc HTTP/1.1" 200 6090 "http://192.168.1.8/sismadak/application/assessment/hospital_assessment_chapter.php?event_id=2&category_id=4" "Mozilla/5.0 (Windows NT 10.0; Win64; x64) AppleWebKit/537.36 (KHTML, like Gecko) Chrome/70.0.3538.110 Safari/537.36"
192.168.1.254 - - [18/Dec/2018:11:47:56 +0700] "GET /sismadak/logout.php HTTP/1.1" 302 - "http://119.110.67.68:8808/sismadak/menu.php" "Mozilla/5.0 (Macintosh; Intel Mac OS X 10_10_5) AppleWebKit/537.36 (KHTML, like Gecko) Chrome/70.0.3538.110 Safari/537.36"
192.168.1.254 - - [18/Dec/2018:11:47:56 +0700] "GET /sismadak/index.php HTTP/1.1" 200 2947 "http://119.110.67.68:8808/sismadak/menu.php" "Mozilla/5.0 (Macintosh; Intel Mac OS X 10_10_5) AppleWebKit/537.36 (KHTML, like Gecko) Chrome/70.0.3538.110 Safari/537.36"
169.254.217.95 - - [18/Dec/2018:11:47:59 +0700] "GET /sismadak/application/assessment/hospital_assessment_chapter_online.php?chapter_id=17&event_id=2 HTTP/1.1" 200 60977 "http://192.168.1.8/sismadak/application/assessment/hospital_assessment_chapter.php?event_id=2&category_id=4" "Mozilla/5.0 (Windows NT 10.0; Win64; x64) AppleWebKit/537.36 (KHTML, like Gecko) Chrome/70.0.3538.110 Safari/537.36"
169.254.217.95 - - [18/Dec/2018:11:48:00 +0700] "GET /sismadak/application/assessment/hospital_assessment_chapter_online.php?chapter_id=17&event_id=2&grid_id=list1&_search=false&nd=1545108502424&rows=20&jqgrid_page=1&sidx=instrument_standard_id+asc%2C+instrument_id&sord=asc HTTP/1.1" 200 17270 "http://192.168.1.8/sismadak/application/assessment/hospital_assessment_chapter_online.php?chapter_id=17&event_id=2" "Mozilla/5.0 (Windows NT 10.0; Win64; x64) AppleWebKit/537.36 (KHTML, like Gecko) Chrome/70.0.3538.110 Safari/537.36"
169.254.217.95 - - [18/Dec/2018:11:48:02 +0700] "GET /sismadak/application/assessment/hospital_assessment_document_upload.php?chapter_id=17&instrument_id=1238&id=2,2 HTTP/1.1" 200 56835 "http://192.168.1.8/sismadak/application/assessment/hospital_assessment_chapter_online.php?chapter_id=17&event_id=2" "Mozilla/5.0 (Windows NT 10.0; Win64; x64) AppleWebKit/537.36 (KHTML, like Gecko) Chrome/70.0.3538.110 Safari/537.36"
169.254.217.95 - - [18/Dec/2018:11:48:03 +0700] "GET /sismadak/application/assessment/hospital_assessment_document_upload.php?chapter_id=17&instrument_id=1238&id=2,2&grid_id=list1&_search=false&nd=1545108505600&rows=15&jqgrid_page=1&sidx=1&sord=asc HTTP/1.1" 200 1563 "http://192.168.1.8/sismadak/application/assessment/hospital_assessment_document_upload.php?chapter_id=17&instrument_id=1238&id=2,2" "Mozilla/5.0 (Windows NT 10.0; Win64; x64) AppleWebKit/537.36 (KHTML, like Gecko) Chrome/70.0.3538.110 Safari/537.36"
192.168.1.121 - - [18/Dec/2018:11:48:04 +0700] "POST /sismadak/application/assessment/hospital_assessment_document_upload.php?chapter_id=27&instrument_id=2106&id=2,2&grid_id=list1 HTTP/1.1" 200 88 "http://192.168.1.8/sismadak/application/assessment/hospital_assessment_document_upload.php?chapter_id=27&instrument_id=2106&id=2,2" "Mozilla/5.0 (Windows NT 6.3; Win64; x64) AppleWebKit/537.36 (KHTML, like Gecko) Chrome/71.0.3578.98 Safari/537.36"
169.254.217.95 - - [18/Dec/2018:11:48:07 +0700] "GET /sismadak/application/assessment/hospital_assessment_document_upload.php?chapter_id=17&instrument_id=1238&id=2,2&grid_id=list1&_search=false&nd=1545108509520&rows=15&jqgrid_page=1&sidx=1&sord=asc&filters=%7B%22groupOp%22%3A%22AND%22%2C%22rules%22%3A%5B%5D%7D HTTP/1.1" 200 1563 "http://192.168.1.8/sismadak/application/assessment/hospital_assessment_document_upload.php?chapter_id=17&instrument_id=1238&id=2,2" "Mozilla/5.0 (Windows NT 10.0; Win64; x64) AppleWebKit/537.36 (KHTML, like Gecko) Chrome/70.0.3538.110 Safari/537.36"
169.254.217.95 - - [18/Dec/2018:11:48:08 +0700] "GET /sismadak/application/assessment/hospital_assessment_document_upload.php?chapter_id=17&instrument_id=1238&id=2,2&grid_id=list1&_search=false&nd=1545108510847&rows=15&jqgrid_page=1&sidx=1&sord=asc&filters=%7B%22groupOp%22%3A%22AND%22%2C%22rules%22%3A%5B%5D%7D HTTP/1.1" 200 1563 "http://192.168.1.8/sismadak/application/assessment/hospital_assessment_document_upload.php?chapter_id=17&instrument_id=1238&id=2,2" "Mozilla/5.0 (Windows NT 10.0; Win64; x64) AppleWebKit/537.36 (KHTML, like Gecko) Chrome/70.0.3538.110 Safari/537.36"
169.254.217.95 - - [18/Dec/2018:11:48:09 +0700] "GET /sismadak/application/assessment/hospital_assessment_document_upload.php?chapter_id=17&instrument_id=1238&id=2,2&grid_id=list1&_search=false&nd=1545108511907&rows=15&jqgrid_page=1&sidx=1&sord=asc&filters=%7B%22groupOp%22%3A%22AND%22%2C%22rules%22%3A%5B%5D%7D HTTP/1.1" 200 1563 "http://192.168.1.8/sismadak/application/assessment/hospital_assessment_document_upload.php?chapter_id=17&instrument_id=1238&id=2,2" "Mozilla/5.0 (Windows NT 10.0; Win64; x64) AppleWebKit/537.36 (KHTML, like Gecko) Chrome/70.0.3538.110 Safari/537.36"
192.168.1.206 - - [18/Dec/2018:11:48:10 +0700] "POST /sismadak/index.php HTTP/1.1" 302 2947 "http://192.168.1.8/sismadak/index.php" "Mozilla/5.0 (Windows NT 6.1; WOW64; rv:55.0) Gecko/20100101 Firefox/55.0"
192.168.1.206 - - [18/Dec/2018:11:48:10 +0700] "GET /sismadak/menu.php HTTP/1.1" 200 4091 "http://192.168.1.8/sismadak/index.php" "Mozilla/5.0 (Windows NT 6.1; WOW64; rv:55.0) Gecko/20100101 Firefox/55.0"
192.168.1.206 - - [18/Dec/2018:11:48:10 +0700] "GET /sismadak/application/report/dashboard.php HTTP/1.1" 200 13594 "http://192.168.1.8/sismadak/menu.php" "Mozilla/5.0 (Windows NT 6.1; WOW64; rv:55.0) Gecko/20100101 Firefox/55.0"
192.168.1.40 - - [18/Dec/2018:11:48:13 +0700] "GET /sismadak/application/assessment/hospital_assessment_document_upload.php?chapter_id=28&instrument_id=2235&id=2,2 HTTP/1.1" 200 56838 "http://192.168.1.8/sismadak/application/assessment/hospital_assessment_chapter_online.php?chapter_id=28&event_id=2" "Mozilla/5.0 (Windows NT 6.1) AppleWebKit/537.36 (KHTML, like Gecko) Chrome/70.0.3538.110 Safari/537.36"
169.254.175.243 - - [18/Dec/2018:11:48:13 +0700] "POST /sismadak/application/assessment/hospital_assessment_document_upload.php?chapter_id=29&instrument_id=2339&id=2,2&grid_id=list1 HTTP/1.1" 200 - "http://192.168.1.8/sismadak/application/assessment/hospital_assessment_document_upload.php?chapter_id=29&instrument_id=2339&id=2,2" "Mozilla/5.0 (Windows NT 6.1; rv:37.0) Gecko/20100101 Firefox/37.0"
169.254.148.246 - - [18/Dec/2018:11:48:13 +0700] "POST /sismadak/application/assessment/hospital_assessment_document_upload.php?chapter_id=28&instrument_id=2235&id=2,2&grid_id=list1 HTTP/1.1" 200 68 "http://192.168.1.8/sismadak/application/assessment/hospital_assessment_document_upload.php?chapter_id=28&instrument_id=2235&id=2,2" "Mozilla/5.0 (Windows NT 6.1; Win64; x64) AppleWebKit/537.36 (KHTML, like Gecko) Chrome/71.0.3578.98 Safari/537.36"
169.254.148.246 - - [18/Dec/2018:11:48:14 +0700] "GET /sismadak/uploads/jadwal%20bulan%20februari%202018.jpeg HTTP/1.1" 200 120368 "http://192.168.1.8/sismadak/application/assessment/hospital_assessment_document_upload.php?chapter_id=28&instrument_id=2235&id=2,2" "Mozilla/5.0 (Windows NT 6.1; Win64; x64) AppleWebKit/537.36 (KHTML, like Gecko) Chrome/71.0.3578.98 Safari/537.36"
169.254.175.243 - - [18/Dec/2018:11:48:14 +0700] "GET /sismadak/application/assessment/hospital_assessment_document_upload.php?chapter_id=29&instrument_id=2339&id=2,2&grid_id=list1&_search=false&nd=1545108518187&rows=15&jqgrid_page=0&sidx=1&sord=asc HTTP/1.1" 200 993 "http://192.168.1.8/sismadak/application/assessment/hospital_assessment_document_upload.php?chapter_id=29&instrument_id=2339&id=2,2" "Mozilla/5.0 (Windows NT 6.1; rv:37.0) Gecko/20100101 Firefox/37.0"
169.254.175.243 - - [18/Dec/2018:11:48:14 +0700] "POST /sismadak/application/assessment/hospital_assessment_document_upload.php?chapter_id=29&instrument_id=2339&id=2,2&grid_id=list1 HTTP/1.1" 200 - "http://192.168.1.8/sismadak/application/assessment/hospital_assessment_document_upload.php?chapter_id=29&instrument_id=2339&id=2,2" "Mozilla/5.0 (Windows NT 6.1; rv:37.0) Gecko/20100101 Firefox/37.0"
192.168.1.229 - - [18/Dec/2018:11:48:16 +0700] "GET /sismadak/application/assessment/hospital_assessment_document_upload.php?chapter_id=22&instrument_id=1721&id=2,2&grid_id=list1&_search=false&nd=1545108519471&rows=15&jqgrid_page=1&sidx=document_file_name&sord=desc HTTP/1.1" 200 35 "http://192.168.1.8/sismadak/application/assessment/hospital_assessment_document_upload.php?chapter_id=22&instrument_id=1721&id=2,2" "Mozilla/5.0 (Windows NT 6.1; Win64; x64; rv:57.0) Gecko/20100101 Firefox/57.0"
192.168.1.121 - - [18/Dec/2018:11:48:21 +0700] "POST /sismadak/application/assessment/hospital_assessment_document_upload.php?chapter_id=27&instrument_id=2106&id=2,2&grid_id=list1 HTTP/1.1" 200 - "http://192.168.1.8/sismadak/application/assessment/hospital_assessment_document_upload.php?chapter_id=27&instrument_id=2106&id=2,2" "Mozilla/5.0 (Windows NT 6.3; Win64; x64) AppleWebKit/537.36 (KHTML, like Gecko) Chrome/71.0.3578.98 Safari/537.36"
192.168.1.40 - - [18/Dec/2018:11:48:22 +0700] "GET /sismadak/application/assessment/hospital_assessment_document_upload.php?chapter_id=28&instrument_id=2235&id=2,2 HTTP/1.1" 200 56838 "http://192.168.1.8/sismadak/application/assessment/hospital_assessment_chapter_online.php?chapter_id=28&event_id=2" "Mozilla/5.0 (Windows NT 6.1) AppleWebKit/537.36 (KHTML, like Gecko) Chrome/70.0.3538.110 Safari/537.36"
192.168.1.121 - - [18/Dec/2018:11:48:21 +0700] "GET /sismadak/application/assessment/hospital_assessment_document_upload.php?chapter_id=27&instrument_id=2106&id=2,2&grid_id=list1&_search=false&nd=1544597052450&rows=15&jqgrid_page=0&sidx=1&sord=asc HTTP/1.1" 200 680 "http://192.168.1.8/sismadak/application/assessment/hospital_assessment_document_upload.php?chapter_id=27&instrument_id=2106&id=2,2" "Mozilla/5.0 (Windows NT 6.3; Win64; x64) AppleWebKit/537.36 (KHTML, like Gecko) Chrome/71.0.3578.98 Safari/537.36"
169.254.28.115 - - [18/Dec/2018:11:48:22 +0700] "GET /sismadak/application/assessment/hospital_assessment_document_upload.php?chapter_id=21&instrument_id=1705&id=2,2 HTTP/1.1" 200 56835 "http://192.168.1.8/sismadak/application/assessment/hospital_assessment_chapter_online.php?chapter_id=21&event_id=2" "Mozilla/5.0 (Windows NT 6.1; WOW64; rv:56.0) Gecko/20100101 Firefox/56.0"
192.168.1.121 - - [18/Dec/2018:11:48:21 +0700] "POST /sismadak/application/assessment/hospital_assessment_document_upload.php?chapter_id=27&instrument_id=2106&id=2,2&grid_id=list1 HTTP/1.1" 200 - "http://192.168.1.8/sismadak/application/assessment/hospital_assessment_document_upload.php?chapter_id=27&instrument_id=2106&id=2,2" "Mozilla/5.0 (Windows NT 6.3; Win64; x64) AppleWebKit/537.36 (KHTML, like Gecko) Chrome/71.0.3578.98 Safari/537.36"
169.254.28.115 - - [18/Dec/2018:11:48:22 +0700] "GET /sismadak/application/assessment/hospital_assessment_document_upload.php?chapter_id=21&instrument_id=1705&id=2,2&grid_id=list1&_search=false&nd=1545133841880&rows=15&jqgrid_page=1&sidx=1&sord=asc HTTP/1.1" 200 514 "http://192.168.1.8/sismadak/application/assessment/hospital_assessment_document_upload.php?chapter_id=21&instrument_id=1705&id=2,2" "Mozilla/5.0 (Windows NT 6.1; WOW64; rv:56.0) Gecko/20100101 Firefox/56.0"
192.168.1.40 - - [18/Dec/2018:11:48:22 +0700] "GET /sismadak/application/assessment/hospital_assessment_document_upload.php?chapter_id=28&instrument_id=2235&id=2,2&grid_id=list1&_search=false&nd=1544168972464&rows=15&jqgrid_page=1&sidx=1&sord=asc HTTP/1.1" 200 35 "http://192.168.1.8/sismadak/application/assessment/hospital_assessment_document_upload.php?chapter_id=28&instrument_id=2235&id=2,2" "Mozilla/5.0 (Windows NT 6.1) AppleWebKit/537.36 (KHTML, like Gecko) Chrome/70.0.3538.110 Safari/537.36"
192.168.1.229 - - [18/Dec/2018:11:48:26 +0700] "GET /sismadak/application/assessment/hospital_assessment_document_upload.php?chapter_id=22&instrument_id=1721&id=2,2 HTTP/1.1" 200 56838 "http://192.168.1.8/sismadak/application/assessment/hospital_assessment_chapter_online.php?chapter_id=22&event_id=2" "Mozilla/5.0 (Windows NT 6.1; Win64; x64; rv:57.0) Gecko/20100101 Firefox/57.0"
192.168.1.229 - - [18/Dec/2018:11:48:27 +0700] "GET /sismadak/application/assessment/hospital_assessment_document_upload.php?chapter_id=22&instrument_id=1721&id=2,2&grid_id=list1&_search=false&nd=1545108530404&rows=15&jqgrid_page=1&sidx=1&sord=asc HTTP/1.1" 200 35 "http://192.168.1.8/sismadak/application/assessment/hospital_assessment_document_upload.php?chapter_id=22&instrument_id=1721&id=2,2" "Mozilla/5.0 (Windows NT 6.1; Win64; x64; rv:57.0) Gecko/20100101 Firefox/57.0"
169.254.148.246 - - [18/Dec/2018:11:48:32 +0700] "POST /sismadak/application/assessment/hospital_assessment_document_upload.php?chapter_id=28&instrument_id=2235&id=2,2&grid_id=list1 HTTP/1.1" 200 - "http://192.168.1.8/sismadak/application/assessment/hospital_assessment_document_upload.php?chapter_id=28&instrument_id=2235&id=2,2" "Mozilla/5.0 (Windows NT 6.1; Win64; x64) AppleWebKit/537.36 (KHTML, like Gecko) Chrome/71.0.3578.98 Safari/537.36"
192.168.1.212 - - [18/Dec/2018:11:48:30 +0700] "POST /sismadak/application/assessment/hospital_assessment_document_upload.php?chapter_id=24&instrument_id=1870&id=2,2&grid_id=list1 HTTP/1.1" 200 54 "http://192.168.1.8/sismadak/application/assessment/hospital_assessment_document_upload.php?chapter_id=24&instrument_id=1870&id=2,2" "Mozilla/5.0 (Windows NT 6.1; rv:64.0) Gecko/20100101 Firefox/64.0"
192.168.1.212 - - [18/Dec/2018:11:48:33 +0700] "GET /sismadak/uploads/IMG_2559%2010Rs.JPG HTTP/1.1" 200 7691648 "http://192.168.1.8/sismadak/application/assessment/hospital_assessment_document_upload.php?chapter_id=24&instrument_id=1870&id=2,2" "Mozilla/5.0 (Windows NT 6.1; rv:64.0) Gecko/20100101 Firefox/64.0"
169.254.148.246 - - [18/Dec/2018:11:48:32 +0700] "GET /sismadak/application/assessment/hospital_assessment_document_upload.php?chapter_id=28&instrument_id=2235&id=2,2&grid_id=list1&_search=false&nd=1545108544610&rows=15&jqgrid_page=0&sidx=1&sord=asc HTTP/1.1" 200 594 "http://192.168.1.8/sismadak/application/assessment/hospital_assessment_document_upload.php?chapter_id=28&instrument_id=2235&id=2,2" "Mozilla/5.0 (Windows NT 6.1; Win64; x64) AppleWebKit/537.36 (KHTML, like Gecko) Chrome/71.0.3578.98 Safari/537.36"
169.254.148.246 - - [18/Dec/2018:11:48:32 +0700] "POST /sismadak/application/assessment/hospital_assessment_document_upload.php?chapter_id=28&instrument_id=2235&id=2,2&grid_id=list1 HTTP/1.1" 200 - "http://192.168.1.8/sismadak/application/assessment/hospital_assessment_document_upload.php?chapter_id=28&instrument_id=2235&id=2,2" "Mozilla/5.0 (Windows NT 6.1; Win64; x64) AppleWebKit/537.36 (KHTML, like Gecko) Chrome/71.0.3578.98 Safari/537.36"
192.168.1.254 - - [18/Dec/2018:11:48:35 +0700] "POST /sismadak/index.php HTTP/1.1" 302 2947 "http://119.110.67.68:8808/sismadak/index.php" "Mozilla/5.0 (Macintosh; Intel Mac OS X 10_10_5) AppleWebKit/537.36 (KHTML, like Gecko) Chrome/70.0.3538.110 Safari/537.36"
192.168.1.254 - - [18/Dec/2018:11:48:36 +0700] "GET /sismadak/menu.php HTTP/1.1" 200 4080 "http://119.110.67.68:8808/sismadak/index.php" "Mozilla/5.0 (Macintosh; Intel Mac OS X 10_10_5) AppleWebKit/537.36 (KHTML, like Gecko) Chrome/70.0.3538.110 Safari/537.36"
192.168.1.254 - - [18/Dec/2018:11:48:36 +0700] "GET /sismadak/application/report/dashboard.php HTTP/1.1" 200 13594 "http://119.110.67.68:8808/sismadak/menu.php" "Mozilla/5.0 (Macintosh; Intel Mac OS X 10_10_5) AppleWebKit/537.36 (KHTML, like Gecko) Chrome/70.0.3538.110 Safari/537.36"
192.168.1.204 - - [18/Dec/2018:11:48:38 +0700] "GET /sismadak/application/assessment/hospital_assessment_document_upload.php?chapter_id=30&instrument_id=2435&id=2,2 HTTP/1.1" 200 56835 "http://192.168.1.8/sismadak/application/assessment/hospital_assessment_chapter_online.php?chapter_id=30&event_id=2" "Mozilla/5.0 (Windows NT 6.1; WOW64; rv:56.0) Gecko/20100101 Firefox/56.0"
192.168.1.204 - - [18/Dec/2018:11:48:38 +0700] "GET /sismadak/application/assessment/hospital_assessment_document_upload.php?chapter_id=30&instrument_id=2435&id=2,2&grid_id=list1&_search=false&nd=1545108542061&rows=15&jqgrid_page=1&sidx=1&sord=asc HTTP/1.1" 200 507 "http://192.168.1.8/sismadak/application/assessment/hospital_assessment_document_upload.php?chapter_id=30&instrument_id=2435&id=2,2" "Mozilla/5.0 (Windows NT 6.1; WOW64; rv:56.0) Gecko/20100101 Firefox/56.0"
169.254.175.243 - - [18/Dec/2018:11:48:41 +0700] "GET /sismadak/application/assessment/hospital_assessment_chapter_online.php?chapter_id=29&event_id=2&grid_id=list1&_search=false&nd=1545108545824&rows=99999&jqgrid_page=1&sidx=instrument_standard_id+asc%2C+instrument_id&sord=asc&filters=%7B%22groupOp%22%3A%22AND%22%2C%22rules%22%3A%5B%5D%7D HTTP/1.1" 200 87672 "http://192.168.1.8/sismadak/application/assessment/hospital_assessment_chapter_online.php?chapter_id=29&event_id=2" "Mozilla/5.0 (Windows NT 6.1; rv:37.0) Gecko/20100101 Firefox/37.0"
192.168.1.219 - - [18/Dec/2018:11:48:46 +0700] "GET /sismadak/application/assessment/hospital_assessment_document_upload.php?chapter_id=17&instrument_id=1238&id=2,2 HTTP/1.1" 200 56835 "http://192.168.1.8/sismadak/application/assessment/hospital_assessment_chapter_online.php?chapter_id=17&event_id=2" "Mozilla/5.0 (Windows NT 6.1; rv:64.0) Gecko/20100101 Firefox/64.0"
192.168.1.254 - - [18/Dec/2018:11:48:46 +0700] "GET /sismadak/application/assessment/hospital_assessment_reguler_list.php?category_id=4&module_id=4 HTTP/1.1" 200 50056 "http://119.110.67.68:8808/sismadak/menu.php" "Mozilla/5.0 (Macintosh; Intel Mac OS X 10_10_5) AppleWebKit/537.36 (KHTML, like Gecko) Chrome/70.0.3538.110 Safari/537.36"
192.168.1.219 - - [18/Dec/2018:11:48:47 +0700] "GET /sismadak/application/assessment/hospital_assessment_document_upload.php?chapter_id=17&instrument_id=1238&id=2,2&grid_id=list1&_search=false&nd=1545108550145&rows=15&jqgrid_page=1&sidx=1&sord=asc HTTP/1.1" 200 1563 "http://192.168.1.8/sismadak/application/assessment/hospital_assessment_document_upload.php?chapter_id=17&instrument_id=1238&id=2,2" "Mozilla/5.0 (Windows NT 6.1; rv:64.0) Gecko/20100101 Firefox/64.0"
192.168.1.254 - - [18/Dec/2018:11:48:49 +0700] "GET /sismadak/application/assessment/hospital_assessment_reguler_list.php?category_id=4&module_id=4&grid_id=list1&_search=false&nd=1545108553466&rows=20&jqgrid_page=1&sidx=accreditation_id&sord=desc HTTP/1.1" 200 740 "http://119.110.67.68:8808/sismadak/application/assessment/hospital_assessment_reguler_list.php?category_id=4&module_id=4" "Mozilla/5.0 (Macintosh; Intel Mac OS X 10_10_5) AppleWebKit/537.36 (KHTML, like Gecko) Chrome/70.0.3538.110 Safari/537.36"
169.254.217.95 - - [18/Dec/2018:11:48:50 +0700] "POST /sismadak/application/assessment/hospital_assessment_document_upload.php?chapter_id=17&instrument_id=1238&id=2,2&grid_id=list1 HTTP/1.1" 200 - "http://192.168.1.8/sismadak/application/assessment/hospital_assessment_document_upload.php?chapter_id=17&instrument_id=1238&id=2,2" "Mozilla/5.0 (Windows NT 10.0; Win64; x64) AppleWebKit/537.36 (KHTML, like Gecko) Chrome/70.0.3538.110 Safari/537.36"
169.254.217.95 - - [18/Dec/2018:11:48:50 +0700] "GET /sismadak/application/assessment/hospital_assessment_document_upload.php?chapter_id=17&instrument_id=1238&id=2,2&grid_id=list1&_search=false&nd=1545108552847&rows=15&jqgrid_page=1&sidx=1&sord=asc&filters=%7B%22groupOp%22%3A%22AND%22%2C%22rules%22%3A%5B%5D%7D HTTP/1.1" 200 1100 "http://192.168.1.8/sismadak/application/assessment/hospital_assessment_document_upload.php?chapter_id=17&instrument_id=1238&id=2,2" "Mozilla/5.0 (Windows NT 10.0; Win64; x64) AppleWebKit/537.36 (KHTML, like Gecko) Chrome/70.0.3538.110 Safari/537.36"
192.168.1.228 - - [18/Dec/2018:11:48:51 +0700] "GET /sismadak/application/assessment/download.php?id=c81e728d9d4c2f636f067f89cc14862c-AcroRd32.exe HTTP/1.1" 200 1457528 "http://192.168.1.8/sismadak/application/assessment/hospital_assessment_document_upload.php?chapter_id=23&instrument_id=1790&id=2,2" "Mozilla/5.0 (Windows NT 6.1; WOW64; rv:55.0) Gecko/20100101 Firefox/55.0"
169.254.28.115 - - [18/Dec/2018:11:48:52 +0700] "POST /sismadak/application/assessment/hospital_assessment_document_upload.php?chapter_id=21&instrument_id=1705&id=2,2&grid_id=list1 HTTP/1.1" 200 - "http://192.168.1.8/sismadak/application/assessment/hospital_assessment_document_upload.php?chapter_id=21&instrument_id=1705&id=2,2" "Mozilla/5.0 (Windows NT 6.1; WOW64; rv:56.0) Gecko/20100101 Firefox/56.0"
192.168.1.254 - - [18/Dec/2018:11:48:52 +0700] "GET /sismadak/application/assessment/hospital_assessment_chapter.php?event_id=2&category_id=4 HTTP/1.1" 200 46212 "http://119.110.67.68:8808/sismadak/application/assessment/hospital_assessment_reguler_list.php?category_id=4&module_id=4" "Mozilla/5.0 (Macintosh; Intel Mac OS X 10_10_5) AppleWebKit/537.36 (KHTML, like Gecko) Chrome/70.0.3538.110 Safari/537.36"
169.254.28.115 - - [18/Dec/2018:11:48:52 +0700] "GET /sismadak/application/assessment/hospital_assessment_document_upload.php?chapter_id=21&instrument_id=1705&id=2,2&grid_id=list1&_search=false&nd=1545133871861&rows=15&jqgrid_page=1&sidx=1&sord=asc HTTP/1.1" 200 35 "http://192.168.1.8/sismadak/application/assessment/hospital_assessment_document_upload.php?chapter_id=21&instrument_id=1705&id=2,2" "Mozilla/5.0 (Windows NT 6.1; WOW64; rv:56.0) Gecko/20100101 Firefox/56.0"
169.254.233.31 - - [18/Dec/2018:11:48:53 +0700] "POST /sismadak/application/assessment/hospital_assessment_document_upload.php?chapter_id=19&instrument_id=1392&id=2,2&grid_id=list1 HTTP/1.1" 200 - "http://192.168.1.8/sismadak/application/assessment/hospital_assessment_document_upload.php?chapter_id=19&instrument_id=1392&id=2,2" "Mozilla/5.0 (Windows NT 6.1; WOW64; rv:55.0) Gecko/20100101 Firefox/55.0"
169.254.148.246 - - [18/Dec/2018:11:48:54 +0700] "POST /sismadak/application/assessment/hospital_assessment_document_upload.php?chapter_id=28&instrument_id=2235&id=2,2&grid_id=list1 HTTP/1.1" 200 - "http://192.168.1.8/sismadak/application/assessment/hospital_assessment_document_upload.php?chapter_id=28&instrument_id=2235&id=2,2" "Mozilla/5.0 (Windows NT 6.1; Win64; x64) AppleWebKit/537.36 (KHTML, like Gecko) Chrome/71.0.3578.98 Safari/537.36"
192.168.1.254 - - [18/Dec/2018:11:48:54 +0700] "GET /sismadak/application/assessment/hospital_assessment_chapter.php?event_id=2&category_id=4&grid_id=list1&_search=false&nd=1545108558423&rows=20&jqgrid_page=1&sidx=chapter_id&sord=asc HTTP/1.1" 200 6090 "http://119.110.67.68:8808/sismadak/application/assessment/hospital_assessment_chapter.php?event_id=2&category_id=4" "Mozilla/5.0 (Macintosh; Intel Mac OS X 10_10_5) AppleWebKit/537.36 (KHTML, like Gecko) Chrome/70.0.3538.110 Safari/537.36"
169.254.233.31 - - [18/Dec/2018:11:48:54 +0700] "GET /sismadak/application/assessment/hospital_assessment_document_upload.php?chapter_id=19&instrument_id=1392&id=2,2&grid_id=list1&_search=false&nd=1545108557764&rows=15&jqgrid_page=1&sidx=1&sord=asc HTTP/1.1" 200 35 "http://192.168.1.8/sismadak/application/assessment/hospital_assessment_document_upload.php?chapter_id=19&instrument_id=1392&id=2,2" "Mozilla/5.0 (Windows NT 6.1; WOW64; rv:55.0) Gecko/20100101 Firefox/55.0"
169.254.148.246 - - [18/Dec/2018:11:48:54 +0700] "GET /sismadak/application/assessment/hospital_assessment_document_upload.php?chapter_id=28&instrument_id=2235&id=2,2&grid_id=list1&_search=false&nd=1545108566206&rows=15&jqgrid_page=1&sidx=1&sord=asc HTTP/1.1" 200 35 "http://192.168.1.8/sismadak/application/assessment/hospital_assessment_document_upload.php?chapter_id=28&instrument_id=2235&id=2,2" "Mozilla/5.0 (Windows NT 6.1; Win64; x64) AppleWebKit/537.36 (KHTML, like Gecko) Chrome/71.0.3578.98 Safari/537.36"
192.168.1.219 - - [18/Dec/2018:11:48:55 +0700] "GET /sismadak/menu.php HTTP/1.1" 200 4090 "-" "Mozilla/5.0 (Windows NT 6.1; rv:64.0) Gecko/20100101 Firefox/64.0"
192.168.1.219 - - [18/Dec/2018:11:48:55 +0700] "GET /sismadak/lib/js/jquery.min.js HTTP/1.1" 304 - "http://192.168.1.8/sismadak/menu.php" "Mozilla/5.0 (Windows NT 6.1; rv:64.0) Gecko/20100101 Firefox/64.0"
192.168.1.219 - - [18/Dec/2018:11:48:55 +0700] "GET /sismadak/lib/js/menu/jquery.hoverIntent.minified.js HTTP/1.1" 304 - "http://192.168.1.8/sismadak/menu.php" "Mozilla/5.0 (Windows NT 6.1; rv:64.0) Gecko/20100101 Firefox/64.0"
192.168.1.219 - - [18/Dec/2018:11:48:55 +0700] "GET /sismadak/lib/js/menu/menu.css HTTP/1.1" 304 - "http://192.168.1.8/sismadak/menu.php" "Mozilla/5.0 (Windows NT 6.1; rv:64.0) Gecko/20100101 Firefox/64.0"
192.168.1.219 - - [18/Dec/2018:11:48:55 +0700] "GET /sismadak/lib/js/menu/jquery.dcmegamenu.1.3.3.js HTTP/1.1" 304 - "http://192.168.1.8/sismadak/menu.php" "Mozilla/5.0 (Windows NT 6.1; rv:64.0) Gecko/20100101 Firefox/64.0"
192.168.1.215 - - [18/Dec/2018:11:48:55 +0700] "POST /sismadak/application/assessment/hospital_assessment_document_upload.php?chapter_id=27&instrument_id=2220&id=2,2&grid_id=list1 HTTP/1.1" 200 - "http://192.168.1.8/sismadak/application/assessment/hospital_assessment_document_upload.php?chapter_id=27&instrument_id=2220&id=2,2" "Mozilla/5.0 (Windows NT 6.1; WOW64; rv:63.0) Gecko/20100101 Firefox/63.0"
192.168.1.219 - - [18/Dec/2018:11:48:56 +0700] "GET /sismadak/images/bg_blue.png HTTP/1.1" 304 - "http://192.168.1.8/sismadak/lib/js/menu/menu.css" "Mozilla/5.0 (Windows NT 6.1; rv:64.0) Gecko/20100101 Firefox/64.0"
192.168.1.209 - - [18/Dec/2018:11:48:55 +0700] "POST /sismadak/application/assessment/hospital_assessment_document_upload.php?chapter_id=23&instrument_id=1790&id=2,2&grid_id=list1 HTTP/1.1" 200 - "http://192.168.1.8/sismadak/application/assessment/hospital_assessment_document_upload.php?chapter_id=23&instrument_id=1790&id=2,2" "Mozilla/5.0 (Windows NT 6.1; WOW64; rv:55.0) Gecko/20100101 Firefox/55.0"
192.168.1.219 - - [18/Dec/2018:11:48:56 +0700] "GET /sismadak/images/arrow.png HTTP/1.1" 304 - "http://192.168.1.8/sismadak/lib/js/menu/menu.css" "Mozilla/5.0 (Windows NT 6.1; rv:64.0) Gecko/20100101 Firefox/64.0"
192.168.1.219 - - [18/Dec/2018:11:48:56 +0700] "GET /sismadak/images/bg_sub_left.png HTTP/1.1" 304 - "http://192.168.1.8/sismadak/lib/js/menu/menu.css" "Mozilla/5.0 (Windows NT 6.1; rv:64.0) Gecko/20100101 Firefox/64.0"
192.168.1.219 - - [18/Dec/2018:11:48:56 +0700] "GET /sismadak/application/report/dashboard.php HTTP/1.1" 200 13594 "http://192.168.1.8/sismadak/menu.php" "Mozilla/5.0 (Windows NT 6.1; rv:64.0) Gecko/20100101 Firefox/64.0"
192.168.1.219 - - [18/Dec/2018:11:48:56 +0700] "GET /sismadak/images/bg_sub.png HTTP/1.1" 304 - "http://192.168.1.8/sismadak/lib/js/menu/menu.css" "Mozilla/5.0 (Windows NT 6.1; rv:64.0) Gecko/20100101 Firefox/64.0"
192.168.1.219 - - [18/Dec/2018:11:48:56 +0700] "GET /sismadak/images/laporan.png HTTP/1.1" 304 - "http://192.168.1.8/sismadak/lib/js/menu/menu.css" "Mozilla/5.0 (Windows NT 6.1; rv:64.0) Gecko/20100101 Firefox/64.0"
192.168.1.219 - - [18/Dec/2018:11:48:56 +0700] "GET /sismadak/images/bg_hdr.png HTTP/1.1" 304 - "http://192.168.1.8/sismadak/lib/js/menu/menu.css" "Mozilla/5.0 (Windows NT 6.1; rv:64.0) Gecko/20100101 Firefox/64.0"
192.168.1.219 - - [18/Dec/2018:11:48:56 +0700] "GET /sismadak/images/bullet.png HTTP/1.1" 304 - "http://192.168.1.8/sismadak/lib/js/menu/menu.css" "Mozilla/5.0 (Windows NT 6.1; rv:64.0) Gecko/20100101 Firefox/64.0"
192.168.1.219 - - [18/Dec/2018:11:48:56 +0700] "GET /sismadak/images/assessment.png HTTP/1.1" 304 - "http://192.168.1.8/sismadak/lib/js/menu/menu.css" "Mozilla/5.0 (Windows NT 6.1; rv:64.0) Gecko/20100101 Firefox/64.0"
192.168.1.219 - - [18/Dec/2018:11:48:56 +0700] "GET /sismadak/images/workshop.png HTTP/1.1" 304 - "http://192.168.1.8/sismadak/lib/js/menu/menu.css" "Mozilla/5.0 (Windows NT 6.1; rv:64.0) Gecko/20100101 Firefox/64.0"
192.168.1.219 - - [18/Dec/2018:11:48:56 +0700] "GET /sismadak/images/configuration.png HTTP/1.1" 304 - "http://192.168.1.8/sismadak/lib/js/menu/menu.css" "Mozilla/5.0 (Windows NT 6.1; rv:64.0) Gecko/20100101 Firefox/64.0"
192.168.1.215 - - [18/Dec/2018:11:48:56 +0700] "GET /sismadak/application/assessment/hospital_assessment_document_upload.php?chapter_id=27&instrument_id=2220&id=2,2&grid_id=list1&_search=false&nd=1545108560454&rows=15&jqgrid_page=1&sidx=1&sord=asc HTTP/1.1" 200 35 "http://192.168.1.8/sismadak/application/assessment/hospital_assessment_document_upload.php?chapter_id=27&instrument_id=2220&id=2,2" "Mozilla/5.0 (Windows NT 6.1; WOW64; rv:63.0) Gecko/20100101 Firefox/63.0"
192.168.1.153 - - [18/Dec/2018:11:48:56 +0700] "POST /sismadak/application/assessment/hospital_assessment_document_upload.php?chapter_id=23&instrument_id=1790&id=2,2&grid_id=list1 HTTP/1.1" 200 - "http://192.168.1.8/sismadak/application/assessment/hospital_assessment_document_upload.php?chapter_id=23&instrument_id=1790&id=2,2" "Mozilla/5.0 (Windows NT 6.3; WOW64; rv:64.0) Gecko/20100101 Firefox/64.0"
192.168.1.209 - - [18/Dec/2018:11:48:56 +0700] "GET /sismadak/application/assessment/hospital_assessment_document_upload.php?chapter_id=23&instrument_id=1790&id=2,2&grid_id=list1&_search=false&nd=1545108560291&rows=15&jqgrid_page=1&sidx=1&sord=asc&filters=%7B%22groupOp%22%3A%22AND%22%2C%22rules%22%3A%5B%5D%7D HTTP/1.1" 200 514 "http://192.168.1.8/sismadak/application/assessment/hospital_assessment_document_upload.php?chapter_id=23&instrument_id=1790&id=2,2" "Mozilla/5.0 (Windows NT 6.1; WOW64; rv:55.0) Gecko/20100101 Firefox/55.0"
192.168.1.204 - - [18/Dec/2018:11:48:56 +0700] "POST /sismadak/application/assessment/hospital_assessment_document_upload.php?chapter_id=30&instrument_id=2435&id=2,2&grid_id=list1 HTTP/1.1" 200 - "http://192.168.1.8/sismadak/application/assessment/hospital_assessment_document_upload.php?chapter_id=30&instrument_id=2435&id=2,2" "Mozilla/5.0 (Windows NT 6.1; WOW64; rv:56.0) Gecko/20100101 Firefox/56.0"
192.168.1.153 - - [18/Dec/2018:11:48:56 +0700] "GET /sismadak/application/assessment/hospital_assessment_document_upload.php?chapter_id=23&instrument_id=1790&id=2,2&grid_id=list1&_search=false&nd=1545108563363&rows=15&jqgrid_page=1&sidx=1&sord=asc HTTP/1.1" 200 514 "http://192.168.1.8/sismadak/application/assessment/hospital_assessment_document_upload.php?chapter_id=23&instrument_id=1790&id=2,2" "Mozilla/5.0 (Windows NT 6.3; WOW64; rv:64.0) Gecko/20100101 Firefox/64.0"
192.168.1.204 - - [18/Dec/2018:11:48:56 +0700] "GET /sismadak/application/assessment/hospital_assessment_document_upload.php?chapter_id=30&instrument_id=2435&id=2,2&grid_id=list1&_search=false&nd=1545108560395&rows=15&jqgrid_page=1&sidx=1&sord=asc HTTP/1.1" 200 35 "http://192.168.1.8/sismadak/application/assessment/hospital_assessment_document_upload.php?chapter_id=30&instrument_id=2435&id=2,2" "Mozilla/5.0 (Windows NT 6.1; WOW64; rv:56.0) Gecko/20100101 Firefox/56.0"
192.168.1.254 - - [18/Dec/2018:11:48:58 +0700] "GET /sismadak/application/assessment/hospital_assessment_chapter_online.php?chapter_id=17&event_id=2 HTTP/1.1" 200 61016 "http://119.110.67.68:8808/sismadak/application/assessment/hospital_assessment_chapter.php?event_id=2&category_id=4" "Mozilla/5.0 (Macintosh; Intel Mac OS X 10_10_5) AppleWebKit/537.36 (KHTML, like Gecko) Chrome/70.0.3538.110 Safari/537.36"
192.168.1.229 - - [18/Dec/2018:11:48:58 +0700] "GET /sismadak/index.php HTTP/1.1" 302 - "http://192.168.1.8/sismadak/menu.php" "Mozilla/5.0 (Windows NT 6.1; Win64; x64; rv:57.0) Gecko/20100101 Firefox/57.0"
192.168.1.229 - - [18/Dec/2018:11:48:59 +0700] "GET /sismadak/menu.php HTTP/1.1" 200 3182 "http://192.168.1.8/sismadak/menu.php" "Mozilla/5.0 (Windows NT 6.1; Win64; x64; rv:57.0) Gecko/20100101 Firefox/57.0"
169.254.217.95 - - [18/Dec/2018:11:48:58 +0700] "GET /sismadak/application/assessment/hospital_assessment_chapter_online.php?chapter_id=17&event_id=2&grid_id=list1&_search=false&nd=1545108560835&rows=20&jqgrid_page=1&sidx=instrument_standard_id+asc%2C+instrument_id&sord=asc&filters=%7B%22groupOp%22%3A%22AND%22%2C%22rules%22%3A%5B%5D%7D HTTP/1.1" 200 17270 "http://192.168.1.8/sismadak/application/assessment/hospital_assessment_chapter_online.php?chapter_id=17&event_id=2" "Mozilla/5.0 (Windows NT 10.0; Win64; x64) AppleWebKit/537.36 (KHTML, like Gecko) Chrome/70.0.3538.110 Safari/537.36"
192.168.1.229 - - [18/Dec/2018:11:48:59 +0700] "GET /sismadak/application/report/dashboard.php HTTP/1.1" 200 13594 "http://192.168.1.8/sismadak/menu.php" "Mozilla/5.0 (Windows NT 6.1; Win64; x64; rv:57.0) Gecko/20100101 Firefox/57.0"
192.168.1.217 - - [18/Dec/2018:11:49:00 +0700] "POST /sismadak/application/assessment/hospital_assessment_document_upload.php?chapter_id=20&instrument_id=1475&id=2,2&grid_id=list1 HTTP/1.1" 200 - "http://192.168.1.8/sismadak/application/assessment/hospital_assessment_document_upload.php?chapter_id=20&instrument_id=1475&id=2,2" "Mozilla/5.0 (Windows NT 6.1; rv:41.0) Gecko/20100101 Firefox/41.0"
169.254.217.95 - - [18/Dec/2018:11:49:00 +0700] "GET /sismadak/application/assessment/hospital_assessment_document_upload.php?chapter_id=17&instrument_id=1239&id=2,2 HTTP/1.1" 200 56835 "http://192.168.1.8/sismadak/application/assessment/hospital_assessment_chapter_online.php?chapter_id=17&event_id=2" "Mozilla/5.0 (Windows NT 10.0; Win64; x64) AppleWebKit/537.36 (KHTML, like Gecko) Chrome/70.0.3538.110 Safari/537.36"
192.168.1.217 - - [18/Dec/2018:11:49:00 +0700] "GET /sismadak/application/assessment/hospital_assessment_document_upload.php?chapter_id=20&instrument_id=1475&id=2,2&grid_id=list1&_search=false&nd=1545108564589&rows=15&jqgrid_page=1&sidx=1&sord=asc HTTP/1.1" 200 35 "http://192.168.1.8/sismadak/application/assessment/hospital_assessment_document_upload.php?chapter_id=20&instrument_id=1475&id=2,2" "Mozilla/5.0 (Windows NT 6.1; rv:41.0) Gecko/20100101 Firefox/41.0"
192.168.1.254 - - [18/Dec/2018:11:49:00 +0700] "GET /sismadak/application/assessment/hospital_assessment_chapter_online.php?chapter_id=17&event_id=2&grid_id=list1&_search=false&nd=1545108564698&rows=20&jqgrid_page=1&sidx=instrument_standard_id+asc%2C+instrument_id&sord=asc HTTP/1.1" 200 17270 "http://119.110.67.68:8808/sismadak/application/assessment/hospital_assessment_chapter_online.php?chapter_id=17&event_id=2" "Mozilla/5.0 (Macintosh; Intel Mac OS X 10_10_5) AppleWebKit/537.36 (KHTML, like Gecko) Chrome/70.0.3538.110 Safari/537.36"
192.168.1.212 - - [18/Dec/2018:11:49:00 +0700] "POST /sismadak/application/assessment/hospital_assessment_document_upload.php?chapter_id=24&instrument_id=1870&id=2,2&grid_id=list1 HTTP/1.1" 200 - "http://192.168.1.8/sismadak/application/assessment/hospital_assessment_document_upload.php?chapter_id=24&instrument_id=1870&id=2,2" "Mozilla/5.0 (Windows NT 6.1; rv:64.0) Gecko/20100101 Firefox/64.0"
169.254.217.95 - - [18/Dec/2018:11:49:01 +0700] "GET /sismadak/application/assessment/hospital_assessment_document_upload.php?chapter_id=17&instrument_id=1239&id=2,2&grid_id=list1&_search=false&nd=1545108563440&rows=15&jqgrid_page=1&sidx=1&sord=asc HTTP/1.1" 200 35 "http://192.168.1.8/sismadak/application/assessment/hospital_assessment_document_upload.php?chapter_id=17&instrument_id=1239&id=2,2" "Mozilla/5.0 (Windows NT 10.0; Win64; x64) AppleWebKit/537.36 (KHTML, like Gecko) Chrome/70.0.3538.110 Safari/537.36"
192.168.1.212 - - [18/Dec/2018:11:49:01 +0700] "GET /sismadak/application/assessment/hospital_assessment_document_upload.php?chapter_id=24&instrument_id=1870&id=2,2&grid_id=list1&_search=false&nd=1545108573589&rows=15&jqgrid_page=0&sidx=1&sord=asc HTTP/1.1" 200 535 "http://192.168.1.8/sismadak/application/assessment/hospital_assessment_document_upload.php?chapter_id=24&instrument_id=1870&id=2,2" "Mozilla/5.0 (Windows NT 6.1; rv:64.0) Gecko/20100101 Firefox/64.0"
192.168.1.212 - - [18/Dec/2018:11:49:01 +0700] "POST /sismadak/application/assessment/hospital_assessment_document_upload.php?chapter_id=24&instrument_id=1870&id=2,2&grid_id=list1 HTTP/1.1" 200 - "http://192.168.1.8/sismadak/application/assessment/hospital_assessment_document_upload.php?chapter_id=24&instrument_id=1870&id=2,2" "Mozilla/5.0 (Windows NT 6.1; rv:64.0) Gecko/20100101 Firefox/64.0"
192.168.1.206 - - [18/Dec/2018:11:49:04 +0700] "GET /sismadak/application/assessment/hospital_assessment_reguler_list.php?category_id=4&module_id=4 HTTP/1.1" 200 50021 "http://192.168.1.8/sismadak/menu.php" "Mozilla/5.0 (Windows NT 6.1; WOW64; rv:55.0) Gecko/20100101 Firefox/55.0"
169.254.175.243 - - [18/Dec/2018:11:49:04 +0700] "GET /sismadak/application/assessment/hospital_assessment_document_upload.php?chapter_id=29&instrument_id=2339&id=2,2 HTTP/1.1" 200 56835 "http://192.168.1.8/sismadak/application/assessment/hospital_assessment_chapter_online.php?chapter_id=29&event_id=2" "Mozilla/5.0 (Windows NT 6.1; rv:37.0) Gecko/20100101 Firefox/37.0"
192.168.1.206 - - [18/Dec/2018:11:49:05 +0700] "GET /sismadak/application/assessment/hospital_assessment_reguler_list.php?category_id=4&module_id=4&grid_id=list1&_search=false&nd=1545108568018&rows=20&jqgrid_page=1&sidx=accreditation_id&sord=desc HTTP/1.1" 200 740 "http://192.168.1.8/sismadak/application/assessment/hospital_assessment_reguler_list.php?category_id=4&module_id=4" "Mozilla/5.0 (Windows NT 6.1; WOW64; rv:55.0) Gecko/20100101 Firefox/55.0"
192.168.1.254 - - [18/Dec/2018:11:49:06 +0700] "GET /sismadak/application/assessment/hospital_assessment_document_upload.php?chapter_id=17&instrument_id=1238&id=2,2 HTTP/1.1" 200 56884 "http://119.110.67.68:8808/sismadak/application/assessment/hospital_assessment_chapter_online.php?chapter_id=17&event_id=2" "Mozilla/5.0 (Macintosh; Intel Mac OS X 10_10_5) AppleWebKit/537.36 (KHTML, like Gecko) Chrome/70.0.3538.110 Safari/537.36"
192.168.1.229 - - [18/Dec/2018:11:49:07 +0700] "GET /sismadak/application/assessment/hospital_assessment_reguler_list.php?category_id=4&module_id=4 HTTP/1.1" 200 50021 "http://192.168.1.8/sismadak/menu.php" "Mozilla/5.0 (Windows NT 6.1; Win64; x64; rv:57.0) Gecko/20100101 Firefox/57.0"
192.168.1.229 - - [18/Dec/2018:11:49:08 +0700] "GET /sismadak/application/assessment/hospital_assessment_reguler_list.php?category_id=4&module_id=4&grid_id=list1&_search=false&nd=1545108571376&rows=20&jqgrid_page=1&sidx=accreditation_id&sord=desc HTTP/1.1" 200 740 "http://192.168.1.8/sismadak/application/assessment/hospital_assessment_reguler_list.php?category_id=4&module_id=4" "Mozilla/5.0 (Windows NT 6.1; Win64; x64; rv:57.0) Gecko/20100101 Firefox/57.0"
192.168.1.254 - - [18/Dec/2018:11:49:08 +0700] "GET /sismadak/application/assessment/hospital_assessment_document_upload.php?chapter_id=17&instrument_id=1238&id=2,2&grid_id=list1&_search=false&nd=1545108573343&rows=15&jqgrid_page=1&sidx=1&sord=asc HTTP/1.1" 200 1100 "http://119.110.67.68:8808/sismadak/application/assessment/hospital_assessment_document_upload.php?chapter_id=17&instrument_id=1238&id=2,2" "Mozilla/5.0 (Macintosh; Intel Mac OS X 10_10_5) AppleWebKit/537.36 (KHTML, like Gecko) Chrome/70.0.3538.110 Safari/537.36"
192.168.1.215 - - [18/Dec/2018:11:49:10 +0700] "GET /sismadak/application/assessment/hospital_assessment_document_upload.php?chapter_id=27&instrument_id=2106&id=2,2 HTTP/1.1" 200 56835 "http://192.168.1.8/sismadak/application/assessment/hospital_assessment_chapter_online.php?chapter_id=27&event_id=2" "Mozilla/5.0 (Windows NT 6.1; WOW64; rv:63.0) Gecko/20100101 Firefox/63.0"
192.168.1.215 - - [18/Dec/2018:11:49:11 +0700] "GET /sismadak/application/assessment/hospital_assessment_document_upload.php?chapter_id=27&instrument_id=2106&id=2,2&grid_id=list1&_search=false&nd=1545108576324&rows=15&jqgrid_page=1&sidx=1&sord=asc HTTP/1.1" 200 680 "http://192.168.1.8/sismadak/application/assessment/hospital_assessment_document_upload.php?chapter_id=27&instrument_id=2106&id=2,2" "Mozilla/5.0 (Windows NT 6.1; WOW64; rv:63.0) Gecko/20100101 Firefox/63.0"
169.254.217.95 - - [18/Dec/2018:11:49:12 +0700] "POST /sismadak/application/assessment/hospital_assessment_document_upload.php?chapter_id=17&instrument_id=1239&id=2,2&grid_id=list1 HTTP/1.1" 200 47 "http://192.168.1.8/sismadak/application/assessment/hospital_assessment_document_upload.php?chapter_id=17&instrument_id=1239&id=2,2" "Mozilla/5.0 (Windows NT 10.0; Win64; x64) AppleWebKit/537.36 (KHTML, like Gecko) Chrome/70.0.3538.110 Safari/537.36"
169.254.217.95 - - [18/Dec/2018:11:49:12 +0700] "GET /sismadak/uploads/images.jpg HTTP/1.1" 200 5233 "http://192.168.1.8/sismadak/application/assessment/hospital_assessment_document_upload.php?chapter_id=17&instrument_id=1239&id=2,2" "Mozilla/5.0 (Windows NT 10.0; Win64; x64) AppleWebKit/537.36 (KHTML, like Gecko) Chrome/70.0.3538.110 Safari/537.36"
192.168.1.213 - - [18/Dec/2018:11:49:12 +0700] "GET /sismadak/application/assessment/hospital_assessment_document_upload.php?chapter_id=29&instrument_id=2339&id=2,2 HTTP/1.1" 200 56835 "http://192.168.1.8/sismadak/application/assessment/hospital_assessment_chapter_online.php?chapter_id=29&event_id=2" "Mozilla/5.0 (Windows NT 6.1; WOW64; rv:55.0) Gecko/20100101 Firefox/55.0"
192.168.1.213 - - [18/Dec/2018:11:49:13 +0700] "GET /sismadak/application/assessment/hospital_assessment_document_upload.php?chapter_id=29&instrument_id=2339&id=2,2&grid_id=list1&_search=false&nd=1545108577771&rows=15&jqgrid_page=1&sidx=1&sord=asc HTTP/1.1" 200 993 "http://192.168.1.8/sismadak/application/assessment/hospital_assessment_document_upload.php?chapter_id=29&instrument_id=2339&id=2,2" "Mozilla/5.0 (Windows NT 6.1; WOW64; rv:55.0) Gecko/20100101 Firefox/55.0"
169.254.175.243 - - [18/Dec/2018:11:49:15 +0700] "POST /sismadak/application/assessment/hospital_assessment_chapter_online.php?chapter_id=29&event_id=2&grid_id=list1 HTTP/1.1" 200 - "http://192.168.1.8/sismadak/application/assessment/hospital_assessment_chapter_online.php?chapter_id=29&event_id=2" "Mozilla/5.0 (Windows NT 6.1; rv:37.0) Gecko/20100101 Firefox/37.0"
169.254.175.243 - - [18/Dec/2018:11:49:16 +0700] "GET /sismadak/application/assessment/hospital_assessment_chapter_online.php?chapter_id=29&event_id=2&grid_id=list1&_search=false&nd=1545108580254&rows=99999&jqgrid_page=1&sidx=instrument_standard_id+asc%2C+instrument_id&sord=asc&filters=%7B%22groupOp%22%3A%22AND%22%2C%22rules%22%3A%5B%5D%7D HTTP/1.1" 200 87672 "http://192.168.1.8/sismadak/application/assessment/hospital_assessment_chapter_online.php?chapter_id=29&event_id=2" "Mozilla/5.0 (Windows NT 6.1; rv:37.0) Gecko/20100101 Firefox/37.0"
169.254.217.95 - - [18/Dec/2018:11:49:17 +0700] "POST /sismadak/application/assessment/hospital_assessment_document_upload.php?chapter_id=17&instrument_id=1239&id=2,2&grid_id=list1 HTTP/1.1" 200 - "http://192.168.1.8/sismadak/application/assessment/hospital_assessment_document_upload.php?chapter_id=17&instrument_id=1239&id=2,2" "Mozilla/5.0 (Windows NT 10.0; Win64; x64) AppleWebKit/537.36 (KHTML, like Gecko) Chrome/70.0.3538.110 Safari/537.36"
192.168.1.228 - - [18/Dec/2018:11:49:17 +0700] "GET /sismadak/application/assessment/download.php?id=c81e728d9d4c2f636f067f89cc14862c-Penguins.jpg HTTP/1.1" 200 171 "http://192.168.1.8/sismadak/application/assessment/hospital_assessment_document_upload.php?chapter_id=23&instrument_id=1790&id=2,2" "Mozilla/5.0 (Windows NT 6.1; WOW64; rv:55.0) Gecko/20100101 Firefox/55.0"
192.168.1.228 - - [18/Dec/2018:11:49:17 +0700] "GET /sismadak/uploads/c81e728d9d4c2f636f067f89cc14862c-Penguins.jpg HTTP/1.1" 200 777835 "http://192.168.1.8/sismadak/application/assessment/download.php?id=c81e728d9d4c2f636f067f89cc14862c-Penguins.jpg" "Mozilla/5.0 (Windows NT 6.1; WOW64; rv:55.0) Gecko/20100101 Firefox/55.0"
