192.168.1.40 - - [18/Dec/2018:11:55:01 +0700] "GET /sismadak/menu.php HTTP/1.1" 200 4091 "http://192.168.1.8/sismadak/index.php" "Mozilla/5.0 (Windows NT 6.1) AppleWebKit/537.36 (KHTML, like Gecko) Chrome/70.0.3538.110 Safari/537.36"
169.254.148.246 - - [18/Dec/2018:11:55:01 +0700] "POST /sismadak/application/assessment/hospital_assessment_chapter_online.php?chapter_id=28&event_id=2&grid_id=list1 HTTP/1.1" 200 - "http://192.168.1.8/sismadak/application/assessment/hospital_assessment_chapter_online.php?chapter_id=28&event_id=2" "Mozilla/5.0 (Windows NT 6.1; Win64; x64) AppleWebKit/537.36 (KHTML, like Gecko) Chrome/71.0.3578.98 Safari/537.36"
192.168.1.40 - - [18/Dec/2018:11:55:01 +0700] "GET /sismadak/application/report/dashboard.php HTTP/1.1" 200 13594 "http://192.168.1.8/sismadak/menu.php" "Mozilla/5.0 (Windows NT 6.1) AppleWebKit/537.36 (KHTML, like Gecko) Chrome/70.0.3538.110 Safari/537.36"
192.168.1.204 - - [18/Dec/2018:11:55:01 +0700] "GET /sismadak/application/assessment/hospital_assessment_chapter.php?event_id=2&category_id=4 HTTP/1.1" 200 46177 "http://192.168.1.8/sismadak/application/assessment/hospital_assessment_reguler_list.php?category_id=4&module_id=4" "Mozilla/5.0 (Windows NT 6.1; WOW64; rv:56.0) Gecko/20100101 Firefox/56.0"
192.168.1.228 - - [18/Dec/2018:11:55:01 +0700] "GET /sismadak/application/assessment/hospital_assessment_chapter.php?event_id=2&category_id=4 HTTP/1.1" 200 46177 "http://192.168.1.8/sismadak/application/assessment/hospital_assessment_reguler_list.php?category_id=4&module_id=4" "Mozilla/5.0 (Windows NT 6.1; WOW64; rv:55.0) Gecko/20100101 Firefox/55.0"
192.168.1.204 - - [18/Dec/2018:11:55:01 +0700] "GET /sismadak/application/assessment/hospital_assessment_chapter.php?event_id=2&category_id=4&grid_id=list1&_search=false&nd=1545108925246&rows=20&jqgrid_page=1&sidx=chapter_id&sord=asc HTTP/1.1" 200 6090 "http://192.168.1.8/sismadak/application/assessment/hospital_assessment_chapter.php?event_id=2&category_id=4" "Mozilla/5.0 (Windows NT 6.1; WOW64; rv:56.0) Gecko/20100101 Firefox/56.0"
192.168.1.228 - - [18/Dec/2018:11:55:01 +0700] "GET /sismadak/application/assessment/hospital_assessment_chapter.php?event_id=2&category_id=4&grid_id=list1&_search=false&nd=1545108925685&rows=20&jqgrid_page=1&sidx=chapter_id&sord=asc HTTP/1.1" 200 6090 "http://192.168.1.8/sismadak/application/assessment/hospital_assessment_chapter.php?event_id=2&category_id=4" "Mozilla/5.0 (Windows NT 6.1; WOW64; rv:55.0) Gecko/20100101 Firefox/55.0"
169.254.148.246 - - [18/Dec/2018:11:55:01 +0700] "GET /sismadak/application/assessment/hospital_assessment_chapter_online.php?chapter_id=28&event_id=2&grid_id=list1&_search=false&nd=1545108933202&rows=20&jqgrid_page=1&sidx=instrument_standard_id+asc%2C+instrument_id&sord=asc HTTP/1.1" 200 18275 "http://192.168.1.8/sismadak/application/assessment/hospital_assessment_chapter_online.php?chapter_id=28&event_id=2" "Mozilla/5.0 (Windows NT 6.1; Win64; x64) AppleWebKit/537.36 (KHTML, like Gecko) Chrome/71.0.3578.98 Safari/537.36"
169.254.217.95 - - [18/Dec/2018:11:55:06 +0700] "GET /sismadak/application/assessment/hospital_assessment_chapter_online.php?chapter_id=17&event_id=2 HTTP/1.1" 200 60977 "http://192.168.1.8/sismadak/application/assessment/hospital_assessment_chapter.php?event_id=2&category_id=4" "Mozilla/5.0 (Windows NT 10.0; Win64; x64) AppleWebKit/537.36 (KHTML, like Gecko) Chrome/70.0.3538.110 Safari/537.36"
192.168.1.219 - - [18/Dec/2018:11:55:06 +0700] "GET /sismadak/application/assessment/hospital_assessment_chapter.php?event_id=2&category_id=4 HTTP/1.1" 200 46177 "http://192.168.1.8/sismadak/application/assessment/hospital_assessment_reguler_list.php?category_id=4&module_id=4" "Mozilla/5.0 (Windows NT 6.1; rv:64.0) Gecko/20100101 Firefox/64.0"
169.254.217.95 - - [18/Dec/2018:11:55:06 +0700] "GET /sismadak/application/assessment/hospital_assessment_chapter_online.php?chapter_id=17&event_id=2&grid_id=list1&_search=false&nd=1545108928854&rows=20&jqgrid_page=1&sidx=instrument_standard_id+asc%2C+instrument_id&sord=asc HTTP/1.1" 200 17382 "http://192.168.1.8/sismadak/application/assessment/hospital_assessment_chapter_online.php?chapter_id=17&event_id=2" "Mozilla/5.0 (Windows NT 10.0; Win64; x64) AppleWebKit/537.36 (KHTML, like Gecko) Chrome/70.0.3538.110 Safari/537.36"
192.168.1.228 - - [18/Dec/2018:11:55:07 +0700] "GET /sismadak/application/assessment/hospital_assessment_chapter_online.php?chapter_id=23&event_id=2 HTTP/1.1" 200 60981 "http://192.168.1.8/sismadak/application/assessment/hospital_assessment_chapter.php?event_id=2&category_id=4" "Mozilla/5.0 (Windows NT 6.1; WOW64; rv:55.0) Gecko/20100101 Firefox/55.0"
192.168.1.40 - - [18/Dec/2018:11:55:07 +0700] "GET /sismadak/application/assessment/hospital_assessment_reguler_list.php?category_id=4&module_id=4 HTTP/1.1" 200 50021 "http://192.168.1.8/sismadak/menu.php" "Mozilla/5.0 (Windows NT 6.1) AppleWebKit/537.36 (KHTML, like Gecko) Chrome/70.0.3538.110 Safari/537.36"
192.168.1.219 - - [18/Dec/2018:11:55:07 +0700] "GET /sismadak/application/assessment/hospital_assessment_chapter.php?event_id=2&category_id=4&grid_id=list1&_search=false&nd=1545108930261&rows=20&jqgrid_page=1&sidx=chapter_id&sord=asc HTTP/1.1" 200 6090 "http://192.168.1.8/sismadak/application/assessment/hospital_assessment_chapter.php?event_id=2&category_id=4" "Mozilla/5.0 (Windows NT 6.1; rv:64.0) Gecko/20100101 Firefox/64.0"
192.168.1.40 - - [18/Dec/2018:11:55:07 +0700] "GET /sismadak/application/assessment/hospital_assessment_reguler_list.php?category_id=4&module_id=4&grid_id=list1&_search=false&nd=1544169383658&rows=20&jqgrid_page=1&sidx=accreditation_id&sord=desc HTTP/1.1" 200 740 "http://192.168.1.8/sismadak/application/assessment/hospital_assessment_reguler_list.php?category_id=4&module_id=4" "Mozilla/5.0 (Windows NT 6.1) AppleWebKit/537.36 (KHTML, like Gecko) Chrome/70.0.3538.110 Safari/537.36"
192.168.1.228 - - [18/Dec/2018:11:55:07 +0700] "GET /sismadak/application/assessment/hospital_assessment_chapter_online.php?chapter_id=23&event_id=2&grid_id=list1&_search=false&nd=1545108931676&rows=20&jqgrid_page=1&sidx=instrument_standard_id+asc%2C+instrument_id&sord=asc HTTP/1.1" 200 18714 "http://192.168.1.8/sismadak/application/assessment/hospital_assessment_chapter_online.php?chapter_id=23&event_id=2" "Mozilla/5.0 (Windows NT 6.1; WOW64; rv:55.0) Gecko/20100101 Firefox/55.0"
169.254.175.243 - - [18/Dec/2018:11:55:07 +0700] "GET /sismadak/application/assessment/hospital_assessment_chapter_online.php?chapter_id=29&event_id=2&grid_id=list1&_search=false&nd=1545108931800&rows=99999&jqgrid_page=1&sidx=instrument_standard_id+asc%2C+instrument_id&sord=asc&filters=%7B%22groupOp%22%3A%22AND%22%2C%22rules%22%3A%5B%5D%7D HTTP/1.1" 200 87672 "http://192.168.1.8/sismadak/application/assessment/hospital_assessment_chapter_online.php?chapter_id=29&event_id=2" "Mozilla/5.0 (Windows NT 6.1; rv:37.0) Gecko/20100101 Firefox/37.0"
192.168.1.209 - - [18/Dec/2018:11:55:10 +0700] "POST /sismadak/application/assessment/hospital_assessment_chapter_online.php?chapter_id=23&event_id=2&grid_id=list1 HTTP/1.1" 200 - "http://192.168.1.8/sismadak/application/assessment/hospital_assessment_chapter_online.php?chapter_id=23&event_id=2" "Mozilla/5.0 (Windows NT 6.1; WOW64; rv:55.0) Gecko/20100101 Firefox/55.0"
192.168.1.40 - - [18/Dec/2018:11:55:11 +0700] "GET /sismadak/application/assessment/hospital_assessment_chapter.php?event_id=2&category_id=4 HTTP/1.1" 200 46177 "http://192.168.1.8/sismadak/application/assessment/hospital_assessment_reguler_list.php?category_id=4&module_id=4" "Mozilla/5.0 (Windows NT 6.1) AppleWebKit/537.36 (KHTML, like Gecko) Chrome/70.0.3538.110 Safari/537.36"
192.168.1.209 - - [18/Dec/2018:11:55:10 +0700] "GET /sismadak/application/assessment/hospital_assessment_chapter_online.php?chapter_id=23&event_id=2&grid_id=list1&_search=false&nd=1545108934835&rows=99999&jqgrid_page=1&sidx=instrument_standard_id+asc%2C+instrument_id&sord=asc HTTP/1.1" 200 71034 "http://192.168.1.8/sismadak/application/assessment/hospital_assessment_chapter_online.php?chapter_id=23&event_id=2" "Mozilla/5.0 (Windows NT 6.1; WOW64; rv:55.0) Gecko/20100101 Firefox/55.0"
192.168.1.217 - - [18/Dec/2018:11:55:11 +0700] "POST /sismadak/application/assessment/hospital_assessment_chapter_online.php?chapter_id=20&event_id=2&grid_id=list1 HTTP/1.1" 200 - "http://192.168.1.8/sismadak/application/assessment/hospital_assessment_chapter_online.php?chapter_id=20&event_id=2" "Mozilla/5.0 (Windows NT 6.1; rv:41.0) Gecko/20100101 Firefox/41.0"
192.168.1.40 - - [18/Dec/2018:11:55:11 +0700] "GET /sismadak/application/assessment/hospital_assessment_chapter.php?event_id=2&category_id=4&grid_id=list1&_search=false&nd=1544169387810&rows=20&jqgrid_page=1&sidx=chapter_id&sord=asc HTTP/1.1" 200 6090 "http://192.168.1.8/sismadak/application/assessment/hospital_assessment_chapter.php?event_id=2&category_id=4" "Mozilla/5.0 (Windows NT 6.1) AppleWebKit/537.36 (KHTML, like Gecko) Chrome/70.0.3538.110 Safari/537.36"
169.254.217.95 - - [18/Dec/2018:11:55:12 +0700] "GET /sismadak/application/assessment/hospital_assessment_document_upload.php?chapter_id=17&instrument_id=1240&id=2,2 HTTP/1.1" 200 56835 "http://192.168.1.8/sismadak/application/assessment/hospital_assessment_chapter_online.php?chapter_id=17&event_id=2" "Mozilla/5.0 (Windows NT 10.0; Win64; x64) AppleWebKit/537.36 (KHTML, like Gecko) Chrome/70.0.3538.110 Safari/537.36"
192.168.1.228 - - [18/Dec/2018:11:55:12 +0700] "GET /sismadak/application/assessment/hospital_assessment_document_upload.php?chapter_id=23&instrument_id=1790&id=2,2 HTTP/1.1" 200 56835 "http://192.168.1.8/sismadak/application/assessment/hospital_assessment_chapter_online.php?chapter_id=23&event_id=2" "Mozilla/5.0 (Windows NT 6.1; WOW64; rv:55.0) Gecko/20100101 Firefox/55.0"
192.168.1.217 - - [18/Dec/2018:11:55:12 +0700] "GET /sismadak/application/assessment/hospital_assessment_chapter_online.php?chapter_id=20&event_id=2&grid_id=list1&_search=false&nd=1545108936311&rows=99999&jqgrid_page=1&sidx=instrument_standard_id+asc%2C+instrument_id&sord=asc HTTP/1.1" 200 145907 "http://192.168.1.8/sismadak/application/assessment/hospital_assessment_chapter_online.php?chapter_id=20&event_id=2" "Mozilla/5.0 (Windows NT 6.1; rv:41.0) Gecko/20100101 Firefox/41.0"
192.168.1.228 - - [18/Dec/2018:11:55:14 +0700] "GET /sismadak/application/assessment/hospital_assessment_document_upload.php?chapter_id=23&instrument_id=1790&id=2,2 HTTP/1.1" 200 56835 "http://192.168.1.8/sismadak/application/assessment/hospital_assessment_chapter_online.php?chapter_id=23&event_id=2" "Mozilla/5.0 (Windows NT 6.1; WOW64; rv:55.0) Gecko/20100101 Firefox/55.0"
169.254.217.95 - - [18/Dec/2018:11:55:15 +0700] "GET /sismadak/application/assessment/hospital_assessment_document_upload.php?chapter_id=17&instrument_id=1240&id=2,2&grid_id=list1&_search=false&nd=1545108938160&rows=15&jqgrid_page=1&sidx=1&sord=asc HTTP/1.1" 200 35 "http://192.168.1.8/sismadak/application/assessment/hospital_assessment_document_upload.php?chapter_id=17&instrument_id=1240&id=2,2" "Mozilla/5.0 (Windows NT 10.0; Win64; x64) AppleWebKit/537.36 (KHTML, like Gecko) Chrome/70.0.3538.110 Safari/537.36"
192.168.1.228 - - [18/Dec/2018:11:55:16 +0700] "GET /sismadak/application/assessment/hospital_assessment_document_upload.php?chapter_id=23&instrument_id=1790&id=2,2&grid_id=list1&_search=false&nd=1545108940059&rows=15&jqgrid_page=1&sidx=1&sord=asc HTTP/1.1" 200 35 "http://192.168.1.8/sismadak/application/assessment/hospital_assessment_document_upload.php?chapter_id=23&instrument_id=1790&id=2,2" "Mozilla/5.0 (Windows NT 6.1; WOW64; rv:55.0) Gecko/20100101 Firefox/55.0"
192.168.1.40 - - [18/Dec/2018:11:55:17 +0700] "GET /sismadak/application/assessment/hospital_assessment_chapter_online.php?chapter_id=28&event_id=2 HTTP/1.1" 200 60977 "http://192.168.1.8/sismadak/application/assessment/hospital_assessment_chapter.php?event_id=2&category_id=4" "Mozilla/5.0 (Windows NT 6.1) AppleWebKit/537.36 (KHTML, like Gecko) Chrome/70.0.3538.110 Safari/537.36"
192.168.1.40 - - [18/Dec/2018:11:55:17 +0700] "GET /sismadak/application/assessment/hospital_assessment_chapter_online.php?chapter_id=28&event_id=2&grid_id=list1&_search=false&nd=1544169393647&rows=20&jqgrid_page=1&sidx=instrument_standard_id+asc%2C+instrument_id&sord=asc HTTP/1.1" 200 18275 "http://192.168.1.8/sismadak/application/assessment/hospital_assessment_chapter_online.php?chapter_id=28&event_id=2" "Mozilla/5.0 (Windows NT 6.1) AppleWebKit/537.36 (KHTML, like Gecko) Chrome/70.0.3538.110 Safari/537.36"
169.254.217.95 - - [18/Dec/2018:11:55:22 +0700] "POST /sismadak/application/assessment/hospital_assessment_document_upload.php?chapter_id=17&instrument_id=1240&id=2,2&grid_id=list1 HTTP/1.1" 200 47 "http://192.168.1.8/sismadak/application/assessment/hospital_assessment_document_upload.php?chapter_id=17&instrument_id=1240&id=2,2" "Mozilla/5.0 (Windows NT 10.0; Win64; x64) AppleWebKit/537.36 (KHTML, like Gecko) Chrome/70.0.3538.110 Safari/537.36"
192.168.1.40 - - [18/Dec/2018:11:55:22 +0700] "GET /sismadak/application/assessment/hospital_assessment_document_upload.php?chapter_id=28&instrument_id=2235&id=2,2 HTTP/1.1" 200 56835 "http://192.168.1.8/sismadak/application/assessment/hospital_assessment_chapter_online.php?chapter_id=28&event_id=2" "Mozilla/5.0 (Windows NT 6.1) AppleWebKit/537.36 (KHTML, like Gecko) Chrome/70.0.3538.110 Safari/537.36"
169.254.217.95 - - [18/Dec/2018:11:55:22 +0700] "GET /sismadak/uploads/images.jpg HTTP/1.1" 200 5233 "http://192.168.1.8/sismadak/application/assessment/hospital_assessment_document_upload.php?chapter_id=17&instrument_id=1240&id=2,2" "Mozilla/5.0 (Windows NT 10.0; Win64; x64) AppleWebKit/537.36 (KHTML, like Gecko) Chrome/70.0.3538.110 Safari/537.36"
192.168.1.40 - - [18/Dec/2018:11:55:22 +0700] "GET /sismadak/application/assessment/hospital_assessment_document_upload.php?chapter_id=28&instrument_id=2235&id=2,2&grid_id=list1&_search=false&nd=1544169398618&rows=15&jqgrid_page=1&sidx=1&sord=asc HTTP/1.1" 200 35 "http://192.168.1.8/sismadak/application/assessment/hospital_assessment_document_upload.php?chapter_id=28&instrument_id=2235&id=2,2" "Mozilla/5.0 (Windows NT 6.1) AppleWebKit/537.36 (KHTML, like Gecko) Chrome/70.0.3538.110 Safari/537.36"
192.168.1.215 - - [18/Dec/2018:11:55:25 +0700] "POST /sismadak/application/assessment/hospital_assessment_chapter_online.php?chapter_id=27&event_id=2&grid_id=list1 HTTP/1.1" 200 - "http://192.168.1.8/sismadak/application/assessment/hospital_assessment_chapter_online.php?chapter_id=27&event_id=2" "Mozilla/5.0 (Windows NT 6.1; WOW64; rv:63.0) Gecko/20100101 Firefox/63.0"
192.168.1.212 - - [18/Dec/2018:11:55:25 +0700] "GET /sismadak/application/assessment/hospital_assessment_reguler_list.php?category_id=4&module_id=4 HTTP/1.1" 200 50021 "http://192.168.1.8/sismadak/menu.php" "Mozilla/5.0 (Windows NT 6.1; rv:64.0) Gecko/20100101 Firefox/64.0"
192.168.1.203 - - [18/Dec/2018:11:55:25 +0700] "POST /sismadak/application/assessment/hospital_assessment_chapter_online.php?chapter_id=21&event_id=2&grid_id=list1 HTTP/1.1" 200 - "http://192.168.1.8/sismadak/application/assessment/hospital_assessment_chapter_online.php?chapter_id=21&event_id=2" "Mozilla/5.0 (Windows NT 6.1; WOW64; rv:56.0) Gecko/20100101 Firefox/56.0"
192.168.1.212 - - [18/Dec/2018:11:55:26 +0700] "GET /sismadak/application/assessment/hospital_assessment_reguler_list.php?category_id=4&module_id=4&grid_id=list1&_search=false&nd=1545108958988&rows=20&jqgrid_page=1&sidx=accreditation_id&sord=desc HTTP/1.1" 200 740 "http://192.168.1.8/sismadak/application/assessment/hospital_assessment_reguler_list.php?category_id=4&module_id=4" "Mozilla/5.0 (Windows NT 6.1; rv:64.0) Gecko/20100101 Firefox/64.0"
192.168.1.215 - - [18/Dec/2018:11:55:25 +0700] "GET /sismadak/application/assessment/hospital_assessment_chapter_online.php?chapter_id=27&event_id=2&grid_id=list1&_search=false&nd=1545108949797&rows=99999&jqgrid_page=1&sidx=instrument_standard_id+asc%2C+instrument_id&sord=asc HTTP/1.1" 200 122532 "http://192.168.1.8/sismadak/application/assessment/hospital_assessment_chapter_online.php?chapter_id=27&event_id=2" "Mozilla/5.0 (Windows NT 6.1; WOW64; rv:63.0) Gecko/20100101 Firefox/63.0"
192.168.1.203 - - [18/Dec/2018:11:55:26 +0700] "GET /sismadak/application/assessment/hospital_assessment_chapter_online.php?chapter_id=21&event_id=2&grid_id=list1&_search=false&nd=1545134265605&rows=99999&jqgrid_page=1&sidx=instrument_standard_id+asc%2C+instrument_id&sord=asc HTTP/1.1" 200 67867 "http://192.168.1.8/sismadak/application/assessment/hospital_assessment_chapter_online.php?chapter_id=21&event_id=2" "Mozilla/5.0 (Windows NT 6.1; WOW64; rv:56.0) Gecko/20100101 Firefox/56.0"
192.168.1.153 - - [18/Dec/2018:11:55:26 +0700] "POST /sismadak/application/assessment/hospital_assessment_document_upload.php?chapter_id=23&instrument_id=1790&id=2,2&grid_id=list1 HTTP/1.1" 200 48 "http://192.168.1.8/sismadak/application/assessment/hospital_assessment_document_upload.php?chapter_id=23&instrument_id=1790&id=2,2" "Mozilla/5.0 (Windows NT 6.3; WOW64; rv:64.0) Gecko/20100101 Firefox/64.0"
169.254.217.95 - - [18/Dec/2018:11:55:27 +0700] "POST /sismadak/application/assessment/hospital_assessment_document_upload.php?chapter_id=17&instrument_id=1240&id=2,2&grid_id=list1 HTTP/1.1" 200 - "http://192.168.1.8/sismadak/application/assessment/hospital_assessment_document_upload.php?chapter_id=17&instrument_id=1240&id=2,2" "Mozilla/5.0 (Windows NT 10.0; Win64; x64) AppleWebKit/537.36 (KHTML, like Gecko) Chrome/70.0.3538.110 Safari/537.36"
169.254.217.95 - - [18/Dec/2018:11:55:28 +0700] "GET /sismadak/application/assessment/hospital_assessment_document_upload.php?chapter_id=17&instrument_id=1240&id=2,2&grid_id=list1&_search=false&nd=1545108950581&rows=15&jqgrid_page=0&sidx=1&sord=asc HTTP/1.1" 200 500 "http://192.168.1.8/sismadak/application/assessment/hospital_assessment_document_upload.php?chapter_id=17&instrument_id=1240&id=2,2" "Mozilla/5.0 (Windows NT 10.0; Win64; x64) AppleWebKit/537.36 (KHTML, like Gecko) Chrome/70.0.3538.110 Safari/537.36"
169.254.217.95 - - [18/Dec/2018:11:55:28 +0700] "POST /sismadak/application/assessment/hospital_assessment_document_upload.php?chapter_id=17&instrument_id=1240&id=2,2&grid_id=list1 HTTP/1.1" 200 - "http://192.168.1.8/sismadak/application/assessment/hospital_assessment_document_upload.php?chapter_id=17&instrument_id=1240&id=2,2" "Mozilla/5.0 (Windows NT 10.0; Win64; x64) AppleWebKit/537.36 (KHTML, like Gecko) Chrome/70.0.3538.110 Safari/537.36"
192.168.1.121 - - [18/Dec/2018:11:55:31 +0700] "GET /sismadak/application/assessment/hospital_assessment_chapter_online.php?chapter_id=27&event_id=2 HTTP/1.1" 200 60977 "http://192.168.1.8/sismadak/application/assessment/hospital_assessment_chapter.php?event_id=2&category_id=4" "Mozilla/5.0 (Windows NT 6.3; Win64; x64) AppleWebKit/537.36 (KHTML, like Gecko) Chrome/71.0.3578.98 Safari/537.36"
169.254.175.243 - - [18/Dec/2018:11:55:30 +0700] "GET /sismadak/application/assessment/hospital_assessment_chapter_online.php?chapter_id=29&event_id=2&grid_id=list1&_search=false&nd=1545108954049&rows=99999&jqgrid_page=1&sidx=instrument_standard_id+asc%2C+instrument_id&sord=asc&filters=%7B%22groupOp%22%3A%22AND%22%2C%22rules%22%3A%5B%5D%7D HTTP/1.1" 200 87672 "http://192.168.1.8/sismadak/application/assessment/hospital_assessment_chapter_online.php?chapter_id=29&event_id=2" "Mozilla/5.0 (Windows NT 6.1; rv:37.0) Gecko/20100101 Firefox/37.0"
169.254.148.246 - - [18/Dec/2018:11:55:31 +0700] "GET /sismadak/application/assessment/hospital_assessment_document_upload.php?chapter_id=28&instrument_id=2235&id=2,2 HTTP/1.1" 200 56835 "http://192.168.1.8/sismadak/application/assessment/hospital_assessment_chapter_online.php?chapter_id=28&event_id=2" "Mozilla/5.0 (Windows NT 6.1; Win64; x64) AppleWebKit/537.36 (KHTML, like Gecko) Chrome/71.0.3578.98 Safari/537.36"
192.168.1.212 - - [18/Dec/2018:11:55:31 +0700] "GET /sismadak/application/assessment/hospital_assessment_chapter.php?event_id=2&category_id=4 HTTP/1.1" 200 46177 "http://192.168.1.8/sismadak/application/assessment/hospital_assessment_reguler_list.php?category_id=4&module_id=4" "Mozilla/5.0 (Windows NT 6.1; rv:64.0) Gecko/20100101 Firefox/64.0"
192.168.1.121 - - [18/Dec/2018:11:55:31 +0700] "GET /sismadak/application/assessment/hospital_assessment_chapter_online.php?chapter_id=27&event_id=2&grid_id=list1&_search=false&nd=1544597482027&rows=20&jqgrid_page=1&sidx=instrument_standard_id+asc%2C+instrument_id&sord=asc HTTP/1.1" 200 18605 "http://192.168.1.8/sismadak/application/assessment/hospital_assessment_chapter_online.php?chapter_id=27&event_id=2" "Mozilla/5.0 (Windows NT 6.3; Win64; x64) AppleWebKit/537.36 (KHTML, like Gecko) Chrome/71.0.3578.98 Safari/537.36"
192.168.1.212 - - [18/Dec/2018:11:55:32 +0700] "GET /sismadak/application/assessment/hospital_assessment_chapter.php?event_id=2&category_id=4&grid_id=list1&_search=false&nd=1545108964968&rows=20&jqgrid_page=1&sidx=chapter_id&sord=asc HTTP/1.1" 200 6090 "http://192.168.1.8/sismadak/application/assessment/hospital_assessment_chapter.php?event_id=2&category_id=4" "Mozilla/5.0 (Windows NT 6.1; rv:64.0) Gecko/20100101 Firefox/64.0"
169.254.148.246 - - [18/Dec/2018:11:55:33 +0700] "GET /sismadak/application/assessment/hospital_assessment_document_upload.php?chapter_id=28&instrument_id=2235&id=2,2&grid_id=list1&_search=false&nd=1545108965194&rows=15&jqgrid_page=1&sidx=1&sord=asc HTTP/1.1" 200 35 "http://192.168.1.8/sismadak/application/assessment/hospital_assessment_document_upload.php?chapter_id=28&instrument_id=2235&id=2,2" "Mozilla/5.0 (Windows NT 6.1; Win64; x64) AppleWebKit/537.36 (KHTML, like Gecko) Chrome/71.0.3578.98 Safari/537.36"
192.168.1.215 - - [18/Dec/2018:11:55:33 +0700] "GET /sismadak/application/assessment/hospital_assessment_chapter.php?event_id=2&category_id=4 HTTP/1.1" 200 46177 "http://192.168.1.8/sismadak/application/assessment/hospital_assessment_reguler_list.php?category_id=4&module_id=4" "Mozilla/5.0 (Windows NT 6.1; WOW64; rv:63.0) Gecko/20100101 Firefox/63.0"
169.254.175.243 - - [18/Dec/2018:11:55:34 +0700] "GET /sismadak/application/assessment/hospital_assessment_document_upload.php?chapter_id=29&instrument_id=2339&id=2,2 HTTP/1.1" 200 56835 "http://192.168.1.8/sismadak/application/assessment/hospital_assessment_chapter_online.php?chapter_id=29&event_id=2" "Mozilla/5.0 (Windows NT 6.1; rv:37.0) Gecko/20100101 Firefox/37.0"
192.168.1.215 - - [18/Dec/2018:11:55:34 +0700] "GET /sismadak/application/assessment/hospital_assessment_chapter.php?event_id=2&category_id=4&grid_id=list1&_search=false&nd=1545108959055&rows=20&jqgrid_page=1&sidx=chapter_id&sord=asc HTTP/1.1" 200 6090 "http://192.168.1.8/sismadak/application/assessment/hospital_assessment_chapter.php?event_id=2&category_id=4" "Mozilla/5.0 (Windows NT 6.1; WOW64; rv:63.0) Gecko/20100101 Firefox/63.0"
192.168.1.228 - - [18/Dec/2018:11:55:34 +0700] "GET /sismadak/application/assessment/hospital_assessment_document_upload.php?chapter_id=23&instrument_id=1790&id=2,2 HTTP/1.1" 200 56835 "http://192.168.1.8/sismadak/application/assessment/hospital_assessment_chapter_online.php?chapter_id=23&event_id=2" "Mozilla/5.0 (Windows NT 6.1; WOW64; rv:55.0) Gecko/20100101 Firefox/55.0"
169.254.175.243 - - [18/Dec/2018:11:55:35 +0700] "GET /sismadak/application/assessment/hospital_assessment_document_upload.php?chapter_id=29&instrument_id=2339&id=2,2&grid_id=list1&_search=false&nd=1545108959078&rows=15&jqgrid_page=1&sidx=1&sord=asc HTTP/1.1" 200 35 "http://192.168.1.8/sismadak/application/assessment/hospital_assessment_document_upload.php?chapter_id=29&instrument_id=2339&id=2,2" "Mozilla/5.0 (Windows NT 6.1; rv:37.0) Gecko/20100101 Firefox/37.0"
192.168.1.228 - - [18/Dec/2018:11:55:35 +0700] "GET /sismadak/application/assessment/hospital_assessment_document_upload.php?chapter_id=23&instrument_id=1790&id=2,2&grid_id=list1&_search=false&nd=1545108959368&rows=15&jqgrid_page=1&sidx=1&sord=asc HTTP/1.1" 200 35 "http://192.168.1.8/sismadak/application/assessment/hospital_assessment_document_upload.php?chapter_id=23&instrument_id=1790&id=2,2" "Mozilla/5.0 (Windows NT 6.1; WOW64; rv:55.0) Gecko/20100101 Firefox/55.0"
192.168.1.213 - - [18/Dec/2018:11:55:35 +0700] "GET /sismadak/application/assessment/hospital_assessment_chapter_online.php?chapter_id=29&event_id=2&grid_id=list1&_search=false&nd=1545108955417&rows=99999&jqgrid_page=1&sidx=instrument_standard_id+asc%2C+instrument_id&sord=asc HTTP/1.1" 200 87672 "http://192.168.1.8/sismadak/application/assessment/hospital_assessment_chapter_online.php?chapter_id=29&event_id=2" "Mozilla/5.0 (Windows NT 6.1; WOW64; rv:55.0) Gecko/20100101 Firefox/55.0"
192.168.1.153 - - [18/Dec/2018:11:55:37 +0700] "POST /sismadak/application/assessment/hospital_assessment_document_upload.php?chapter_id=23&instrument_id=1790&id=2,2&grid_id=list1 HTTP/1.1" 200 - "http://192.168.1.8/sismadak/application/assessment/hospital_assessment_document_upload.php?chapter_id=23&instrument_id=1790&id=2,2" "Mozilla/5.0 (Windows NT 6.3; WOW64; rv:64.0) Gecko/20100101 Firefox/64.0"
192.168.1.153 - - [18/Dec/2018:11:55:37 +0700] "GET /sismadak/application/assessment/hospital_assessment_document_upload.php?chapter_id=23&instrument_id=1790&id=2,2&grid_id=list1&_search=false&nd=1545108964166&rows=15&jqgrid_page=0&sidx=1&sord=asc HTTP/1.1" 200 505 "http://192.168.1.8/sismadak/application/assessment/hospital_assessment_document_upload.php?chapter_id=23&instrument_id=1790&id=2,2" "Mozilla/5.0 (Windows NT 6.3; WOW64; rv:64.0) Gecko/20100101 Firefox/64.0"
192.168.1.153 - - [18/Dec/2018:11:55:37 +0700] "POST /sismadak/application/assessment/hospital_assessment_document_upload.php?chapter_id=23&instrument_id=1790&id=2,2&grid_id=list1 HTTP/1.1" 200 - "http://192.168.1.8/sismadak/application/assessment/hospital_assessment_document_upload.php?chapter_id=23&instrument_id=1790&id=2,2" "Mozilla/5.0 (Windows NT 6.3; WOW64; rv:64.0) Gecko/20100101 Firefox/64.0"
169.254.217.95 - - [18/Dec/2018:11:55:37 +0700] "GET /sismadak/application/assessment/hospital_assessment_chapter_online.php?chapter_id=17&event_id=2&grid_id=list1&_search=false&nd=1545108960173&rows=20&jqgrid_page=1&sidx=instrument_standard_id+asc%2C+instrument_id&sord=asc&filters=%7B%22groupOp%22%3A%22AND%22%2C%22rules%22%3A%5B%5D%7D HTTP/1.1" 200 17382 "http://192.168.1.8/sismadak/application/assessment/hospital_assessment_chapter_online.php?chapter_id=17&event_id=2" "Mozilla/5.0 (Windows NT 10.0; Win64; x64) AppleWebKit/537.36 (KHTML, like Gecko) Chrome/70.0.3538.110 Safari/537.36"
192.168.1.213 - - [18/Dec/2018:11:55:41 +0700] "GET /sismadak/menu.php HTTP/1.1" 200 4090 "-" "Mozilla/5.0 (Windows NT 6.1; WOW64; rv:55.0) Gecko/20100101 Firefox/55.0"
192.168.1.213 - - [18/Dec/2018:11:55:41 +0700] "GET /sismadak/lib/js/menu/menu.css HTTP/1.1" 304 - "http://192.168.1.8/sismadak/menu.php" "Mozilla/5.0 (Windows NT 6.1; WOW64; rv:55.0) Gecko/20100101 Firefox/55.0"
192.168.1.213 - - [18/Dec/2018:11:55:41 +0700] "GET /sismadak/lib/js/jquery.min.js HTTP/1.1" 304 - "http://192.168.1.8/sismadak/menu.php" "Mozilla/5.0 (Windows NT 6.1; WOW64; rv:55.0) Gecko/20100101 Firefox/55.0"
192.168.1.213 - - [18/Dec/2018:11:55:41 +0700] "GET /sismadak/lib/js/menu/jquery.hoverIntent.minified.js HTTP/1.1" 304 - "http://192.168.1.8/sismadak/menu.php" "Mozilla/5.0 (Windows NT 6.1; WOW64; rv:55.0) Gecko/20100101 Firefox/55.0"
192.168.1.213 - - [18/Dec/2018:11:55:41 +0700] "GET /sismadak/lib/js/menu/jquery.dcmegamenu.1.3.3.js HTTP/1.1" 304 - "http://192.168.1.8/sismadak/menu.php" "Mozilla/5.0 (Windows NT 6.1; WOW64; rv:55.0) Gecko/20100101 Firefox/55.0"
192.168.1.213 - - [18/Dec/2018:11:55:41 +0700] "GET /sismadak/images/bg_blue.png HTTP/1.1" 304 - "http://192.168.1.8/sismadak/lib/js/menu/menu.css" "Mozilla/5.0 (Windows NT 6.1; WOW64; rv:55.0) Gecko/20100101 Firefox/55.0"
192.168.1.213 - - [18/Dec/2018:11:55:41 +0700] "GET /sismadak/images/bg_sub_left.png HTTP/1.1" 304 - "http://192.168.1.8/sismadak/lib/js/menu/menu.css" "Mozilla/5.0 (Windows NT 6.1; WOW64; rv:55.0) Gecko/20100101 Firefox/55.0"
192.168.1.213 - - [18/Dec/2018:11:55:41 +0700] "GET /sismadak/images/arrow.png HTTP/1.1" 304 - "http://192.168.1.8/sismadak/lib/js/menu/menu.css" "Mozilla/5.0 (Windows NT 6.1; WOW64; rv:55.0) Gecko/20100101 Firefox/55.0"
192.168.1.213 - - [18/Dec/2018:11:55:41 +0700] "GET /sismadak/application/report/dashboard.php HTTP/1.1" 200 13594 "http://192.168.1.8/sismadak/menu.php" "Mozilla/5.0 (Windows NT 6.1; WOW64; rv:55.0) Gecko/20100101 Firefox/55.0"
192.168.1.213 - - [18/Dec/2018:11:55:41 +0700] "GET /sismadak/images/bg_sub.png HTTP/1.1" 304 - "http://192.168.1.8/sismadak/lib/js/menu/menu.css" "Mozilla/5.0 (Windows NT 6.1; WOW64; rv:55.0) Gecko/20100101 Firefox/55.0"
192.168.1.213 - - [18/Dec/2018:11:55:41 +0700] "GET /sismadak/images/laporan.png HTTP/1.1" 304 - "http://192.168.1.8/sismadak/lib/js/menu/menu.css" "Mozilla/5.0 (Windows NT 6.1; WOW64; rv:55.0) Gecko/20100101 Firefox/55.0"
192.168.1.213 - - [18/Dec/2018:11:55:41 +0700] "GET /sismadak/images/bg_hdr.png HTTP/1.1" 304 - "http://192.168.1.8/sismadak/lib/js/menu/menu.css" "Mozilla/5.0 (Windows NT 6.1; WOW64; rv:55.0) Gecko/20100101 Firefox/55.0"
192.168.1.213 - - [18/Dec/2018:11:55:41 +0700] "GET /sismadak/images/bullet.png HTTP/1.1" 304 - "http://192.168.1.8/sismadak/lib/js/menu/menu.css" "Mozilla/5.0 (Windows NT 6.1; WOW64; rv:55.0) Gecko/20100101 Firefox/55.0"
192.168.1.213 - - [18/Dec/2018:11:55:41 +0700] "GET /sismadak/images/workshop.png HTTP/1.1" 304 - "http://192.168.1.8/sismadak/lib/js/menu/menu.css" "Mozilla/5.0 (Windows NT 6.1; WOW64; rv:55.0) Gecko/20100101 Firefox/55.0"
192.168.1.213 - - [18/Dec/2018:11:55:41 +0700] "GET /sismadak/images/configuration.png HTTP/1.1" 304 - "http://192.168.1.8/sismadak/lib/js/menu/menu.css" "Mozilla/5.0 (Windows NT 6.1; WOW64; rv:55.0) Gecko/20100101 Firefox/55.0"
192.168.1.213 - - [18/Dec/2018:11:55:42 +0700] "GET /sismadak/images/assessment.png HTTP/1.1" 304 - "http://192.168.1.8/sismadak/lib/js/menu/menu.css" "Mozilla/5.0 (Windows NT 6.1; WOW64; rv:55.0) Gecko/20100101 Firefox/55.0"
169.254.217.95 - - [18/Dec/2018:11:55:42 +0700] "POST /sismadak/application/assessment/hospital_assessment_chapter_online.php?chapter_id=17&event_id=2&grid_id=list1 HTTP/1.1" 200 - "http://192.168.1.8/sismadak/application/assessment/hospital_assessment_chapter_online.php?chapter_id=17&event_id=2" "Mozilla/5.0 (Windows NT 10.0; Win64; x64) AppleWebKit/537.36 (KHTML, like Gecko) Chrome/70.0.3538.110 Safari/537.36"
169.254.217.95 - - [18/Dec/2018:11:55:42 +0700] "GET /sismadak/application/assessment/hospital_assessment_chapter_online.php?chapter_id=17&event_id=2&grid_id=list1&_search=false&nd=1545108965210&rows=20&jqgrid_page=1&sidx=instrument_standard_id+asc%2C+instrument_id&sord=asc&filters=%7B%22groupOp%22%3A%22AND%22%2C%22rules%22%3A%5B%5D%7D HTTP/1.1" 200 17383 "http://192.168.1.8/sismadak/application/assessment/hospital_assessment_chapter_online.php?chapter_id=17&event_id=2" "Mozilla/5.0 (Windows NT 10.0; Win64; x64) AppleWebKit/537.36 (KHTML, like Gecko) Chrome/70.0.3538.110 Safari/537.36"
192.168.1.217 - - [18/Dec/2018:11:55:43 +0700] "POST /sismadak/application/assessment/hospital_assessment_chapter_online.php?chapter_id=20&event_id=2&grid_id=list1 HTTP/1.1" 200 - "http://192.168.1.8/sismadak/application/assessment/hospital_assessment_chapter_online.php?chapter_id=20&event_id=2" "Mozilla/5.0 (Windows NT 6.1; rv:41.0) Gecko/20100101 Firefox/41.0"
192.168.1.213 - - [18/Dec/2018:11:55:45 +0700] "GET /sismadak/images/bullet_on.png HTTP/1.1" 304 - "http://192.168.1.8/sismadak/lib/js/menu/menu.css" "Mozilla/5.0 (Windows NT 6.1; WOW64; rv:55.0) Gecko/20100101 Firefox/55.0"
192.168.1.217 - - [18/Dec/2018:11:55:43 +0700] "GET /sismadak/application/assessment/hospital_assessment_chapter_online.php?chapter_id=20&event_id=2&grid_id=list1&_search=false&nd=1545108967881&rows=99999&jqgrid_page=1&sidx=instrument_standard_id+asc%2C+instrument_id&sord=asc HTTP/1.1" 200 145907 "http://192.168.1.8/sismadak/application/assessment/hospital_assessment_chapter_online.php?chapter_id=20&event_id=2" "Mozilla/5.0 (Windows NT 6.1; rv:41.0) Gecko/20100101 Firefox/41.0"
169.254.148.246 - - [18/Dec/2018:11:55:44 +0700] "POST /sismadak/application/assessment/hospital_assessment_document_upload.php?chapter_id=28&instrument_id=2235&id=2,2&grid_id=list1 HTTP/1.1" 200 64 "http://192.168.1.8/sismadak/application/assessment/hospital_assessment_document_upload.php?chapter_id=28&instrument_id=2235&id=2,2" "Mozilla/5.0 (Windows NT 6.1; Win64; x64) AppleWebKit/537.36 (KHTML, like Gecko) Chrome/71.0.3578.98 Safari/537.36"
169.254.217.95 - - [18/Dec/2018:11:55:45 +0700] "GET /sismadak/application/assessment/hospital_assessment_chapter.php?event_id=2&category_id=4 HTTP/1.1" 200 46177 "http://192.168.1.8/sismadak/application/assessment/hospital_assessment_reguler_list.php?category_id=4&module_id=4" "Mozilla/5.0 (Windows NT 10.0; Win64; x64) AppleWebKit/537.36 (KHTML, like Gecko) Chrome/70.0.3538.110 Safari/537.36"
169.254.217.95 - - [18/Dec/2018:11:55:45 +0700] "GET /sismadak/application/assessment/hospital_assessment_chapter.php?event_id=2&category_id=4&grid_id=list1&_search=false&nd=1545108968020&rows=20&jqgrid_page=1&sidx=chapter_id&sord=asc HTTP/1.1" 200 6090 "http://192.168.1.8/sismadak/application/assessment/hospital_assessment_chapter.php?event_id=2&category_id=4" "Mozilla/5.0 (Windows NT 10.0; Win64; x64) AppleWebKit/537.36 (KHTML, like Gecko) Chrome/70.0.3538.110 Safari/537.36"
192.168.1.212 - - [18/Dec/2018:11:55:45 +0700] "GET /sismadak/application/assessment/hospital_assessment_chapter.php?event_id=2&category_id=4&grid_id=list1&_search=false&nd=1545108978199&rows=99999&jqgrid_page=1&sidx=chapter_id&sord=asc HTTP/1.1" 200 6090 "http://192.168.1.8/sismadak/application/assessment/hospital_assessment_chapter.php?event_id=2&category_id=4" "Mozilla/5.0 (Windows NT 6.1; rv:64.0) Gecko/20100101 Firefox/64.0"
192.168.1.213 - - [18/Dec/2018:11:55:46 +0700] "GET /sismadak/application/assessment/hospital_assessment_reguler_list.php?category_id=4&module_id=4 HTTP/1.1" 200 50021 "http://192.168.1.8/sismadak/menu.php" "Mozilla/5.0 (Windows NT 6.1; WOW64; rv:55.0) Gecko/20100101 Firefox/55.0"
192.168.1.213 - - [18/Dec/2018:11:55:46 +0700] "GET /sismadak/application/assessment/hospital_assessment_reguler_list.php?category_id=4&module_id=4&grid_id=list1&_search=false&nd=1545108970994&rows=20&jqgrid_page=1&sidx=accreditation_id&sord=desc HTTP/1.1" 200 740 "http://192.168.1.8/sismadak/application/assessment/hospital_assessment_reguler_list.php?category_id=4&module_id=4" "Mozilla/5.0 (Windows NT 6.1; WOW64; rv:55.0) Gecko/20100101 Firefox/55.0"
192.168.1.254 - - [18/Dec/2018:11:55:48 +0700] "POST /sismadak/application/assessment/hospital_assessment_chapter.php?event_id=2&category_id=4&grid_id=list1 HTTP/1.1" 200 - "http://119.110.67.68:8808/sismadak/application/assessment/hospital_assessment_chapter.php?event_id=2&category_id=4" "Mozilla/5.0 (Macintosh; Intel Mac OS X 10_10_5) AppleWebKit/537.36 (KHTML, like Gecko) Chrome/70.0.3538.110 Safari/537.36"
192.168.1.254 - - [18/Dec/2018:11:55:48 +0700] "GET /sismadak/application/assessment/hospital_assessment_chapter.php?event_id=2&category_id=4&grid_id=list1&_search=false&nd=1545108972751&rows=20&jqgrid_page=1&sidx=chapter_id&sord=asc HTTP/1.1" 200 6098 "http://119.110.67.68:8808/sismadak/application/assessment/hospital_assessment_chapter.php?event_id=2&category_id=4" "Mozilla/5.0 (Macintosh; Intel Mac OS X 10_10_5) AppleWebKit/537.36 (KHTML, like Gecko) Chrome/70.0.3538.110 Safari/537.36"
192.168.1.212 - - [18/Dec/2018:11:55:50 +0700] "GET /sismadak/application/assessment/hospital_assessment_chapter_online.php?chapter_id=24&event_id=2 HTTP/1.1" 200 60981 "http://192.168.1.8/sismadak/application/assessment/hospital_assessment_chapter.php?event_id=2&category_id=4" "Mozilla/5.0 (Windows NT 6.1; rv:64.0) Gecko/20100101 Firefox/64.0"
192.168.1.212 - - [18/Dec/2018:11:55:51 +0700] "GET /sismadak/application/assessment/hospital_assessment_chapter_online.php?chapter_id=24&event_id=2&grid_id=list1&_search=false&nd=1545108983998&rows=20&jqgrid_page=1&sidx=instrument_standard_id+asc%2C+instrument_id&sord=asc HTTP/1.1" 200 18964 "http://192.168.1.8/sismadak/application/assessment/hospital_assessment_chapter_online.php?chapter_id=24&event_id=2" "Mozilla/5.0 (Windows NT 6.1; rv:64.0) Gecko/20100101 Firefox/64.0"
192.168.1.153 - - [18/Dec/2018:11:55:52 +0700] "GET /sismadak/menu.php HTTP/1.1" 200 4082 "-" "Mozilla/5.0 (Windows NT 6.3; WOW64; rv:64.0) Gecko/20100101 Firefox/64.0"
192.168.1.153 - - [18/Dec/2018:11:55:52 +0700] "GET /sismadak/lib/js/menu/menu.css HTTP/1.1" 304 - "http://192.168.1.8/sismadak/menu.php" "Mozilla/5.0 (Windows NT 6.3; WOW64; rv:64.0) Gecko/20100101 Firefox/64.0"
192.168.1.153 - - [18/Dec/2018:11:55:52 +0700] "GET /sismadak/lib/js/menu/jquery.dcmegamenu.1.3.3.js HTTP/1.1" 304 - "http://192.168.1.8/sismadak/menu.php" "Mozilla/5.0 (Windows NT 6.3; WOW64; rv:64.0) Gecko/20100101 Firefox/64.0"
192.168.1.153 - - [18/Dec/2018:11:55:52 +0700] "GET /sismadak/lib/js/jquery.min.js HTTP/1.1" 304 - "http://192.168.1.8/sismadak/menu.php" "Mozilla/5.0 (Windows NT 6.3; WOW64; rv:64.0) Gecko/20100101 Firefox/64.0"
192.168.1.153 - - [18/Dec/2018:11:55:52 +0700] "GET /sismadak/lib/js/menu/jquery.hoverIntent.minified.js HTTP/1.1" 304 - "http://192.168.1.8/sismadak/menu.php" "Mozilla/5.0 (Windows NT 6.3; WOW64; rv:64.0) Gecko/20100101 Firefox/64.0"
192.168.1.153 - - [18/Dec/2018:11:55:52 +0700] "GET /sismadak/images/bg_blue.png HTTP/1.1" 304 - "http://192.168.1.8/sismadak/lib/js/menu/menu.css" "Mozilla/5.0 (Windows NT 6.3; WOW64; rv:64.0) Gecko/20100101 Firefox/64.0"
192.168.1.153 - - [18/Dec/2018:11:55:52 +0700] "GET /sismadak/images/arrow.png HTTP/1.1" 304 - "http://192.168.1.8/sismadak/lib/js/menu/menu.css" "Mozilla/5.0 (Windows NT 6.3; WOW64; rv:64.0) Gecko/20100101 Firefox/64.0"
192.168.1.121 - - [18/Dec/2018:11:55:51 +0700] "GET /sismadak/application/assessment/hospital_assessment_chapter_online.php?chapter_id=27&event_id=2&grid_id=list1&_search=false&nd=1544597502047&rows=20&jqgrid_page=7&sidx=instrument_standard_id+asc%2C+instrument_id&sord=asc HTTP/1.1" 200 6972 "http://192.168.1.8/sismadak/application/assessment/hospital_assessment_chapter_online.php?chapter_id=27&event_id=2" "Mozilla/5.0 (Windows NT 6.3; Win64; x64) AppleWebKit/537.36 (KHTML, like Gecko) Chrome/71.0.3578.98 Safari/537.36"
192.168.1.153 - - [18/Dec/2018:11:55:52 +0700] "GET /sismadak/application/report/dashboard.php HTTP/1.1" 200 20734 "http://192.168.1.8/sismadak/menu.php" "Mozilla/5.0 (Windows NT 6.3; WOW64; rv:64.0) Gecko/20100101 Firefox/64.0"
192.168.1.153 - - [18/Dec/2018:11:55:52 +0700] "GET /sismadak/images/bg_sub_left.png HTTP/1.1" 304 - "http://192.168.1.8/sismadak/lib/js/menu/menu.css" "Mozilla/5.0 (Windows NT 6.3; WOW64; rv:64.0) Gecko/20100101 Firefox/64.0"
192.168.1.153 - - [18/Dec/2018:11:55:52 +0700] "GET /sismadak/images/bg_sub.png HTTP/1.1" 304 - "http://192.168.1.8/sismadak/lib/js/menu/menu.css" "Mozilla/5.0 (Windows NT 6.3; WOW64; rv:64.0) Gecko/20100101 Firefox/64.0"
192.168.1.153 - - [18/Dec/2018:11:55:52 +0700] "GET /sismadak/images/laporan.png HTTP/1.1" 304 - "http://192.168.1.8/sismadak/lib/js/menu/menu.css" "Mozilla/5.0 (Windows NT 6.3; WOW64; rv:64.0) Gecko/20100101 Firefox/64.0"
192.168.1.153 - - [18/Dec/2018:11:55:52 +0700] "GET /sismadak/images/bg_hdr.png HTTP/1.1" 304 - "http://192.168.1.8/sismadak/lib/js/menu/menu.css" "Mozilla/5.0 (Windows NT 6.3; WOW64; rv:64.0) Gecko/20100101 Firefox/64.0"
192.168.1.153 - - [18/Dec/2018:11:55:52 +0700] "GET /sismadak/images/bullet.png HTTP/1.1" 304 - "http://192.168.1.8/sismadak/lib/js/menu/menu.css" "Mozilla/5.0 (Windows NT 6.3; WOW64; rv:64.0) Gecko/20100101 Firefox/64.0"
192.168.1.153 - - [18/Dec/2018:11:55:52 +0700] "GET /sismadak/images/assessment.png HTTP/1.1" 304 - "http://192.168.1.8/sismadak/lib/js/menu/menu.css" "Mozilla/5.0 (Windows NT 6.3; WOW64; rv:64.0) Gecko/20100101 Firefox/64.0"
192.168.1.153 - - [18/Dec/2018:11:55:52 +0700] "GET /sismadak/images/workshop.png HTTP/1.1" 304 - "http://192.168.1.8/sismadak/lib/js/menu/menu.css" "Mozilla/5.0 (Windows NT 6.3; WOW64; rv:64.0) Gecko/20100101 Firefox/64.0"
192.168.1.153 - - [18/Dec/2018:11:55:52 +0700] "GET /sismadak/images/configuration.png HTTP/1.1" 304 - "http://192.168.1.8/sismadak/lib/js/menu/menu.css" "Mozilla/5.0 (Windows NT 6.3; WOW64; rv:64.0) Gecko/20100101 Firefox/64.0"
192.168.1.213 - - [18/Dec/2018:11:55:53 +0700] "GET /sismadak/application/assessment/hospital_assessment_chapter.php?event_id=2&category_id=4 HTTP/1.1" 200 46177 "http://192.168.1.8/sismadak/application/assessment/hospital_assessment_reguler_list.php?category_id=4&module_id=4" "Mozilla/5.0 (Windows NT 6.1; WOW64; rv:55.0) Gecko/20100101 Firefox/55.0"
192.168.1.213 - - [18/Dec/2018:11:55:53 +0700] "GET /sismadak/application/assessment/hospital_assessment_chapter.php?event_id=2&category_id=4 HTTP/1.1" 200 46177 "http://192.168.1.8/sismadak/application/assessment/hospital_assessment_reguler_list.php?category_id=4&module_id=4" "Mozilla/5.0 (Windows NT 6.1; WOW64; rv:55.0) Gecko/20100101 Firefox/55.0"
192.168.1.213 - - [18/Dec/2018:11:55:54 +0700] "GET /sismadak/application/assessment/hospital_assessment_chapter.php?event_id=2&category_id=4&grid_id=list1&_search=false&nd=1545108978602&rows=20&jqgrid_page=1&sidx=chapter_id&sord=asc HTTP/1.1" 200 6098 "http://192.168.1.8/sismadak/application/assessment/hospital_assessment_chapter.php?event_id=2&category_id=4" "Mozilla/5.0 (Windows NT 6.1; WOW64; rv:55.0) Gecko/20100101 Firefox/55.0"
192.168.1.228 - - [18/Dec/2018:11:55:55 +0700] "POST /sismadak/application/assessment/hospital_assessment_document_upload.php?chapter_id=23&instrument_id=1790&id=2,2&grid_id=list1 HTTP/1.1" 200 46 "http://192.168.1.8/sismadak/application/assessment/hospital_assessment_document_upload.php?chapter_id=23&instrument_id=1790&id=2,2" "Mozilla/5.0 (Windows NT 6.1; WOW64; rv:55.0) Gecko/20100101 Firefox/55.0"
192.168.1.228 - - [18/Dec/2018:11:55:56 +0700] "GET /sismadak/uploads/Koala.jpg HTTP/1.1" 200 780831 "http://192.168.1.8/sismadak/application/assessment/hospital_assessment_document_upload.php?chapter_id=23&instrument_id=1790&id=2,2" "Mozilla/5.0 (Windows NT 6.1; WOW64; rv:55.0) Gecko/20100101 Firefox/55.0"
192.168.1.203 - - [18/Dec/2018:11:55:57 +0700] "GET /sismadak/application/assessment/hospital_assessment_reguler_list.php?category_id=4&module_id=4 HTTP/1.1" 200 50021 "http://192.168.1.8/sismadak/menu.php" "Mozilla/5.0 (Windows NT 6.1; WOW64; rv:56.0) Gecko/20100101 Firefox/56.0"
192.168.1.203 - - [18/Dec/2018:11:55:57 +0700] "GET /sismadak/application/assessment/hospital_assessment_reguler_list.php?category_id=4&module_id=4 HTTP/1.1" 200 50021 "http://192.168.1.8/sismadak/menu.php" "Mozilla/5.0 (Windows NT 6.1; WOW64; rv:56.0) Gecko/20100101 Firefox/56.0"
192.168.1.203 - - [18/Dec/2018:11:55:58 +0700] "GET /sismadak/application/assessment/hospital_assessment_reguler_list.php?category_id=4&module_id=4&grid_id=list1&_search=false&nd=1545134298291&rows=20&jqgrid_page=1&sidx=accreditation_id&sord=desc HTTP/1.1" 200 740 "http://192.168.1.8/sismadak/application/assessment/hospital_assessment_reguler_list.php?category_id=4&module_id=4" "Mozilla/5.0 (Windows NT 6.1; WOW64; rv:56.0) Gecko/20100101 Firefox/56.0"
169.254.148.246 - - [18/Dec/2018:11:55:59 +0700] "POST /sismadak/application/assessment/hospital_assessment_document_upload.php?chapter_id=28&instrument_id=2235&id=2,2&grid_id=list1 HTTP/1.1" 200 - "http://192.168.1.8/sismadak/application/assessment/hospital_assessment_document_upload.php?chapter_id=28&instrument_id=2235&id=2,2" "Mozilla/5.0 (Windows NT 6.1; Win64; x64) AppleWebKit/537.36 (KHTML, like Gecko) Chrome/71.0.3578.98 Safari/537.36"
169.254.148.246 - - [18/Dec/2018:11:55:59 +0700] "GET /sismadak/application/assessment/hospital_assessment_document_upload.php?chapter_id=28&instrument_id=2235&id=2,2&grid_id=list1&_search=false&nd=1545108991467&rows=15&jqgrid_page=0&sidx=1&sord=asc HTTP/1.1" 200 578 "http://192.168.1.8/sismadak/application/assessment/hospital_assessment_document_upload.php?chapter_id=28&instrument_id=2235&id=2,2" "Mozilla/5.0 (Windows NT 6.1; Win64; x64) AppleWebKit/537.36 (KHTML, like Gecko) Chrome/71.0.3578.98 Safari/537.36"
169.254.148.246 - - [18/Dec/2018:11:55:59 +0700] "POST /sismadak/application/assessment/hospital_assessment_document_upload.php?chapter_id=28&instrument_id=2235&id=2,2&grid_id=list1 HTTP/1.1" 200 - "http://192.168.1.8/sismadak/application/assessment/hospital_assessment_document_upload.php?chapter_id=28&instrument_id=2235&id=2,2" "Mozilla/5.0 (Windows NT 6.1; Win64; x64) AppleWebKit/537.36 (KHTML, like Gecko) Chrome/71.0.3578.98 Safari/537.36"
192.168.1.203 - - [18/Dec/2018:11:56:00 +0700] "GET /sismadak/application/assessment/hospital_assessment_chapter.php?event_id=2&category_id=4 HTTP/1.1" 200 46177 "http://192.168.1.8/sismadak/application/assessment/hospital_assessment_reguler_list.php?category_id=4&module_id=4" "Mozilla/5.0 (Windows NT 6.1; WOW64; rv:56.0) Gecko/20100101 Firefox/56.0"
169.254.217.95 - - [18/Dec/2018:11:56:01 +0700] "POST /sismadak/application/assessment/hospital_assessment_chapter.php?event_id=2&category_id=4&grid_id=list1 HTTP/1.1" 200 - "http://192.168.1.8/sismadak/application/assessment/hospital_assessment_chapter.php?event_id=2&category_id=4" "Mozilla/5.0 (Windows NT 10.0; Win64; x64) AppleWebKit/537.36 (KHTML, like Gecko) Chrome/70.0.3538.110 Safari/537.36"
192.168.1.203 - - [18/Dec/2018:11:56:01 +0700] "GET /sismadak/application/assessment/hospital_assessment_chapter.php?event_id=2&category_id=4&grid_id=list1&_search=false&nd=1545134300477&rows=20&jqgrid_page=1&sidx=chapter_id&sord=asc HTTP/1.1" 200 6098 "http://192.168.1.8/sismadak/application/assessment/hospital_assessment_chapter.php?event_id=2&category_id=4" "Mozilla/5.0 (Windows NT 6.1; WOW64; rv:56.0) Gecko/20100101 Firefox/56.0"
169.254.217.95 - - [18/Dec/2018:11:56:01 +0700] "GET /sismadak/application/assessment/hospital_assessment_chapter.php?event_id=2&category_id=4&grid_id=list1&_search=false&nd=1545108983688&rows=20&jqgrid_page=1&sidx=chapter_id&sord=asc HTTP/1.1" 200 6098 "http://192.168.1.8/sismadak/application/assessment/hospital_assessment_chapter.php?event_id=2&category_id=4" "Mozilla/5.0 (Windows NT 10.0; Win64; x64) AppleWebKit/537.36 (KHTML, like Gecko) Chrome/70.0.3538.110 Safari/537.36"
169.254.175.243 - - [18/Dec/2018:11:55:57 +0700] "POST /sismadak/application/assessment/hospital_assessment_document_upload.php?chapter_id=29&instrument_id=2339&id=2,2&grid_id=list1 HTTP/1.1" 200 49 "http://192.168.1.8/sismadak/application/assessment/hospital_assessment_document_upload.php?chapter_id=29&instrument_id=2339&id=2,2" "Mozilla/5.0 (Windows NT 6.1; rv:37.0) Gecko/20100101 Firefox/37.0"
169.254.175.243 - - [18/Dec/2018:11:56:02 +0700] "GET /sismadak/uploads/100_6288.JPG HTTP/1.1" 200 2182484 "http://192.168.1.8/sismadak/application/assessment/hospital_assessment_document_upload.php?chapter_id=29&instrument_id=2339&id=2,2" "Mozilla/5.0 (Windows NT 6.1; rv:37.0) Gecko/20100101 Firefox/37.0"
192.168.1.213 - - [18/Dec/2018:11:56:04 +0700] "GET /sismadak/application/assessment/hospital_assessment_chapter_online.php?chapter_id=29&event_id=2 HTTP/1.1" 200 60981 "http://192.168.1.8/sismadak/application/assessment/hospital_assessment_chapter.php?event_id=2&category_id=4" "Mozilla/5.0 (Windows NT 6.1; WOW64; rv:55.0) Gecko/20100101 Firefox/55.0"
192.168.1.213 - - [18/Dec/2018:11:56:04 +0700] "GET /sismadak/application/assessment/hospital_assessment_chapter_online.php?chapter_id=29&event_id=2 HTTP/1.1" 200 60981 "http://192.168.1.8/sismadak/application/assessment/hospital_assessment_chapter.php?event_id=2&category_id=4" "Mozilla/5.0 (Windows NT 6.1; WOW64; rv:55.0) Gecko/20100101 Firefox/55.0"
192.168.1.206 - - [18/Dec/2018:11:56:04 +0700] "GET /sismadak/application/assessment/hospital_assessment_reguler_list.php?category_id=4&module_id=4 HTTP/1.1" 200 50021 "http://192.168.1.8/sismadak/menu.php" "Mozilla/5.0 (Windows NT 6.1; WOW64; rv:55.0) Gecko/20100101 Firefox/55.0"
192.168.1.212 - - [18/Dec/2018:11:56:04 +0700] "GET /sismadak/application/assessment/hospital_assessment_chapter_online.php?chapter_id=24&event_id=2&grid_id=list1&_search=false&nd=1545108996751&rows=99999&jqgrid_page=1&sidx=instrument_standard_id+asc%2C+instrument_id&sord=asc HTTP/1.1" 200 43924 "http://192.168.1.8/sismadak/application/assessment/hospital_assessment_chapter_online.php?chapter_id=24&event_id=2" "Mozilla/5.0 (Windows NT 6.1; rv:64.0) Gecko/20100101 Firefox/64.0"
192.168.1.206 - - [18/Dec/2018:11:56:05 +0700] "GET /sismadak/application/assessment/hospital_assessment_reguler_list.php?category_id=4&module_id=4&grid_id=list1&_search=false&nd=1545108988264&rows=20&jqgrid_page=1&sidx=accreditation_id&sord=desc HTTP/1.1" 200 740 "http://192.168.1.8/sismadak/application/assessment/hospital_assessment_reguler_list.php?category_id=4&module_id=4" "Mozilla/5.0 (Windows NT 6.1; WOW64; rv:55.0) Gecko/20100101 Firefox/55.0"
192.168.1.213 - - [18/Dec/2018:11:56:05 +0700] "GET /sismadak/application/assessment/hospital_assessment_chapter_online.php?chapter_id=29&event_id=2&grid_id=list1&_search=false&nd=1545108989467&rows=20&jqgrid_page=1&sidx=instrument_standard_id+asc%2C+instrument_id&sord=asc HTTP/1.1" 200 19335 "http://192.168.1.8/sismadak/application/assessment/hospital_assessment_chapter_online.php?chapter_id=29&event_id=2" "Mozilla/5.0 (Windows NT 6.1; WOW64; rv:55.0) Gecko/20100101 Firefox/55.0"
192.168.1.204 - - [18/Dec/2018:11:56:06 +0700] "POST /sismadak/application/assessment/hospital_assessment_chapter.php?event_id=2&category_id=4&grid_id=list1 HTTP/1.1" 200 - "http://192.168.1.8/sismadak/application/assessment/hospital_assessment_chapter.php?event_id=2&category_id=4" "Mozilla/5.0 (Windows NT 6.1; WOW64; rv:56.0) Gecko/20100101 Firefox/56.0"
