192.168.1.254 - - [18/Dec/2018:11:45:52 +0700] "GET /sismadak/application/assessment/hospital_assessment_chapter_online.php?chapter_id=17&event_id=2&grid_id=list1&_search=false&nd=1545108376914&rows=20&jqgrid_page=1&sidx=instrument_standard_id+asc%2C+instrument_id&sord=asc HTTP/1.1" 200 17270 "http://119.110.67.68:8808/sismadak/application/assessment/hospital_assessment_chapter_online.php?chapter_id=17&event_id=2" "Mozilla/5.0 (Macintosh; Intel Mac OS X 10_10_5) AppleWebKit/537.36 (KHTML, like Gecko) Chrome/70.0.3538.110 Safari/537.36"
192.168.1.229 - - [18/Dec/2018:11:45:53 +0700] "GET /sismadak/application/assessment/hospital_assessment_chapter.php?event_id=2&category_id=4 HTTP/1.1" 200 46177 "http://192.168.1.8/sismadak/application/assessment/hospital_assessment_reguler_list.php?category_id=4&module_id=4" "Mozilla/5.0 (Windows NT 6.1; Win64; x64; rv:57.0) Gecko/20100101 Firefox/57.0"
192.168.1.229 - - [18/Dec/2018:11:45:53 +0700] "GET /sismadak/application/assessment/hospital_assessment_chapter.php?event_id=2&category_id=4 HTTP/1.1" 200 46177 "http://192.168.1.8/sismadak/application/assessment/hospital_assessment_reguler_list.php?category_id=4&module_id=4" "Mozilla/5.0 (Windows NT 6.1; Win64; x64; rv:57.0) Gecko/20100101 Firefox/57.0"
192.168.1.229 - - [18/Dec/2018:11:45:54 +0700] "GET /sismadak/application/assessment/hospital_assessment_chapter.php?event_id=2&category_id=4&grid_id=list1&_search=false&nd=1545108377411&rows=20&jqgrid_page=1&sidx=chapter_id&sord=asc HTTP/1.1" 200 6090 "http://192.168.1.8/sismadak/application/assessment/hospital_assessment_chapter.php?event_id=2&category_id=4" "Mozilla/5.0 (Windows NT 6.1; Win64; x64; rv:57.0) Gecko/20100101 Firefox/57.0"
192.168.1.206 - - [18/Dec/2018:11:45:54 +0700] "GET /sismadak/application/assessment/hospital_assessment_document_upload.php?chapter_id=1&instrument_id=1195&id=3,3 HTTP/1.1" 200 56831 "http://192.168.1.8/sismadak/application/assessment/hospital_assessment_chapter_online.php?chapter_id=1&event_id=3" "Mozilla/5.0 (Windows NT 6.1; WOW64; rv:55.0) Gecko/20100101 Firefox/55.0"
192.168.1.206 - - [18/Dec/2018:11:45:55 +0700] "GET /sismadak/application/assessment/hospital_assessment_document_upload.php?chapter_id=1&instrument_id=1195&id=3,3&grid_id=list1&_search=false&nd=1545108378325&rows=15&jqgrid_page=1&sidx=1&sord=asc HTTP/1.1" 200 35 "http://192.168.1.8/sismadak/application/assessment/hospital_assessment_document_upload.php?chapter_id=1&instrument_id=1195&id=3,3" "Mozilla/5.0 (Windows NT 6.1; WOW64; rv:55.0) Gecko/20100101 Firefox/55.0"
192.168.1.215 - - [18/Dec/2018:11:45:56 +0700] "POST /sismadak/application/assessment/hospital_assessment_document_upload.php?chapter_id=27&instrument_id=2220&id=2,2&grid_id=list1 HTTP/1.1" 200 42 "http://192.168.1.8/sismadak/application/assessment/hospital_assessment_document_upload.php?chapter_id=27&instrument_id=2220&id=2,2" "Mozilla/5.0 (Windows NT 6.1; WOW64; rv:63.0) Gecko/20100101 Firefox/63.0"
192.168.1.215 - - [18/Dec/2018:11:45:56 +0700] "GET /sismadak/uploads/1.png HTTP/1.1" 200 15112 "http://192.168.1.8/sismadak/application/assessment/hospital_assessment_document_upload.php?chapter_id=27&instrument_id=2220&id=2,2" "Mozilla/5.0 (Windows NT 6.1; WOW64; rv:63.0) Gecko/20100101 Firefox/63.0"
192.168.1.209 - - [18/Dec/2018:11:45:56 +0700] "POST /sismadak/application/assessment/hospital_assessment_document_upload.php?chapter_id=23&instrument_id=1790&id=2,2&grid_id=list1 HTTP/1.1" 200 49 "http://192.168.1.8/sismadak/application/assessment/hospital_assessment_document_upload.php?chapter_id=23&instrument_id=1790&id=2,2" "Mozilla/5.0 (Windows NT 6.1; WOW64; rv:55.0) Gecko/20100101 Firefox/55.0"
192.168.1.217 - - [18/Dec/2018:11:46:00 +0700] "POST /sismadak/application/assessment/hospital_assessment_document_upload.php?chapter_id=20&instrument_id=1475&id=2,2&grid_id=list1 HTTP/1.1" 200 56 "http://192.168.1.8/sismadak/application/assessment/hospital_assessment_document_upload.php?chapter_id=20&instrument_id=1475&id=2,2" "Mozilla/5.0 (Windows NT 6.1; rv:41.0) Gecko/20100101 Firefox/41.0"
192.168.1.217 - - [18/Dec/2018:11:46:01 +0700] "GET /sismadak/uploads/cached750646583.png HTTP/1.1" 200 37899 "http://192.168.1.8/sismadak/application/assessment/hospital_assessment_document_upload.php?chapter_id=20&instrument_id=1475&id=2,2" "Mozilla/5.0 (Windows NT 6.1; rv:41.0) Gecko/20100101 Firefox/41.0"
192.168.1.213 - - [18/Dec/2018:11:46:01 +0700] "POST /sismadak/application/assessment/hospital_assessment_document_upload.php?chapter_id=29&instrument_id=2339&id=2,2&grid_id=list1 HTTP/1.1" 200 47 "http://192.168.1.8/sismadak/application/assessment/hospital_assessment_document_upload.php?chapter_id=29&instrument_id=2339&id=2,2" "Mozilla/5.0 (Windows NT 6.1; WOW64; rv:55.0) Gecko/20100101 Firefox/55.0"
192.168.1.213 - - [18/Dec/2018:11:46:01 +0700] "GET /sismadak/uploads/Desert.jpg HTTP/1.1" 200 845941 "http://192.168.1.8/sismadak/application/assessment/hospital_assessment_document_upload.php?chapter_id=29&instrument_id=2339&id=2,2" "Mozilla/5.0 (Windows NT 6.1; WOW64; rv:55.0) Gecko/20100101 Firefox/55.0"
192.168.1.119 - - [18/Dec/2018:11:46:02 +0700] "POST /sismadak/index.php HTTP/1.1" 302 2947 "http://192.168.1.8/sismadak/index.php" "Mozilla/5.0 (Windows NT 10.0; WOW64; rv:49.0) Gecko/20100101 Firefox/49.0"
192.168.1.119 - - [18/Dec/2018:11:46:02 +0700] "GET /sismadak/menu.php HTTP/1.1" 200 4089 "http://192.168.1.8/sismadak/index.php" "Mozilla/5.0 (Windows NT 10.0; WOW64; rv:49.0) Gecko/20100101 Firefox/49.0"
192.168.1.119 - - [18/Dec/2018:11:46:02 +0700] "GET /sismadak/application/report/dashboard.php HTTP/1.1" 200 13594 "http://192.168.1.8/sismadak/menu.php" "Mozilla/5.0 (Windows NT 10.0; WOW64; rv:49.0) Gecko/20100101 Firefox/49.0"
192.168.1.254 - - [18/Dec/2018:11:46:07 +0700] "GET /sismadak/application/assessment/hospital_assessment_document_upload.php?chapter_id=17&instrument_id=1238&id=2,2 HTTP/1.1" 200 56887 "http://119.110.67.68:8808/sismadak/application/assessment/hospital_assessment_chapter_online.php?chapter_id=17&event_id=2" "Mozilla/5.0 (Macintosh; Intel Mac OS X 10_10_5) AppleWebKit/537.36 (KHTML, like Gecko) Chrome/70.0.3538.110 Safari/537.36"
192.168.1.254 - - [18/Dec/2018:11:46:10 +0700] "GET /sismadak/application/assessment/hospital_assessment_document_upload.php?chapter_id=17&instrument_id=1238&id=2,2&grid_id=list1&_search=false&nd=1545108394610&rows=15&jqgrid_page=1&sidx=1&sord=asc HTTP/1.1" 200 35 "http://119.110.67.68:8808/sismadak/application/assessment/hospital_assessment_document_upload.php?chapter_id=17&instrument_id=1238&id=2,2" "Mozilla/5.0 (Macintosh; Intel Mac OS X 10_10_5) AppleWebKit/537.36 (KHTML, like Gecko) Chrome/70.0.3538.110 Safari/537.36"
192.168.1.40 - - [18/Dec/2018:11:46:11 +0700] "GET /sismadak/application/assessment/hospital_assessment_document_upload.php?chapter_id=28&instrument_id=2235&id=2,2&grid_id=list1&_search=true&nd=1544168840002&rows=15&jqgrid_page=1&sidx=1&sord=asc&searchField=document_file_name&searchString=&searchOper=cn&filters= HTTP/1.1" 200 35 "http://192.168.1.8/sismadak/application/assessment/hospital_assessment_document_upload.php?chapter_id=28&instrument_id=2235&id=2,2" "Mozilla/5.0 (Windows NT 6.1) AppleWebKit/537.36 (KHTML, like Gecko) Chrome/70.0.3538.110 Safari/537.36"
192.168.1.228 - - [18/Dec/2018:11:46:13 +0700] "POST /sismadak/application/assessment/hospital_assessment_document_upload.php?chapter_id=23&instrument_id=1790&id=2,2&grid_id=list1 HTTP/1.1" 200 49 "http://192.168.1.8/sismadak/application/assessment/hospital_assessment_document_upload.php?chapter_id=23&instrument_id=1790&id=2,2" "Mozilla/5.0 (Windows NT 6.1; WOW64; rv:55.0) Gecko/20100101 Firefox/55.0"
192.168.1.228 - - [18/Dec/2018:11:46:14 +0700] "GET /sismadak/uploads/Penguins.jpg HTTP/1.1" 200 777835 "http://192.168.1.8/sismadak/application/assessment/hospital_assessment_document_upload.php?chapter_id=23&instrument_id=1790&id=2,2" "Mozilla/5.0 (Windows NT 6.1; WOW64; rv:55.0) Gecko/20100101 Firefox/55.0"
169.254.28.115 - - [18/Dec/2018:11:46:09 +0700] "POST /sismadak/application/assessment/hospital_assessment_document_upload.php?chapter_id=21&instrument_id=1705&id=2,2&grid_id=list1 HTTP/1.1" 200 51 "http://192.168.1.8/sismadak/application/assessment/hospital_assessment_document_upload.php?chapter_id=21&instrument_id=1705&id=2,2" "Mozilla/5.0 (Windows NT 6.1; WOW64; rv:56.0) Gecko/20100101 Firefox/56.0"
169.254.28.115 - - [18/Dec/2018:11:46:14 +0700] "GET /sismadak/uploads/Penguins_1.jpg HTTP/1.1" 200 777835 "http://192.168.1.8/sismadak/application/assessment/hospital_assessment_document_upload.php?chapter_id=21&instrument_id=1705&id=2,2" "Mozilla/5.0 (Windows NT 6.1; WOW64; rv:56.0) Gecko/20100101 Firefox/56.0"
169.254.233.31 - - [18/Dec/2018:11:46:18 +0700] "POST /sismadak/application/assessment/hospital_assessment_document_upload.php?chapter_id=19&instrument_id=1392&id=2,2&grid_id=list1 HTTP/1.1" 200 51 "http://192.168.1.8/sismadak/application/assessment/hospital_assessment_document_upload.php?chapter_id=19&instrument_id=1392&id=2,2" "Mozilla/5.0 (Windows NT 6.1; WOW64; rv:55.0) Gecko/20100101 Firefox/55.0"
169.254.233.31 - - [18/Dec/2018:11:46:19 +0700] "GET /sismadak/uploads/Penguins_2.jpg HTTP/1.1" 200 777835 "http://192.168.1.8/sismadak/application/assessment/hospital_assessment_document_upload.php?chapter_id=19&instrument_id=1392&id=2,2" "Mozilla/5.0 (Windows NT 6.1; WOW64; rv:55.0) Gecko/20100101 Firefox/55.0"
192.168.1.219 - - [18/Dec/2018:11:46:19 +0700] "POST /sismadak/application/assessment/hospital_assessment_document_upload.php?chapter_id=17&instrument_id=1238&id=2,2&grid_id=list1 HTTP/1.1" 200 - "http://192.168.1.8/sismadak/application/assessment/hospital_assessment_document_upload.php?chapter_id=17&instrument_id=1238&id=2,2" "Mozilla/5.0 (Windows NT 6.1; rv:64.0) Gecko/20100101 Firefox/64.0"
192.168.1.219 - - [18/Dec/2018:11:46:20 +0700] "GET /sismadak/application/assessment/hospital_assessment_document_upload.php?chapter_id=17&instrument_id=1238&id=2,2&grid_id=list1&_search=false&nd=1545108403176&rows=15&jqgrid_page=0&sidx=1&sord=asc HTTP/1.1" 200 606 "http://192.168.1.8/sismadak/application/assessment/hospital_assessment_document_upload.php?chapter_id=17&instrument_id=1238&id=2,2" "Mozilla/5.0 (Windows NT 6.1; rv:64.0) Gecko/20100101 Firefox/64.0"
192.168.1.219 - - [18/Dec/2018:11:46:20 +0700] "POST /sismadak/application/assessment/hospital_assessment_document_upload.php?chapter_id=17&instrument_id=1238&id=2,2&grid_id=list1 HTTP/1.1" 200 - "http://192.168.1.8/sismadak/application/assessment/hospital_assessment_document_upload.php?chapter_id=17&instrument_id=1238&id=2,2" "Mozilla/5.0 (Windows NT 6.1; rv:64.0) Gecko/20100101 Firefox/64.0"
192.168.1.229 - - [18/Dec/2018:11:46:24 +0700] "GET /sismadak/application/assessment/hospital_assessment_chapter_online.php?chapter_id=22&event_id=2 HTTP/1.1" 200 53997 "http://192.168.1.8/sismadak/application/assessment/hospital_assessment_chapter.php?event_id=2&category_id=4" "Mozilla/5.0 (Windows NT 6.1; Win64; x64; rv:57.0) Gecko/20100101 Firefox/57.0"
192.168.1.229 - - [18/Dec/2018:11:46:24 +0700] "GET /sismadak/application/assessment/hospital_assessment_chapter_online.php?chapter_id=22&event_id=2 HTTP/1.1" 200 53997 "http://192.168.1.8/sismadak/application/assessment/hospital_assessment_chapter.php?event_id=2&category_id=4" "Mozilla/5.0 (Windows NT 6.1; Win64; x64; rv:57.0) Gecko/20100101 Firefox/57.0"
192.168.1.229 - - [18/Dec/2018:11:46:24 +0700] "GET /sismadak/application/assessment/hospital_assessment_chapter_online.php?chapter_id=22&event_id=2&grid_id=list1&_search=false&nd=1545108407857&rows=20&jqgrid_page=1&sidx=instrument_standard_id+asc%2C+instrument_id&sord=asc HTTP/1.1" 200 17638 "http://192.168.1.8/sismadak/application/assessment/hospital_assessment_chapter_online.php?chapter_id=22&event_id=2" "Mozilla/5.0 (Windows NT 6.1; Win64; x64; rv:57.0) Gecko/20100101 Firefox/57.0"
169.254.217.95 - - [18/Dec/2018:11:46:25 +0700] "POST /sismadak/application/assessment/hospital_assessment_document_upload.php?chapter_id=17&instrument_id=1238&id=2,2&grid_id=list1 HTTP/1.1" 200 - "http://192.168.1.8/sismadak/application/assessment/hospital_assessment_document_upload.php?chapter_id=17&instrument_id=1238&id=2,2" "Mozilla/5.0 (Windows NT 10.0; Win64; x64) AppleWebKit/537.36 (KHTML, like Gecko) Chrome/70.0.3538.110 Safari/537.36"
169.254.217.95 - - [18/Dec/2018:11:46:26 +0700] "GET /sismadak/application/assessment/hospital_assessment_document_upload.php?chapter_id=17&instrument_id=1238&id=2,2&grid_id=list1&_search=false&nd=1545108408747&rows=15&jqgrid_page=0&sidx=1&sord=asc HTTP/1.1" 200 1069 "http://192.168.1.8/sismadak/application/assessment/hospital_assessment_document_upload.php?chapter_id=17&instrument_id=1238&id=2,2" "Mozilla/5.0 (Windows NT 10.0; Win64; x64) AppleWebKit/537.36 (KHTML, like Gecko) Chrome/70.0.3538.110 Safari/537.36"
169.254.217.95 - - [18/Dec/2018:11:46:26 +0700] "POST /sismadak/application/assessment/hospital_assessment_document_upload.php?chapter_id=17&instrument_id=1238&id=2,2&grid_id=list1 HTTP/1.1" 200 - "http://192.168.1.8/sismadak/application/assessment/hospital_assessment_document_upload.php?chapter_id=17&instrument_id=1238&id=2,2" "Mozilla/5.0 (Windows NT 10.0; Win64; x64) AppleWebKit/537.36 (KHTML, like Gecko) Chrome/70.0.3538.110 Safari/537.36"
192.168.1.209 - - [18/Dec/2018:11:46:27 +0700] "POST /sismadak/application/assessment/hospital_assessment_document_upload.php?chapter_id=23&instrument_id=1790&id=2,2&grid_id=list1 HTTP/1.1" 200 - "http://192.168.1.8/sismadak/application/assessment/hospital_assessment_document_upload.php?chapter_id=23&instrument_id=1790&id=2,2" "Mozilla/5.0 (Windows NT 6.1; WOW64; rv:55.0) Gecko/20100101 Firefox/55.0"
192.168.1.209 - - [18/Dec/2018:11:46:27 +0700] "GET /sismadak/application/assessment/hospital_assessment_document_upload.php?chapter_id=23&instrument_id=1790&id=2,2&grid_id=list1&_search=false&nd=1545108411745&rows=15&jqgrid_page=0&sidx=1&sord=asc HTTP/1.1" 200 513 "http://192.168.1.8/sismadak/application/assessment/hospital_assessment_document_upload.php?chapter_id=23&instrument_id=1790&id=2,2" "Mozilla/5.0 (Windows NT 6.1; WOW64; rv:55.0) Gecko/20100101 Firefox/55.0"
192.168.1.209 - - [18/Dec/2018:11:46:27 +0700] "POST /sismadak/application/assessment/hospital_assessment_document_upload.php?chapter_id=23&instrument_id=1790&id=2,2&grid_id=list1 HTTP/1.1" 200 - "http://192.168.1.8/sismadak/application/assessment/hospital_assessment_document_upload.php?chapter_id=23&instrument_id=1790&id=2,2" "Mozilla/5.0 (Windows NT 6.1; WOW64; rv:55.0) Gecko/20100101 Firefox/55.0"
192.168.1.119 - - [18/Dec/2018:11:46:28 +0700] "GET /sismadak/application/hospital_survey/survey_indicator_progress.php?cat=1 HTTP/1.1" 200 130829 "http://192.168.1.8/sismadak/menu.php" "Mozilla/5.0 (Windows NT 10.0; WOW64; rv:49.0) Gecko/20100101 Firefox/49.0"
192.168.1.254 - - [18/Dec/2018:11:46:29 +0700] "GET /sismadak/application/assessment/hospital_assessment_document_upload.php?chapter_id=17&instrument_id=1238&id=2,2&grid_id=list1&_search=true&nd=1545108414315&rows=15&jqgrid_page=1&sidx=1&sord=asc&filters=%7B%22groupOp%22%3A%22AND%22%2C%22rules%22%3A%5B%7B%22field%22%3A%22document_file_name%22%2C%22op%22%3A%22cn%22%2C%22data%22%3A%22s%22%7D%5D%7D HTTP/1.1" 200 1069 "http://119.110.67.68:8808/sismadak/application/assessment/hospital_assessment_document_upload.php?chapter_id=17&instrument_id=1238&id=2,2" "Mozilla/5.0 (Macintosh; Intel Mac OS X 10_10_5) AppleWebKit/537.36 (KHTML, like Gecko) Chrome/70.0.3538.110 Safari/537.36"
192.168.1.208 - - [18/Dec/2018:11:46:31 +0700] "GET /sismadak/lib/js/fancybox/fancybox_overlay.png HTTP/1.1" 200 1003 "http://192.168.1.8/sismadak/lib/js/fancybox/jquery.fancybox.css" "Mozilla/5.0 (Windows NT 6.1; WOW64; rv:55.0) Gecko/20100101 Firefox/55.0"
192.168.1.254 - - [18/Dec/2018:11:46:31 +0700] "GET /sismadak/application/assessment/hospital_assessment_document_upload.php?chapter_id=17&instrument_id=1238&id=2,2&grid_id=list1&_search=true&nd=1545108415462&rows=15&jqgrid_page=1&sidx=1&sord=asc&filters=%7B%22groupOp%22%3A%22AND%22%2C%22rules%22%3A%5B%7B%22field%22%3A%22document_file_name%22%2C%22op%22%3A%22cn%22%2C%22data%22%3A%22so%22%7D%5D%7D HTTP/1.1" 200 35 "http://119.110.67.68:8808/sismadak/application/assessment/hospital_assessment_document_upload.php?chapter_id=17&instrument_id=1238&id=2,2" "Mozilla/5.0 (Macintosh; Intel Mac OS X 10_10_5) AppleWebKit/537.36 (KHTML, like Gecko) Chrome/70.0.3538.110 Safari/537.36"
192.168.1.208 - - [18/Dec/2018:11:46:31 +0700] "GET /sismadak/lib/js/fancybox/fancybox_loading.gif HTTP/1.1" 200 3866 "http://192.168.1.8/sismadak/lib/js/fancybox/jquery.fancybox.css" "Mozilla/5.0 (Windows NT 6.1; WOW64; rv:55.0) Gecko/20100101 Firefox/55.0"
192.168.1.208 - - [18/Dec/2018:11:46:31 +0700] "GET /sismadak/lib/js/fancybox/fancybox_sprite.png HTTP/1.1" 200 1362 "http://192.168.1.8/sismadak/lib/js/fancybox/jquery.fancybox.css" "Mozilla/5.0 (Windows NT 6.1; WOW64; rv:55.0) Gecko/20100101 Firefox/55.0"
192.168.1.208 - - [18/Dec/2018:11:46:31 +0700] "GET /sismadak/application/assessment/hospital_assessment_document_upload.php?chapter_id=29&instrument_id=2339&id=2,2 HTTP/1.1" 200 56835 "http://192.168.1.8/sismadak/application/assessment/hospital_assessment_chapter_online.php?chapter_id=29&event_id=2" "Mozilla/5.0 (Windows NT 6.1; WOW64; rv:55.0) Gecko/20100101 Firefox/55.0"
192.168.1.208 - - [18/Dec/2018:11:46:31 +0700] "GET /sismadak/application/assessment/hospital_assessment_document_upload.php?chapter_id=29&instrument_id=2339&id=2,2&grid_id=list1&_search=false&nd=1545108416036&rows=15&jqgrid_page=1&sidx=1&sord=asc HTTP/1.1" 200 35 "http://192.168.1.8/sismadak/application/assessment/hospital_assessment_document_upload.php?chapter_id=29&instrument_id=2339&id=2,2" "Mozilla/5.0 (Windows NT 6.1; WOW64; rv:55.0) Gecko/20100101 Firefox/55.0"
192.168.1.254 - - [18/Dec/2018:11:46:31 +0700] "GET /sismadak/application/assessment/hospital_assessment_document_upload.php?chapter_id=17&instrument_id=1238&id=2,2&grid_id=list1&_search=true&nd=1545108416333&rows=15&jqgrid_page=1&sidx=1&sord=asc&filters=%7B%22groupOp%22%3A%22AND%22%2C%22rules%22%3A%5B%7B%22field%22%3A%22document_file_name%22%2C%22op%22%3A%22cn%22%2C%22data%22%3A%22sop%22%7D%5D%7D HTTP/1.1" 200 35 "http://119.110.67.68:8808/sismadak/application/assessment/hospital_assessment_document_upload.php?chapter_id=17&instrument_id=1238&id=2,2" "Mozilla/5.0 (Macintosh; Intel Mac OS X 10_10_5) AppleWebKit/537.36 (KHTML, like Gecko) Chrome/70.0.3538.110 Safari/537.36"
192.168.1.119 - - [18/Dec/2018:11:46:32 +0700] "GET /sismadak/application/hospital_survey/survey_indicator_progress.php?cat=2 HTTP/1.1" 200 21576 "http://192.168.1.8/sismadak/menu.php" "Mozilla/5.0 (Windows NT 10.0; WOW64; rv:49.0) Gecko/20100101 Firefox/49.0"
192.168.1.119 - - [18/Dec/2018:11:46:32 +0700] "GET /sismadak/application/hospital_survey/survey_indicator_progress.php?cat=2 HTTP/1.1" 200 21576 "http://192.168.1.8/sismadak/menu.php" "Mozilla/5.0 (Windows NT 10.0; WOW64; rv:49.0) Gecko/20100101 Firefox/49.0"
169.254.233.31 - - [18/Dec/2018:11:46:33 +0700] "POST /sismadak/application/assessment/hospital_assessment_document_upload.php?chapter_id=19&instrument_id=1392&id=2,2&grid_id=list1 HTTP/1.1" 200 - "http://192.168.1.8/sismadak/application/assessment/hospital_assessment_document_upload.php?chapter_id=19&instrument_id=1392&id=2,2" "Mozilla/5.0 (Windows NT 6.1; WOW64; rv:55.0) Gecko/20100101 Firefox/55.0"
192.168.1.119 - - [18/Dec/2018:11:46:35 +0700] "GET /sismadak/application/hospital_survey/survey_indicator_progress_for_hospital.php HTTP/1.1" 200 3655 "http://192.168.1.8/sismadak/menu.php" "Mozilla/5.0 (Windows NT 10.0; WOW64; rv:49.0) Gecko/20100101 Firefox/49.0"
169.254.217.95 - - [18/Dec/2018:11:46:34 +0700] "GET /sismadak/application/assessment/hospital_assessment_document_upload.php?chapter_id=17&instrument_id=1238&id=2,2&grid_id=list1&_search=false&nd=1545108417248&rows=15&jqgrid_page=1&sidx=1&sord=asc&filters=%7B%22groupOp%22%3A%22AND%22%2C%22rules%22%3A%5B%5D%7D HTTP/1.1" 200 1069 "http://192.168.1.8/sismadak/application/assessment/hospital_assessment_document_upload.php?chapter_id=17&instrument_id=1238&id=2,2" "Mozilla/5.0 (Windows NT 10.0; Win64; x64) AppleWebKit/537.36 (KHTML, like Gecko) Chrome/70.0.3538.110 Safari/537.36"
192.168.1.119 - - [18/Dec/2018:11:46:35 +0700] "GET /sismadak/application/hospital_survey/survey_indicator_progress_for_hospital.php HTTP/1.1" 200 3655 "http://192.168.1.8/sismadak/menu.php" "Mozilla/5.0 (Windows NT 10.0; WOW64; rv:49.0) Gecko/20100101 Firefox/49.0"
192.168.1.228 - - [18/Dec/2018:11:46:35 +0700] "POST /sismadak/application/assessment/hospital_assessment_document_upload.php?chapter_id=23&instrument_id=1790&id=2,2&grid_id=list1 HTTP/1.1" 200 - "http://192.168.1.8/sismadak/application/assessment/hospital_assessment_document_upload.php?chapter_id=23&instrument_id=1790&id=2,2" "Mozilla/5.0 (Windows NT 6.1; WOW64; rv:55.0) Gecko/20100101 Firefox/55.0"
192.168.1.228 - - [18/Dec/2018:11:46:35 +0700] "GET /sismadak/application/assessment/hospital_assessment_document_upload.php?chapter_id=23&instrument_id=1790&id=2,2&grid_id=list1&_search=false&nd=1545108419776&rows=15&jqgrid_page=0&sidx=1&sord=asc HTTP/1.1" 200 984 "http://192.168.1.8/sismadak/application/assessment/hospital_assessment_document_upload.php?chapter_id=23&instrument_id=1790&id=2,2" "Mozilla/5.0 (Windows NT 6.1; WOW64; rv:55.0) Gecko/20100101 Firefox/55.0"
192.168.1.228 - - [18/Dec/2018:11:46:35 +0700] "POST /sismadak/application/assessment/hospital_assessment_document_upload.php?chapter_id=23&instrument_id=1790&id=2,2&grid_id=list1 HTTP/1.1" 200 - "http://192.168.1.8/sismadak/application/assessment/hospital_assessment_document_upload.php?chapter_id=23&instrument_id=1790&id=2,2" "Mozilla/5.0 (Windows NT 6.1; WOW64; rv:55.0) Gecko/20100101 Firefox/55.0"
192.168.1.153 - - [18/Dec/2018:11:46:36 +0700] "POST /sismadak/application/assessment/hospital_assessment_document_upload.php?chapter_id=23&instrument_id=1790&id=2,2&grid_id=list1 HTTP/1.1" 200 - "http://192.168.1.8/sismadak/application/assessment/hospital_assessment_document_upload.php?chapter_id=23&instrument_id=1790&id=2,2" "Mozilla/5.0 (Windows NT 6.3; WOW64; rv:64.0) Gecko/20100101 Firefox/64.0"
192.168.1.153 - - [18/Dec/2018:11:46:37 +0700] "GET /sismadak/application/assessment/hospital_assessment_document_upload.php?chapter_id=23&instrument_id=1790&id=2,2&grid_id=list1&_search=false&nd=1545108423799&rows=15&jqgrid_page=0&sidx=1&sord=asc HTTP/1.1" 200 1445 "http://192.168.1.8/sismadak/application/assessment/hospital_assessment_document_upload.php?chapter_id=23&instrument_id=1790&id=2,2" "Mozilla/5.0 (Windows NT 6.3; WOW64; rv:64.0) Gecko/20100101 Firefox/64.0"
192.168.1.153 - - [18/Dec/2018:11:46:37 +0700] "POST /sismadak/application/assessment/hospital_assessment_document_upload.php?chapter_id=23&instrument_id=1790&id=2,2&grid_id=list1 HTTP/1.1" 200 - "http://192.168.1.8/sismadak/application/assessment/hospital_assessment_document_upload.php?chapter_id=23&instrument_id=1790&id=2,2" "Mozilla/5.0 (Windows NT 6.3; WOW64; rv:64.0) Gecko/20100101 Firefox/64.0"
192.168.1.119 - - [18/Dec/2018:11:46:37 +0700] "GET /sismadak/application/assessment/hospital_assessment_reguler_list.php?category_id=4&module_id=4 HTTP/1.1" 200 50021 "http://192.168.1.8/sismadak/menu.php" "Mozilla/5.0 (Windows NT 10.0; WOW64; rv:49.0) Gecko/20100101 Firefox/49.0"
192.168.1.119 - - [18/Dec/2018:11:46:37 +0700] "GET /sismadak/application/assessment/hospital_assessment_reguler_list.php?category_id=4&module_id=4 HTTP/1.1" 200 50021 "http://192.168.1.8/sismadak/menu.php" "Mozilla/5.0 (Windows NT 10.0; WOW64; rv:49.0) Gecko/20100101 Firefox/49.0"
192.168.1.119 - - [18/Dec/2018:11:46:38 +0700] "GET /sismadak/application/assessment/hospital_assessment_reguler_list.php?category_id=4&module_id=4&grid_id=list1&_search=false&nd=1545108429424&rows=20&jqgrid_page=1&sidx=accreditation_id&sord=desc HTTP/1.1" 200 740 "http://192.168.1.8/sismadak/application/assessment/hospital_assessment_reguler_list.php?category_id=4&module_id=4" "Mozilla/5.0 (Windows NT 10.0; WOW64; rv:49.0) Gecko/20100101 Firefox/49.0"
192.168.1.254 - - [18/Dec/2018:11:46:39 +0700] "GET /sismadak/application/assessment/hospital_assessment_document_upload.php?chapter_id=17&instrument_id=1238&id=2,2&grid_id=list1&_search=true&nd=1545108423595&rows=15&jqgrid_page=1&sidx=1&sord=asc&filters=%7B%22groupOp%22%3A%22AND%22%2C%22rules%22%3A%5B%7B%22field%22%3A%22document_file_name%22%2C%22op%22%3A%22cn%22%2C%22data%22%3A%22sop%22%7D%2C%7B%22field%22%3A%22document_name%22%2C%22op%22%3A%22cn%22%2C%22data%22%3A%22s%22%7D%5D%7D HTTP/1.1" 200 35 "http://119.110.67.68:8808/sismadak/application/assessment/hospital_assessment_document_upload.php?chapter_id=17&instrument_id=1238&id=2,2" "Mozilla/5.0 (Macintosh; Intel Mac OS X 10_10_5) AppleWebKit/537.36 (KHTML, like Gecko) Chrome/70.0.3538.110 Safari/537.36"
192.168.1.206 - - [18/Dec/2018:11:46:39 +0700] "GET /sismadak/application/assessment/hospital_assessment_document_upload.php?chapter_id=1&instrument_id=1195&id=3,3 HTTP/1.1" 200 56831 "http://192.168.1.8/sismadak/application/assessment/hospital_assessment_chapter_online.php?chapter_id=1&event_id=3" "Mozilla/5.0 (Windows NT 6.1; WOW64; rv:55.0) Gecko/20100101 Firefox/55.0"
192.168.1.206 - - [18/Dec/2018:11:46:39 +0700] "GET /sismadak/application/assessment/hospital_assessment_document_upload.php?chapter_id=1&instrument_id=1195&id=3,3&grid_id=list1&_search=false&nd=1545108422852&rows=15&jqgrid_page=1&sidx=1&sord=asc HTTP/1.1" 200 35 "http://192.168.1.8/sismadak/application/assessment/hospital_assessment_document_upload.php?chapter_id=1&instrument_id=1195&id=3,3" "Mozilla/5.0 (Windows NT 6.1; WOW64; rv:55.0) Gecko/20100101 Firefox/55.0"
192.168.1.254 - - [18/Dec/2018:11:46:40 +0700] "GET /sismadak/application/assessment/hospital_assessment_document_upload.php?chapter_id=17&instrument_id=1238&id=2,2&grid_id=list1&_search=true&nd=1545108424451&rows=15&jqgrid_page=1&sidx=1&sord=asc&filters=%7B%22groupOp%22%3A%22AND%22%2C%22rules%22%3A%5B%7B%22field%22%3A%22document_file_name%22%2C%22op%22%3A%22cn%22%2C%22data%22%3A%22sop%22%7D%2C%7B%22field%22%3A%22document_name%22%2C%22op%22%3A%22cn%22%2C%22data%22%3A%22sop%22%7D%5D%7D HTTP/1.1" 200 35 "http://119.110.67.68:8808/sismadak/application/assessment/hospital_assessment_document_upload.php?chapter_id=17&instrument_id=1238&id=2,2" "Mozilla/5.0 (Macintosh; Intel Mac OS X 10_10_5) AppleWebKit/537.36 (KHTML, like Gecko) Chrome/70.0.3538.110 Safari/537.36"
192.168.1.119 - - [18/Dec/2018:11:46:41 +0700] "GET /sismadak/application/assessment/hospital_document_find.php HTTP/1.1" 200 55502 "http://192.168.1.8/sismadak/menu.php" "Mozilla/5.0 (Windows NT 10.0; WOW64; rv:49.0) Gecko/20100101 Firefox/49.0"
192.168.1.254 - - [18/Dec/2018:11:46:41 +0700] "GET /sismadak/application/assessment/hospital_assessment_document_upload.php?chapter_id=17&instrument_id=1238&id=2,2&grid_id=list1&_search=true&nd=1545108425431&rows=15&jqgrid_page=1&sidx=1&sord=asc&filters=%7B%22groupOp%22%3A%22AND%22%2C%22rules%22%3A%5B%7B%22field%22%3A%22document_file_name%22%2C%22op%22%3A%22cn%22%2C%22data%22%3A%22sop%22%7D%2C%7B%22field%22%3A%22document_name%22%2C%22op%22%3A%22cn%22%2C%22data%22%3A%22sop+s%22%7D%5D%7D HTTP/1.1" 200 35 "http://119.110.67.68:8808/sismadak/application/assessment/hospital_assessment_document_upload.php?chapter_id=17&instrument_id=1238&id=2,2" "Mozilla/5.0 (Macintosh; Intel Mac OS X 10_10_5) AppleWebKit/537.36 (KHTML, like Gecko) Chrome/70.0.3538.110 Safari/537.36"
192.168.1.119 - - [18/Dec/2018:11:46:41 +0700] "GET /sismadak/application/assessment/hospital_document_find.php HTTP/1.1" 200 55502 "http://192.168.1.8/sismadak/menu.php" "Mozilla/5.0 (Windows NT 10.0; WOW64; rv:49.0) Gecko/20100101 Firefox/49.0"
192.168.1.119 - - [18/Dec/2018:11:46:42 +0700] "GET /sismadak/application/assessment/hospital_document_find.php?grid_id=list1&_search=false&nd=1545108433273&rows=30&jqgrid_page=1&sidx=1&sord=asc HTTP/1.1" 200 3420 "http://192.168.1.8/sismadak/application/assessment/hospital_document_find.php" "Mozilla/5.0 (Windows NT 10.0; WOW64; rv:49.0) Gecko/20100101 Firefox/49.0"
192.168.1.204 - - [18/Dec/2018:11:46:42 +0700] "POST /sismadak/application/assessment/hospital_assessment_document_upload.php?chapter_id=30&instrument_id=2435&id=2,2&grid_id=list1 HTTP/1.1" 200 47 "http://192.168.1.8/sismadak/application/assessment/hospital_assessment_document_upload.php?chapter_id=30&instrument_id=2435&id=2,2" "Mozilla/5.0 (Windows NT 6.1; WOW64; rv:56.0) Gecko/20100101 Firefox/56.0"
192.168.1.204 - - [18/Dec/2018:11:46:42 +0700] "GET /sismadak/uploads/Tulips.jpg HTTP/1.1" 200 620888 "http://192.168.1.8/sismadak/application/assessment/hospital_assessment_document_upload.php?chapter_id=30&instrument_id=2435&id=2,2" "Mozilla/5.0 (Windows NT 6.1; WOW64; rv:56.0) Gecko/20100101 Firefox/56.0"
192.168.1.254 - - [18/Dec/2018:11:46:42 +0700] "GET /sismadak/application/assessment/hospital_assessment_document_upload.php?chapter_id=17&instrument_id=1238&id=2,2&grid_id=list1&_search=true&nd=1545108426695&rows=15&jqgrid_page=1&sidx=1&sord=asc&filters=%7B%22groupOp%22%3A%22AND%22%2C%22rules%22%3A%5B%7B%22field%22%3A%22document_file_name%22%2C%22op%22%3A%22cn%22%2C%22data%22%3A%22sop%22%7D%2C%7B%22field%22%3A%22document_name%22%2C%22op%22%3A%22cn%22%2C%22data%22%3A%22sop+skp%22%7D%5D%7D HTTP/1.1" 200 35 "http://119.110.67.68:8808/sismadak/application/assessment/hospital_assessment_document_upload.php?chapter_id=17&instrument_id=1238&id=2,2" "Mozilla/5.0 (Macintosh; Intel Mac OS X 10_10_5) AppleWebKit/537.36 (KHTML, like Gecko) Chrome/70.0.3538.110 Safari/537.36"
192.168.1.144 - - [18/Dec/2018:11:46:42 +0700] "POST /sismadak/application/assessment/hospital_assessment_document_upload.php?chapter_id=17&instrument_id=1238&id=2,2&grid_id=list1 HTTP/1.1" 200 52 "http://192.168.1.8/sismadak/application/assessment/hospital_assessment_document_upload.php?chapter_id=17&instrument_id=1238&id=2,2" "Mozilla/5.0 (Windows NT 6.3; WOW64) AppleWebKit/537.36 (KHTML, like Gecko) Chrome/69.0.3497.100 Safari/537.36"
192.168.1.144 - - [18/Dec/2018:11:46:43 +0700] "GET /sismadak/uploads/hand%20hygine.png HTTP/1.1" 200 231844 "http://192.168.1.8/sismadak/application/assessment/hospital_assessment_document_upload.php?chapter_id=17&instrument_id=1238&id=2,2" "Mozilla/5.0 (Windows NT 6.3; WOW64) AppleWebKit/537.36 (KHTML, like Gecko) Chrome/69.0.3497.100 Safari/537.36"
169.254.233.31 - - [18/Dec/2018:11:46:43 +0700] "POST /sismadak/application/assessment/hospital_assessment_document_upload.php?chapter_id=19&instrument_id=1392&id=2,2&grid_id=list1 HTTP/1.1" 200 49 "http://192.168.1.8/sismadak/application/assessment/hospital_assessment_document_upload.php?chapter_id=19&instrument_id=1392&id=2,2" "Mozilla/5.0 (Windows NT 6.1; WOW64; rv:55.0) Gecko/20100101 Firefox/55.0"
169.254.233.31 - - [18/Dec/2018:11:46:44 +0700] "GET /sismadak/uploads/Penguins.jpg HTTP/1.1" 200 777835 "http://192.168.1.8/sismadak/application/assessment/hospital_assessment_document_upload.php?chapter_id=19&instrument_id=1392&id=2,2" "Mozilla/5.0 (Windows NT 6.1; WOW64; rv:55.0) Gecko/20100101 Firefox/55.0"
192.168.1.213 - - [18/Dec/2018:11:46:45 +0700] "POST /sismadak/application/assessment/hospital_assessment_document_upload.php?chapter_id=29&instrument_id=2339&id=2,2&grid_id=list1 HTTP/1.1" 200 - "http://192.168.1.8/sismadak/application/assessment/hospital_assessment_document_upload.php?chapter_id=29&instrument_id=2339&id=2,2" "Mozilla/5.0 (Windows NT 6.1; WOW64; rv:55.0) Gecko/20100101 Firefox/55.0"
192.168.1.213 - - [18/Dec/2018:11:46:46 +0700] "GET /sismadak/application/assessment/hospital_assessment_document_upload.php?chapter_id=29&instrument_id=2339&id=2,2&grid_id=list1&_search=false&nd=1545108430622&rows=15&jqgrid_page=0&sidx=1&sord=asc HTTP/1.1" 200 500 "http://192.168.1.8/sismadak/application/assessment/hospital_assessment_document_upload.php?chapter_id=29&instrument_id=2339&id=2,2" "Mozilla/5.0 (Windows NT 6.1; WOW64; rv:55.0) Gecko/20100101 Firefox/55.0"
192.168.1.213 - - [18/Dec/2018:11:46:46 +0700] "POST /sismadak/application/assessment/hospital_assessment_document_upload.php?chapter_id=29&instrument_id=2339&id=2,2&grid_id=list1 HTTP/1.1" 200 - "http://192.168.1.8/sismadak/application/assessment/hospital_assessment_document_upload.php?chapter_id=29&instrument_id=2339&id=2,2" "Mozilla/5.0 (Windows NT 6.1; WOW64; rv:55.0) Gecko/20100101 Firefox/55.0"
192.168.1.229 - - [18/Dec/2018:11:46:47 +0700] "GET /sismadak/lib/js/fancybox/fancybox_overlay.png HTTP/1.1" 200 1003 "http://192.168.1.8/sismadak/lib/js/fancybox/jquery.fancybox.css" "Mozilla/5.0 (Windows NT 6.1; Win64; x64; rv:57.0) Gecko/20100101 Firefox/57.0"
192.168.1.229 - - [18/Dec/2018:11:46:47 +0700] "GET /sismadak/lib/js/fancybox/fancybox_sprite.png HTTP/1.1" 200 1362 "http://192.168.1.8/sismadak/lib/js/fancybox/jquery.fancybox.css" "Mozilla/5.0 (Windows NT 6.1; Win64; x64; rv:57.0) Gecko/20100101 Firefox/57.0"
192.168.1.229 - - [18/Dec/2018:11:46:47 +0700] "GET /sismadak/lib/js/fancybox/fancybox_loading.gif HTTP/1.1" 200 3866 "http://192.168.1.8/sismadak/lib/js/fancybox/jquery.fancybox.css" "Mozilla/5.0 (Windows NT 6.1; Win64; x64; rv:57.0) Gecko/20100101 Firefox/57.0"
192.168.1.229 - - [18/Dec/2018:11:46:47 +0700] "GET /sismadak/application/assessment/hospital_assessment_document_upload.php?chapter_id=22&instrument_id=1721&id=2,2 HTTP/1.1" 200 56838 "http://192.168.1.8/sismadak/application/assessment/hospital_assessment_chapter_online.php?chapter_id=22&event_id=2" "Mozilla/5.0 (Windows NT 6.1; Win64; x64; rv:57.0) Gecko/20100101 Firefox/57.0"
192.168.1.121 - - [18/Dec/2018:11:46:47 +0700] "GET /sismadak/application/assessment/hospital_assessment_document_upload.php?chapter_id=27&instrument_id=2106&id=2,2 HTTP/1.1" 200 56835 "http://192.168.1.8/sismadak/application/assessment/hospital_assessment_chapter_online.php?chapter_id=27&event_id=2" "Mozilla/5.0 (Windows NT 6.3; Win64; x64) AppleWebKit/537.36 (KHTML, like Gecko) Chrome/71.0.3578.98 Safari/537.36"
192.168.1.229 - - [18/Dec/2018:11:46:47 +0700] "GET /sismadak/application/assessment/hospital_assessment_document_upload.php?chapter_id=22&instrument_id=1721&id=2,2&grid_id=list1&_search=false&nd=1545108430861&rows=15&jqgrid_page=1&sidx=1&sord=asc HTTP/1.1" 200 35 "http://192.168.1.8/sismadak/application/assessment/hospital_assessment_document_upload.php?chapter_id=22&instrument_id=1721&id=2,2" "Mozilla/5.0 (Windows NT 6.1; Win64; x64; rv:57.0) Gecko/20100101 Firefox/57.0"
192.168.1.121 - - [18/Dec/2018:11:46:48 +0700] "GET /sismadak/application/assessment/hospital_assessment_document_upload.php?chapter_id=27&instrument_id=2106&id=2,2&grid_id=list1&_search=false&nd=1544596958799&rows=15&jqgrid_page=1&sidx=1&sord=asc HTTP/1.1" 200 35 "http://192.168.1.8/sismadak/application/assessment/hospital_assessment_document_upload.php?chapter_id=27&instrument_id=2106&id=2,2" "Mozilla/5.0 (Windows NT 6.3; Win64; x64) AppleWebKit/537.36 (KHTML, like Gecko) Chrome/71.0.3578.98 Safari/537.36"
192.168.1.217 - - [18/Dec/2018:11:46:51 +0700] "POST /sismadak/application/assessment/hospital_assessment_document_upload.php?chapter_id=20&instrument_id=1475&id=2,2&grid_id=list1 HTTP/1.1" 200 - "http://192.168.1.8/sismadak/application/assessment/hospital_assessment_document_upload.php?chapter_id=20&instrument_id=1475&id=2,2" "Mozilla/5.0 (Windows NT 6.1; rv:41.0) Gecko/20100101 Firefox/41.0"
192.168.1.217 - - [18/Dec/2018:11:46:52 +0700] "GET /sismadak/application/assessment/hospital_assessment_document_upload.php?chapter_id=20&instrument_id=1475&id=2,2&grid_id=list1&_search=false&nd=1545108436183&rows=15&jqgrid_page=0&sidx=1&sord=asc HTTP/1.1" 200 544 "http://192.168.1.8/sismadak/application/assessment/hospital_assessment_document_upload.php?chapter_id=20&instrument_id=1475&id=2,2" "Mozilla/5.0 (Windows NT 6.1; rv:41.0) Gecko/20100101 Firefox/41.0"
169.254.148.246 - - [18/Dec/2018:11:46:52 +0700] "GET /sismadak/application/assessment/hospital_assessment_document_upload.php?chapter_id=28&instrument_id=2236&id=2,2 HTTP/1.1" 200 56835 "http://192.168.1.8/sismadak/application/assessment/hospital_assessment_chapter_online.php?chapter_id=28&event_id=2" "Mozilla/5.0 (Windows NT 6.1; Win64; x64) AppleWebKit/537.36 (KHTML, like Gecko) Chrome/71.0.3578.98 Safari/537.36"
192.168.1.217 - - [18/Dec/2018:11:46:52 +0700] "POST /sismadak/application/assessment/hospital_assessment_document_upload.php?chapter_id=20&instrument_id=1475&id=2,2&grid_id=list1 HTTP/1.1" 200 - "http://192.168.1.8/sismadak/application/assessment/hospital_assessment_document_upload.php?chapter_id=20&instrument_id=1475&id=2,2" "Mozilla/5.0 (Windows NT 6.1; rv:41.0) Gecko/20100101 Firefox/41.0"
169.254.28.115 - - [18/Dec/2018:11:46:52 +0700] "POST /sismadak/application/assessment/hospital_assessment_document_upload.php?chapter_id=21&instrument_id=1705&id=2,2&grid_id=list1 HTTP/1.1" 200 - "http://192.168.1.8/sismadak/application/assessment/hospital_assessment_document_upload.php?chapter_id=21&instrument_id=1705&id=2,2" "Mozilla/5.0 (Windows NT 6.1; WOW64; rv:56.0) Gecko/20100101 Firefox/56.0"
169.254.28.115 - - [18/Dec/2018:11:46:52 +0700] "GET /sismadak/application/assessment/hospital_assessment_document_upload.php?chapter_id=21&instrument_id=1705&id=2,2&grid_id=list1&_search=false&nd=1545133752326&rows=15&jqgrid_page=0&sidx=1&sord=asc HTTP/1.1" 200 514 "http://192.168.1.8/sismadak/application/assessment/hospital_assessment_document_upload.php?chapter_id=21&instrument_id=1705&id=2,2" "Mozilla/5.0 (Windows NT 6.1; WOW64; rv:56.0) Gecko/20100101 Firefox/56.0"
169.254.28.115 - - [18/Dec/2018:11:46:52 +0700] "POST /sismadak/application/assessment/hospital_assessment_document_upload.php?chapter_id=21&instrument_id=1705&id=2,2&grid_id=list1 HTTP/1.1" 200 - "http://192.168.1.8/sismadak/application/assessment/hospital_assessment_document_upload.php?chapter_id=21&instrument_id=1705&id=2,2" "Mozilla/5.0 (Windows NT 6.1; WOW64; rv:56.0) Gecko/20100101 Firefox/56.0"
192.168.1.209 - - [18/Dec/2018:11:46:55 +0700] "GET /sismadak/application/assessment/hospital_assessment_document_upload.php?chapter_id=23&instrument_id=1790&id=2,2&grid_id=list1&_search=false&nd=1545108439213&rows=15&jqgrid_page=1&sidx=1&sord=asc&filters=%7B%22groupOp%22%3A%22AND%22%2C%22rules%22%3A%5B%5D%7D HTTP/1.1" 200 1445 "http://192.168.1.8/sismadak/application/assessment/hospital_assessment_document_upload.php?chapter_id=23&instrument_id=1790&id=2,2" "Mozilla/5.0 (Windows NT 6.1; WOW64; rv:55.0) Gecko/20100101 Firefox/55.0"
192.168.1.254 - - [18/Dec/2018:11:47:02 +0700] "GET /sismadak/application/assessment/hospital_assessment_document_upload.php?chapter_id=17&instrument_id=1238&id=2,2 HTTP/1.1" 200 56887 "http://119.110.67.68:8808/sismadak/application/assessment/hospital_assessment_chapter_online.php?chapter_id=17&event_id=2" "Mozilla/5.0 (Macintosh; Intel Mac OS X 10_10_5) AppleWebKit/537.36 (KHTML, like Gecko) Chrome/70.0.3538.110 Safari/537.36"
192.168.1.254 - - [18/Dec/2018:11:47:04 +0700] "GET /sismadak/application/assessment/hospital_assessment_document_upload.php?chapter_id=17&instrument_id=1238&id=2,2&grid_id=list1&_search=false&nd=1545108449104&rows=15&jqgrid_page=1&sidx=1&sord=asc HTTP/1.1" 200 1069 "http://119.110.67.68:8808/sismadak/application/assessment/hospital_assessment_document_upload.php?chapter_id=17&instrument_id=1238&id=2,2" "Mozilla/5.0 (Macintosh; Intel Mac OS X 10_10_5) AppleWebKit/537.36 (KHTML, like Gecko) Chrome/70.0.3538.110 Safari/537.36"
169.254.175.243 - - [18/Dec/2018:11:47:02 +0700] "POST /sismadak/application/assessment/hospital_assessment_document_upload.php?chapter_id=29&instrument_id=2339&id=2,2&grid_id=list1 HTTP/1.1" 200 49 "http://192.168.1.8/sismadak/application/assessment/hospital_assessment_document_upload.php?chapter_id=29&instrument_id=2339&id=2,2" "Mozilla/5.0 (Windows NT 6.1; rv:37.0) Gecko/20100101 Firefox/37.0"
169.254.175.243 - - [18/Dec/2018:11:47:06 +0700] "GET /sismadak/uploads/100_6288.JPG HTTP/1.1" 200 2182484 "http://192.168.1.8/sismadak/application/assessment/hospital_assessment_document_upload.php?chapter_id=29&instrument_id=2339&id=2,2" "Mozilla/5.0 (Windows NT 6.1; rv:37.0) Gecko/20100101 Firefox/37.0"
192.168.1.236 - - [18/Dec/2018:11:47:07 +0700] "POST /sismadak/application/assessment/hospital_assessment_document_upload.php?chapter_id=20&instrument_id=1478&id=2,2&grid_id=list1 HTTP/1.1" 200 51 "http://192.168.1.8/sismadak/application/assessment/hospital_assessment_document_upload.php?chapter_id=20&instrument_id=1478&id=2,2" "Mozilla/5.0 (Windows NT 6.1; WOW64; rv:55.0) Gecko/20100101 Firefox/55.0"
192.168.1.236 - - [18/Dec/2018:11:47:07 +0700] "GET /sismadak/uploads/Hydrangeas.jpg HTTP/1.1" 200 595284 "http://192.168.1.8/sismadak/application/assessment/hospital_assessment_document_upload.php?chapter_id=20&instrument_id=1478&id=2,2" "Mozilla/5.0 (Windows NT 6.1; WOW64; rv:55.0) Gecko/20100101 Firefox/55.0"
192.168.1.144 - - [18/Dec/2018:11:47:10 +0700] "POST /sismadak/application/assessment/hospital_assessment_document_upload.php?chapter_id=17&instrument_id=1238&id=2,2&grid_id=list1 HTTP/1.1" 200 - "http://192.168.1.8/sismadak/application/assessment/hospital_assessment_document_upload.php?chapter_id=17&instrument_id=1238&id=2,2" "Mozilla/5.0 (Windows NT 6.3; WOW64) AppleWebKit/537.36 (KHTML, like Gecko) Chrome/69.0.3497.100 Safari/537.36"
192.168.1.144 - - [18/Dec/2018:11:47:10 +0700] "GET /sismadak/application/assessment/hospital_assessment_document_upload.php?chapter_id=17&instrument_id=1238&id=2,2&grid_id=list1&_search=false&nd=1545108575352&rows=15&jqgrid_page=0&sidx=1&sord=asc HTTP/1.1" 200 1563 "http://192.168.1.8/sismadak/application/assessment/hospital_assessment_document_upload.php?chapter_id=17&instrument_id=1238&id=2,2" "Mozilla/5.0 (Windows NT 6.3; WOW64) AppleWebKit/537.36 (KHTML, like Gecko) Chrome/69.0.3497.100 Safari/537.36"
192.168.1.144 - - [18/Dec/2018:11:47:10 +0700] "POST /sismadak/application/assessment/hospital_assessment_document_upload.php?chapter_id=17&instrument_id=1238&id=2,2&grid_id=list1 HTTP/1.1" 200 - "http://192.168.1.8/sismadak/application/assessment/hospital_assessment_document_upload.php?chapter_id=17&instrument_id=1238&id=2,2" "Mozilla/5.0 (Windows NT 6.3; WOW64) AppleWebKit/537.36 (KHTML, like Gecko) Chrome/69.0.3497.100 Safari/537.36"
169.254.148.246 - - [18/Dec/2018:11:47:15 +0700] "GET /sismadak/application/assessment/hospital_assessment_document_upload.php?chapter_id=28&instrument_id=2235&id=2,2 HTTP/1.1" 200 56835 "http://192.168.1.8/sismadak/application/assessment/hospital_assessment_chapter_online.php?chapter_id=28&event_id=2" "Mozilla/5.0 (Windows NT 6.1; Win64; x64) AppleWebKit/537.36 (KHTML, like Gecko) Chrome/71.0.3578.98 Safari/537.36"
169.254.148.246 - - [18/Dec/2018:11:47:16 +0700] "GET /sismadak/application/assessment/hospital_assessment_document_upload.php?chapter_id=28&instrument_id=2235&id=2,2&grid_id=list1&_search=false&nd=1545108468343&rows=15&jqgrid_page=1&sidx=1&sord=asc HTTP/1.1" 200 35 "http://192.168.1.8/sismadak/application/assessment/hospital_assessment_document_upload.php?chapter_id=28&instrument_id=2235&id=2,2" "Mozilla/5.0 (Windows NT 6.1; Win64; x64) AppleWebKit/537.36 (KHTML, like Gecko) Chrome/71.0.3578.98 Safari/537.36"
169.254.217.95 - - [18/Dec/2018:11:47:18 +0700] "GET /sismadak/application/user_management/staff_user_list.php HTTP/1.1" 200 53636 "http://192.168.1.8/sismadak/menu.php" "Mozilla/5.0 (Windows NT 10.0; Win64; x64) AppleWebKit/537.36 (KHTML, like Gecko) Chrome/70.0.3538.110 Safari/537.36"
169.254.217.95 - - [18/Dec/2018:11:47:18 +0700] "GET /sismadak/application/user_management/staff_user_list.php?grid_id=list1&_search=false&nd=1545108461039&rows=50&jqgrid_page=1&sidx=user_id&sord=asc HTTP/1.1" 200 9149 "http://192.168.1.8/sismadak/application/user_management/staff_user_list.php" "Mozilla/5.0 (Windows NT 10.0; Win64; x64) AppleWebKit/537.36 (KHTML, like Gecko) Chrome/70.0.3538.110 Safari/537.36"
192.168.1.204 - - [18/Dec/2018:11:47:22 +0700] "POST /sismadak/application/assessment/hospital_assessment_document_upload.php?chapter_id=30&instrument_id=2435&id=2,2&grid_id=list1 HTTP/1.1" 200 - "http://192.168.1.8/sismadak/application/assessment/hospital_assessment_document_upload.php?chapter_id=30&instrument_id=2435&id=2,2" "Mozilla/5.0 (Windows NT 6.1; WOW64; rv:56.0) Gecko/20100101 Firefox/56.0"
192.168.1.40 - - [18/Dec/2018:11:47:22 +0700] "GET /sismadak/application/assessment/hospital_assessment_chapter.php?event_id=2&category_id=4 HTTP/1.1" 200 46177 "http://192.168.1.8/sismadak/application/assessment/hospital_assessment_reguler_list.php?category_id=4&module_id=4" "Mozilla/5.0 (Windows NT 6.1) AppleWebKit/537.36 (KHTML, like Gecko) Chrome/70.0.3538.110 Safari/537.36"
192.168.1.204 - - [18/Dec/2018:11:47:22 +0700] "GET /sismadak/application/assessment/hospital_assessment_document_upload.php?chapter_id=30&instrument_id=2435&id=2,2&grid_id=list1&_search=false&nd=1545108466117&rows=15&jqgrid_page=0&sidx=1&sord=asc HTTP/1.1" 200 507 "http://192.168.1.8/sismadak/application/assessment/hospital_assessment_document_upload.php?chapter_id=30&instrument_id=2435&id=2,2" "Mozilla/5.0 (Windows NT 6.1; WOW64; rv:56.0) Gecko/20100101 Firefox/56.0"
192.168.1.204 - - [18/Dec/2018:11:47:22 +0700] "POST /sismadak/application/assessment/hospital_assessment_document_upload.php?chapter_id=30&instrument_id=2435&id=2,2&grid_id=list1 HTTP/1.1" 200 - "http://192.168.1.8/sismadak/application/assessment/hospital_assessment_document_upload.php?chapter_id=30&instrument_id=2435&id=2,2" "Mozilla/5.0 (Windows NT 6.1; WOW64; rv:56.0) Gecko/20100101 Firefox/56.0"
192.168.1.40 - - [18/Dec/2018:11:47:23 +0700] "GET /sismadak/application/assessment/hospital_assessment_chapter.php?event_id=2&category_id=4&grid_id=list1&_search=false&nd=1544168912462&rows=20&jqgrid_page=1&sidx=chapter_id&sord=asc HTTP/1.1" 200 6090 "http://192.168.1.8/sismadak/application/assessment/hospital_assessment_chapter.php?event_id=2&category_id=4" "Mozilla/5.0 (Windows NT 6.1) AppleWebKit/537.36 (KHTML, like Gecko) Chrome/70.0.3538.110 Safari/537.36"
169.254.28.115 - - [18/Dec/2018:11:47:25 +0700] "GET /sismadak/application/assessment/hospital_assessment_document_upload.php?chapter_id=21&instrument_id=1705&id=2,2 HTTP/1.1" 200 56835 "http://192.168.1.8/sismadak/application/assessment/hospital_assessment_chapter_online.php?chapter_id=21&event_id=2" "Mozilla/5.0 (Windows NT 6.1; WOW64; rv:56.0) Gecko/20100101 Firefox/56.0"
169.254.28.115 - - [18/Dec/2018:11:47:26 +0700] "GET /sismadak/application/assessment/hospital_assessment_document_upload.php?chapter_id=21&instrument_id=1705&id=2,2&grid_id=list1&_search=false&nd=1545133785898&rows=15&jqgrid_page=1&sidx=1&sord=asc HTTP/1.1" 200 514 "http://192.168.1.8/sismadak/application/assessment/hospital_assessment_document_upload.php?chapter_id=21&instrument_id=1705&id=2,2" "Mozilla/5.0 (Windows NT 6.1; WOW64; rv:56.0) Gecko/20100101 Firefox/56.0"
192.168.1.229 - - [18/Dec/2018:11:47:28 +0700] "GET /sismadak/application/assessment/hospital_assessment_document_upload.php?chapter_id=22&instrument_id=1721&id=2,2&grid_id=list1&_search=false&nd=1545108471065&rows=15&jqgrid_page=1&sidx=document_file_name&sord=asc HTTP/1.1" 200 35 "http://192.168.1.8/sismadak/application/assessment/hospital_assessment_document_upload.php?chapter_id=22&instrument_id=1721&id=2,2" "Mozilla/5.0 (Windows NT 6.1; Win64; x64; rv:57.0) Gecko/20100101 Firefox/57.0"
192.168.1.215 - - [18/Dec/2018:11:47:31 +0700] "POST /sismadak/application/assessment/hospital_assessment_document_upload.php?chapter_id=27&instrument_id=2220&id=2,2&grid_id=list1 HTTP/1.1" 200 - "http://192.168.1.8/sismadak/application/assessment/hospital_assessment_document_upload.php?chapter_id=27&instrument_id=2220&id=2,2" "Mozilla/5.0 (Windows NT 6.1; WOW64; rv:63.0) Gecko/20100101 Firefox/63.0"
192.168.1.215 - - [18/Dec/2018:11:47:31 +0700] "GET /sismadak/application/assessment/hospital_assessment_document_upload.php?chapter_id=27&instrument_id=2220&id=2,2&grid_id=list1&_search=false&nd=1545108476093&rows=15&jqgrid_page=0&sidx=1&sord=asc HTTP/1.1" 200 469 "http://192.168.1.8/sismadak/application/assessment/hospital_assessment_document_upload.php?chapter_id=27&instrument_id=2220&id=2,2" "Mozilla/5.0 (Windows NT 6.1; WOW64; rv:63.0) Gecko/20100101 Firefox/63.0"
192.168.1.215 - - [18/Dec/2018:11:47:31 +0700] "POST /sismadak/application/assessment/hospital_assessment_document_upload.php?chapter_id=27&instrument_id=2220&id=2,2&grid_id=list1 HTTP/1.1" 200 - "http://192.168.1.8/sismadak/application/assessment/hospital_assessment_document_upload.php?chapter_id=27&instrument_id=2220&id=2,2" "Mozilla/5.0 (Windows NT 6.1; WOW64; rv:63.0) Gecko/20100101 Firefox/63.0"
192.168.1.40 - - [18/Dec/2018:11:47:36 +0700] "GET /sismadak/application/assessment/hospital_assessment_chapter_online.php?chapter_id=28&event_id=2 HTTP/1.1" 200 53993 "http://192.168.1.8/sismadak/application/assessment/hospital_assessment_chapter.php?event_id=2&category_id=4" "Mozilla/5.0 (Windows NT 6.1) AppleWebKit/537.36 (KHTML, like Gecko) Chrome/70.0.3538.110 Safari/537.36"
192.168.1.236 - - [18/Dec/2018:11:47:36 +0700] "POST /sismadak/application/assessment/hospital_assessment_document_upload.php?chapter_id=20&instrument_id=1478&id=2,2&grid_id=list1 HTTP/1.1" 200 - "http://192.168.1.8/sismadak/application/assessment/hospital_assessment_document_upload.php?chapter_id=20&instrument_id=1478&id=2,2" "Mozilla/5.0 (Windows NT 6.1; WOW64; rv:55.0) Gecko/20100101 Firefox/55.0"
192.168.1.40 - - [18/Dec/2018:11:47:36 +0700] "GET /sismadak/application/assessment/hospital_assessment_chapter_online.php?chapter_id=28&event_id=2 HTTP/1.1" 200 53993 "http://192.168.1.8/sismadak/application/assessment/hospital_assessment_chapter.php?event_id=2&category_id=4" "Mozilla/5.0 (Windows NT 6.1) AppleWebKit/537.36 (KHTML, like Gecko) Chrome/70.0.3538.110 Safari/537.36"
