192.168.1.203 - - [18/Dec/2018:10:49:28 +0700] "GET /sismadak/lib/js/RGraph/libraries/RGraph.meter.js HTTP/1.1" 200 22426 "http://192.168.1.8/sismadak/application/report/dashboard.php" "Mozilla/5.0 (Windows NT 6.1; WOW64; rv:56.0) Gecko/20100101 Firefox/56.0"
192.168.1.203 - - [18/Dec/2018:10:49:28 +0700] "GET /sismadak/lib/js/RGraph/libraries/RGraph.common.key.js HTTP/1.1" 200 12332 "http://192.168.1.8/sismadak/application/report/dashboard.php" "Mozilla/5.0 (Windows NT 6.1; WOW64; rv:56.0) Gecko/20100101 Firefox/56.0"
192.168.1.203 - - [18/Dec/2018:10:49:28 +0700] "GET /sismadak/lib/js/RGraph/libraries/RGraph.common.tooltips.js HTTP/1.1" 200 5732 "http://192.168.1.8/sismadak/application/report/dashboard.php" "Mozilla/5.0 (Windows NT 6.1; WOW64; rv:56.0) Gecko/20100101 Firefox/56.0"
192.168.1.203 - - [18/Dec/2018:10:49:28 +0700] "GET /sismadak/lib/js/RGraph/libraries/RGraph.drawing.xaxis.js HTTP/1.1" 200 9413 "http://192.168.1.8/sismadak/application/report/dashboard.php" "Mozilla/5.0 (Windows NT 6.1; WOW64; rv:56.0) Gecko/20100101 Firefox/56.0"
192.168.1.203 - - [18/Dec/2018:10:49:28 +0700] "GET /sismadak/images/bullet.png HTTP/1.1" 200 156 "http://192.168.1.8/sismadak/lib/js/menu/menu.css" "Mozilla/5.0 (Windows NT 6.1; WOW64; rv:56.0) Gecko/20100101 Firefox/56.0"
192.168.1.203 - - [18/Dec/2018:10:49:28 +0700] "GET /sismadak/lib/js/RGraph/libraries/RGraph.bar.js HTTP/1.1" 200 64135 "http://192.168.1.8/sismadak/application/report/dashboard.php" "Mozilla/5.0 (Windows NT 6.1; WOW64; rv:56.0) Gecko/20100101 Firefox/56.0"
192.168.1.203 - - [18/Dec/2018:10:49:29 +0700] "GET /sismadak/images/configuration.png HTTP/1.1" 200 15435 "http://192.168.1.8/sismadak/lib/js/menu/menu.css" "Mozilla/5.0 (Windows NT 6.1; WOW64; rv:56.0) Gecko/20100101 Firefox/56.0"
192.168.1.153 - - [18/Dec/2018:10:49:29 +0700] "GET /sismadak/images/bullet_on.png HTTP/1.1" 200 155 "http://192.168.1.8/sismadak/lib/js/menu/menu.css" "Mozilla/5.0 (Windows NT 6.3; WOW64; rv:64.0) Gecko/20100101 Firefox/64.0"
192.168.1.144 - - [18/Dec/2018:10:49:29 +0700] "GET /sismadak/application/assessment/hospital_assessment_reguler_list.php?category_id=4&module_id=4 HTTP/1.1" 200 50021 "http://192.168.1.8/sismadak/menu.php" "Mozilla/5.0 (Windows NT 6.3; WOW64) AppleWebKit/537.36 (KHTML, like Gecko) Chrome/69.0.3497.100 Safari/537.36"
192.168.1.153 - - [18/Dec/2018:10:49:29 +0700] "GET /sismadak/application/user_management/change_password_user.php HTTP/1.1" 200 1466 "http://192.168.1.8/sismadak/menu.php" "Mozilla/5.0 (Windows NT 6.3; WOW64; rv:64.0) Gecko/20100101 Firefox/64.0"
192.168.1.144 - - [18/Dec/2018:10:49:29 +0700] "GET /sismadak/application/assessment/hospital_assessment_reguler_list.php?category_id=4&module_id=4&grid_id=list1&_search=false&nd=1545105114937&rows=20&jqgrid_page=1&sidx=accreditation_id&sord=desc HTTP/1.1" 200 743 "http://192.168.1.8/sismadak/application/assessment/hospital_assessment_reguler_list.php?category_id=4&module_id=4" "Mozilla/5.0 (Windows NT 6.3; WOW64) AppleWebKit/537.36 (KHTML, like Gecko) Chrome/69.0.3497.100 Safari/537.36"
192.168.1.153 - - [18/Dec/2018:10:49:30 +0700] "GET /sismadak/application/user_management/change_password_user.php HTTP/1.1" 200 1466 "http://192.168.1.8/sismadak/menu.php" "Mozilla/5.0 (Windows NT 6.3; WOW64; rv:64.0) Gecko/20100101 Firefox/64.0"
192.168.1.203 - - [18/Dec/2018:10:49:40 +0700] "GET /sismadak/index.php HTTP/1.1" 302 - "http://192.168.1.8/sismadak/menu.php" "Mozilla/5.0 (Windows NT 6.1; WOW64; rv:56.0) Gecko/20100101 Firefox/56.0"
192.168.1.203 - - [18/Dec/2018:10:49:40 +0700] "GET /sismadak/menu.php HTTP/1.1" 200 3174 "http://192.168.1.8/sismadak/menu.php" "Mozilla/5.0 (Windows NT 6.1; WOW64; rv:56.0) Gecko/20100101 Firefox/56.0"
192.168.1.203 - - [18/Dec/2018:10:49:40 +0700] "GET /sismadak/application/report/dashboard.php HTTP/1.1" 200 20734 "http://192.168.1.8/sismadak/menu.php" "Mozilla/5.0 (Windows NT 6.1; WOW64; rv:56.0) Gecko/20100101 Firefox/56.0"
169.254.175.243 - - [18/Dec/2018:10:49:44 +0700] "GET /sismadak/index.php HTTP/1.1" 302 - "http://192.168.1.8/sismadak/menu.php" "Mozilla/5.0 (Windows NT 6.1; rv:37.0) Gecko/20100101 Firefox/37.0"
169.254.175.243 - - [18/Dec/2018:10:49:44 +0700] "GET /sismadak/menu.php HTTP/1.1" 200 3174 "http://192.168.1.8/sismadak/menu.php" "Mozilla/5.0 (Windows NT 6.1; rv:37.0) Gecko/20100101 Firefox/37.0"
169.254.175.243 - - [18/Dec/2018:10:49:45 +0700] "GET /sismadak/application/report/dashboard.php HTTP/1.1" 200 20734 "http://192.168.1.8/sismadak/menu.php" "Mozilla/5.0 (Windows NT 6.1; rv:37.0) Gecko/20100101 Firefox/37.0"
192.168.1.218 - - [18/Dec/2018:10:49:45 +0700] "GET /sismadak/application/assessment/hospital_assessment_reguler_list.php?category_id=4&module_id=4 HTTP/1.1" 200 50021 "http://192.168.1.8/sismadak/menu.php" "Mozilla/5.0 (Windows NT 6.1; Win64; x64) AppleWebKit/537.36 (KHTML, like Gecko) Chrome/71.0.3578.98 Safari/537.36"
192.168.1.121 - - [18/Dec/2018:10:49:50 +0700] "GET /sismadak HTTP/1.1" 301 338 "-" "Mozilla/5.0 (Windows NT 6.3; Win64; x64) AppleWebKit/537.36 (KHTML, like Gecko) Chrome/71.0.3578.98 Safari/537.36"
192.168.1.121 - - [18/Dec/2018:10:49:50 +0700] "GET /sismadak/ HTTP/1.1" 200 2947 "-" "Mozilla/5.0 (Windows NT 6.3; Win64; x64) AppleWebKit/537.36 (KHTML, like Gecko) Chrome/71.0.3578.98 Safari/537.36"
192.168.1.121 - - [18/Dec/2018:10:49:50 +0700] "GET /sismadak/bootstrap/css/bootstrap3.min.css HTTP/1.1" 200 117305 "http://192.168.1.8/sismadak/" "Mozilla/5.0 (Windows NT 6.3; Win64; x64) AppleWebKit/537.36 (KHTML, like Gecko) Chrome/71.0.3578.98 Safari/537.36"
192.168.1.121 - - [18/Dec/2018:10:49:50 +0700] "GET /sismadak/lib/js/menu/stylesheet.css HTTP/1.1" 200 1454 "http://192.168.1.8/sismadak/" "Mozilla/5.0 (Windows NT 6.3; Win64; x64) AppleWebKit/537.36 (KHTML, like Gecko) Chrome/71.0.3578.98 Safari/537.36"
192.168.1.121 - - [18/Dec/2018:10:49:50 +0700] "GET /sismadak/images/hospital.png HTTP/1.1" 200 16318 "http://192.168.1.8/sismadak/" "Mozilla/5.0 (Windows NT 6.3; Win64; x64) AppleWebKit/537.36 (KHTML, like Gecko) Chrome/71.0.3578.98 Safari/537.36"
192.168.1.121 - - [18/Dec/2018:10:49:50 +0700] "GET /favicon.ico HTTP/1.1" 200 30894 "http://192.168.1.8/sismadak/" "Mozilla/5.0 (Windows NT 6.3; Win64; x64) AppleWebKit/537.36 (KHTML, like Gecko) Chrome/71.0.3578.98 Safari/537.36"
192.168.1.218 - - [18/Dec/2018:10:49:50 +0700] "GET /sismadak/application/assessment/hospital_assessment_reguler_list.php?category_id=4&module_id=4&grid_id=list1&_search=false&nd=1545105022556&rows=20&jqgrid_page=1&sidx=accreditation_id&sord=desc HTTP/1.1" 200 743 "http://192.168.1.8/sismadak/application/assessment/hospital_assessment_reguler_list.php?category_id=4&module_id=4" "Mozilla/5.0 (Windows NT 6.1; Win64; x64) AppleWebKit/537.36 (KHTML, like Gecko) Chrome/71.0.3578.98 Safari/537.36"
192.168.1.218 - - [18/Dec/2018:10:49:52 +0700] "GET /sismadak/application/assessment/hospital_assessment_chapter.php?event_id=1&category_id=4 HTTP/1.1" 200 46177 "http://192.168.1.8/sismadak/application/assessment/hospital_assessment_reguler_list.php?category_id=4&module_id=4" "Mozilla/5.0 (Windows NT 6.1; Win64; x64) AppleWebKit/537.36 (KHTML, like Gecko) Chrome/71.0.3578.98 Safari/537.36"
192.168.1.218 - - [18/Dec/2018:10:49:53 +0700] "GET /sismadak/application/assessment/hospital_assessment_chapter.php?event_id=1&category_id=4&grid_id=list1&_search=false&nd=1545105025266&rows=20&jqgrid_page=1&sidx=chapter_id&sord=asc HTTP/1.1" 200 5789 "http://192.168.1.8/sismadak/application/assessment/hospital_assessment_chapter.php?event_id=1&category_id=4" "Mozilla/5.0 (Windows NT 6.1; Win64; x64) AppleWebKit/537.36 (KHTML, like Gecko) Chrome/71.0.3578.98 Safari/537.36"
192.168.1.204 - - [18/Dec/2018:10:49:57 +0700] "GET /sismadak/application/assessment/hospital_assessment_chapter.php?event_id=1&category_id=4 HTTP/1.1" 200 46177 "http://192.168.1.8/sismadak/application/assessment/hospital_assessment_reguler_list.php?category_id=4&module_id=4" "Mozilla/5.0 (Windows NT 6.1; WOW64; rv:56.0) Gecko/20100101 Firefox/56.0"
192.168.1.204 - - [18/Dec/2018:10:49:57 +0700] "GET /sismadak/application/assessment/hospital_assessment_chapter.php?event_id=1&category_id=4&grid_id=list1&_search=false&nd=1545105021518&rows=20&jqgrid_page=1&sidx=chapter_id&sord=asc HTTP/1.1" 200 5789 "http://192.168.1.8/sismadak/application/assessment/hospital_assessment_chapter.php?event_id=1&category_id=4" "Mozilla/5.0 (Windows NT 6.1; WOW64; rv:56.0) Gecko/20100101 Firefox/56.0"
192.168.1.203 - - [18/Dec/2018:10:49:58 +0700] "GET /sismadak/images/bullet_on.png HTTP/1.1" 200 155 "http://192.168.1.8/sismadak/lib/js/menu/menu.css" "Mozilla/5.0 (Windows NT 6.1; WOW64; rv:56.0) Gecko/20100101 Firefox/56.0"
192.168.1.217 - - [18/Dec/2018:10:50:02 +0700] "GET /sismadak/index.php HTTP/1.1" 302 - "http://192.168.1.8/sismadak/menu.php" "Mozilla/5.0 (Windows NT 6.1; rv:41.0) Gecko/20100101 Firefox/41.0"
192.168.1.217 - - [18/Dec/2018:10:50:02 +0700] "GET /sismadak/menu.php HTTP/1.1" 200 3174 "http://192.168.1.8/sismadak/menu.php" "Mozilla/5.0 (Windows NT 6.1; rv:41.0) Gecko/20100101 Firefox/41.0"
192.168.1.217 - - [18/Dec/2018:10:50:03 +0700] "GET /sismadak/application/report/dashboard.php HTTP/1.1" 200 20734 "http://192.168.1.8/sismadak/menu.php" "Mozilla/5.0 (Windows NT 6.1; rv:41.0) Gecko/20100101 Firefox/41.0"
192.168.1.218 - - [18/Dec/2018:10:50:07 +0700] "GET /sismadak/application/assessment/hospital_assessment_reguler_list.php?category_id=4&module_id=4 HTTP/1.1" 200 50021 "http://192.168.1.8/sismadak/menu.php" "Mozilla/5.0 (Windows NT 6.1; Win64; x64) AppleWebKit/537.36 (KHTML, like Gecko) Chrome/71.0.3578.98 Safari/537.36"
192.168.1.218 - - [18/Dec/2018:10:50:10 +0700] "GET /sismadak/application/assessment/hospital_assessment_reguler_list.php?category_id=4&module_id=4&grid_id=list1&_search=false&nd=1545105041851&rows=20&jqgrid_page=1&sidx=accreditation_id&sord=desc HTTP/1.1" 200 743 "http://192.168.1.8/sismadak/application/assessment/hospital_assessment_reguler_list.php?category_id=4&module_id=4" "Mozilla/5.0 (Windows NT 6.1; Win64; x64) AppleWebKit/537.36 (KHTML, like Gecko) Chrome/71.0.3578.98 Safari/537.36"
192.168.1.144 - - [18/Dec/2018:10:50:10 +0700] "GET /sismadak/lib/js/themes/redmond/images/ui-bg_flat_55_fbec88_40x100.png HTTP/1.1" 200 274 "http://192.168.1.8/sismadak/lib/js/themes/redmond/jquery-ui.custom.css" "Mozilla/5.0 (Windows NT 6.3; WOW64) AppleWebKit/537.36 (KHTML, like Gecko) Chrome/69.0.3497.100 Safari/537.36"
192.168.1.219 - - [18/Dec/2018:10:50:11 +0700] "GET /sismadak/application/report/dashboard.php?id=1 HTTP/1.1" 200 20734 "http://192.168.1.8/sismadak/application/assessment/hospital_assessment_reguler_list.php?category_id=4&module_id=4" "Mozilla/5.0 (Windows NT 6.1; rv:64.0) Gecko/20100101 Firefox/64.0"
192.168.1.219 - - [18/Dec/2018:10:50:11 +0700] "GET /sismadak/lib/js/menu/stylesheet.css HTTP/1.1" 200 1454 "http://192.168.1.8/sismadak/application/report/dashboard.php?id=1" "Mozilla/5.0 (Windows NT 6.1; rv:64.0) Gecko/20100101 Firefox/64.0"
192.168.1.218 - - [18/Dec/2018:10:50:11 +0700] "GET /sismadak/application/report/dashboard.php HTTP/1.1" 200 20734 "http://192.168.1.8/sismadak/menu.php" "Mozilla/5.0 (Windows NT 6.1; Win64; x64) AppleWebKit/537.36 (KHTML, like Gecko) Chrome/71.0.3578.98 Safari/537.36"
192.168.1.217 - - [18/Dec/2018:10:50:14 +0700] "GET /sismadak/application/assessment/hospital_document_find.php HTTP/1.1" 200 55502 "http://192.168.1.8/sismadak/menu.php" "Mozilla/5.0 (Windows NT 6.1; rv:41.0) Gecko/20100101 Firefox/41.0"
192.168.1.217 - - [18/Dec/2018:10:50:14 +0700] "GET /sismadak/lib/js/themes/redmond/jquery-ui.custom.css HTTP/1.1" 200 27202 "http://192.168.1.8/sismadak/application/assessment/hospital_document_find.php" "Mozilla/5.0 (Windows NT 6.1; rv:41.0) Gecko/20100101 Firefox/41.0"
192.168.1.217 - - [18/Dec/2018:10:50:14 +0700] "GET /sismadak/lib/js/jqgrid/css/ui.jqgrid.css HTTP/1.1" 200 43855 "http://192.168.1.8/sismadak/application/assessment/hospital_document_find.php" "Mozilla/5.0 (Windows NT 6.1; rv:41.0) Gecko/20100101 Firefox/41.0"
192.168.1.217 - - [18/Dec/2018:10:50:14 +0700] "GET /sismadak/lib/js/jqgrid/js/i18n/grid.locale-en.js HTTP/1.1" 200 7078 "http://192.168.1.8/sismadak/application/assessment/hospital_document_find.php" "Mozilla/5.0 (Windows NT 6.1; rv:41.0) Gecko/20100101 Firefox/41.0"
192.168.1.217 - - [18/Dec/2018:10:50:14 +0700] "GET /sismadak/lib/js/themes/jquery-ui.custom.min.js HTTP/1.1" 200 267968 "http://192.168.1.8/sismadak/application/assessment/hospital_document_find.php" "Mozilla/5.0 (Windows NT 6.1; rv:41.0) Gecko/20100101 Firefox/41.0"
192.168.1.217 - - [18/Dec/2018:10:50:14 +0700] "GET /sismadak/lib/js/jqgrid/js/jquery.jqGrid.min.js HTTP/1.1" 200 281773 "http://192.168.1.8/sismadak/application/assessment/hospital_document_find.php" "Mozilla/5.0 (Windows NT 6.1; rv:41.0) Gecko/20100101 Firefox/41.0"
192.168.1.217 - - [18/Dec/2018:10:50:14 +0700] "GET /sismadak/lib/js/multiselect-widget/jquery.multiselect.filter.css HTTP/1.1" 200 326 "http://192.168.1.8/sismadak/application/assessment/hospital_document_find.php" "Mozilla/5.0 (Windows NT 6.1; rv:41.0) Gecko/20100101 Firefox/41.0"
192.168.1.217 - - [18/Dec/2018:10:50:14 +0700] "GET /sismadak/lib/js/multiselect-widget/jquery.multiselect.css HTTP/1.1" 200 1601 "http://192.168.1.8/sismadak/application/assessment/hospital_document_find.php" "Mozilla/5.0 (Windows NT 6.1; rv:41.0) Gecko/20100101 Firefox/41.0"
192.168.1.217 - - [18/Dec/2018:10:50:14 +0700] "GET /sismadak/lib/js/multiselect-widget/jquery.multiselect.js HTTP/1.1" 200 22081 "http://192.168.1.8/sismadak/application/assessment/hospital_document_find.php" "Mozilla/5.0 (Windows NT 6.1; rv:41.0) Gecko/20100101 Firefox/41.0"
192.168.1.217 - - [18/Dec/2018:10:50:14 +0700] "GET /sismadak/lib/js/multiselect-widget/jquery.multiselect.filter.js HTTP/1.1" 200 5435 "http://192.168.1.8/sismadak/application/assessment/hospital_document_find.php" "Mozilla/5.0 (Windows NT 6.1; rv:41.0) Gecko/20100101 Firefox/41.0"
192.168.1.217 - - [18/Dec/2018:10:50:14 +0700] "GET /sismadak/lib/js/fancybox/jquery.fancybox.css HTTP/1.1" 200 4388 "http://192.168.1.8/sismadak/application/assessment/hospital_document_find.php" "Mozilla/5.0 (Windows NT 6.1; rv:41.0) Gecko/20100101 Firefox/41.0"
192.168.1.217 - - [18/Dec/2018:10:50:14 +0700] "GET /sismadak/lib/js/fancybox/jquery.fancybox.js HTTP/1.1" 200 49744 "http://192.168.1.8/sismadak/application/assessment/hospital_document_find.php" "Mozilla/5.0 (Windows NT 6.1; rv:41.0) Gecko/20100101 Firefox/41.0"
192.168.1.144 - - [18/Dec/2018:10:50:15 +0700] "GET /sismadak/application/assessment/hospital_assessment_reguler_list.php?category_id=4&module_id=4&grid_id=list1&_search=false&nd=1545105160102&rows=20&jqgrid_page=1&sidx=accreditation_version&sord=asc HTTP/1.1" 200 743 "http://192.168.1.8/sismadak/application/assessment/hospital_assessment_reguler_list.php?category_id=4&module_id=4" "Mozilla/5.0 (Windows NT 6.3; WOW64) AppleWebKit/537.36 (KHTML, like Gecko) Chrome/69.0.3497.100 Safari/537.36"
192.168.1.217 - - [18/Dec/2018:10:50:15 +0700] "GET /sismadak/lib/js/themes/redmond/images/ui-bg_inset-hard_100_fcfdfd_1x100.png HTTP/1.1" 200 344 "http://192.168.1.8/sismadak/lib/js/themes/redmond/jquery-ui.custom.css" "Mozilla/5.0 (Windows NT 6.1; rv:41.0) Gecko/20100101 Firefox/41.0"
192.168.1.217 - - [18/Dec/2018:10:50:15 +0700] "GET /sismadak/lib/js/themes/redmond/images/ui-bg_glass_85_dfeffc_1x400.png HTTP/1.1" 200 393 "http://192.168.1.8/sismadak/lib/js/themes/redmond/jquery-ui.custom.css" "Mozilla/5.0 (Windows NT 6.1; rv:41.0) Gecko/20100101 Firefox/41.0"
192.168.1.217 - - [18/Dec/2018:10:50:15 +0700] "GET /sismadak/lib/js/themes/redmond/images/ui-bg_gloss-wave_55_5c9ccc_500x100.png HTTP/1.1" 200 5876 "http://192.168.1.8/sismadak/lib/js/themes/redmond/jquery-ui.custom.css" "Mozilla/5.0 (Windows NT 6.1; rv:41.0) Gecko/20100101 Firefox/41.0"
192.168.1.217 - - [18/Dec/2018:10:50:15 +0700] "GET /sismadak/lib/js/jqgrid/css/fonts/jquery-ui.woff?jquf1.4.1 HTTP/1.1" 200 53096 "http://192.168.1.8/sismadak/lib/js/jqgrid/css/ui.jqgrid.css" "Mozilla/5.0 (Windows NT 6.1; rv:41.0) Gecko/20100101 Firefox/41.0"
192.168.1.217 - - [18/Dec/2018:10:50:15 +0700] "GET /sismadak/lib/js/themes/redmond/images/ui-bg_inset-hard_100_f5f8f9_1x100.png HTTP/1.1" 200 385 "http://192.168.1.8/sismadak/lib/js/themes/redmond/jquery-ui.custom.css" "Mozilla/5.0 (Windows NT 6.1; rv:41.0) Gecko/20100101 Firefox/41.0"
192.168.1.217 - - [18/Dec/2018:10:50:15 +0700] "GET /sismadak/application/assessment/hospital_document_find.php?grid_id=list1&_search=false&nd=1545105039684&rows=30&jqgrid_page=1&sidx=1&sord=asc HTTP/1.1" 200 545 "http://192.168.1.8/sismadak/application/assessment/hospital_document_find.php" "Mozilla/5.0 (Windows NT 6.1; rv:41.0) Gecko/20100101 Firefox/41.0"
192.168.1.218 - - [18/Dec/2018:10:50:16 +0700] "GET /sismadak/application/assessment/hospital_assessment_reguler_list.php?category_id=4&module_id=4 HTTP/1.1" 200 50021 "http://192.168.1.8/sismadak/menu.php" "Mozilla/5.0 (Windows NT 6.1; Win64; x64) AppleWebKit/537.36 (KHTML, like Gecko) Chrome/71.0.3578.98 Safari/537.36"
192.168.1.219 - - [18/Dec/2018:10:50:16 +0700] "GET /sismadak/application/assessment/hospital_assessment_reguler_list.php?category_id=4&module_id=4 HTTP/1.1" 200 50021 "http://192.168.1.8/sismadak/menu.php" "Mozilla/5.0 (Windows NT 6.1; rv:64.0) Gecko/20100101 Firefox/64.0"
192.168.1.217 - - [18/Dec/2018:10:50:17 +0700] "GET /sismadak/lib/js/themes/redmond/images/ui-bg_glass_75_d0e5f5_1x400.png HTTP/1.1" 200 388 "http://192.168.1.8/sismadak/lib/js/themes/redmond/jquery-ui.custom.css" "Mozilla/5.0 (Windows NT 6.1; rv:41.0) Gecko/20100101 Firefox/41.0"
192.168.1.218 - - [18/Dec/2018:10:50:17 +0700] "GET /sismadak/application/assessment/hospital_assessment_reguler_list.php?category_id=4&module_id=4&grid_id=list1&_search=false&nd=1545105049242&rows=20&jqgrid_page=1&sidx=accreditation_id&sord=desc HTTP/1.1" 200 743 "http://192.168.1.8/sismadak/application/assessment/hospital_assessment_reguler_list.php?category_id=4&module_id=4" "Mozilla/5.0 (Windows NT 6.1; Win64; x64) AppleWebKit/537.36 (KHTML, like Gecko) Chrome/71.0.3578.98 Safari/537.36"
192.168.1.219 - - [18/Dec/2018:10:50:17 +0700] "GET /sismadak/application/assessment/hospital_assessment_reguler_list.php?category_id=4&module_id=4&grid_id=list1&_search=false&nd=1545105040697&rows=20&jqgrid_page=1&sidx=accreditation_id&sord=desc HTTP/1.1" 200 743 "http://192.168.1.8/sismadak/application/assessment/hospital_assessment_reguler_list.php?category_id=4&module_id=4" "Mozilla/5.0 (Windows NT 6.1; rv:64.0) Gecko/20100101 Firefox/64.0"
169.254.217.95 - - [18/Dec/2018:10:50:20 +0700] "GET /sismadak/application/hospital_profile/hospital_staff.php HTTP/1.1" 200 101535 "http://192.168.1.8/sismadak/menu.php" "Mozilla/5.0 (Windows NT 10.0; Win64; x64) AppleWebKit/537.36 (KHTML, like Gecko) Chrome/70.0.3538.110 Safari/537.36"
192.168.1.219 - - [18/Dec/2018:10:50:20 +0700] "GET /sismadak/application/assessment/hospital_assessment_chapter.php?event_id=1&category_id=4 HTTP/1.1" 200 46177 "http://192.168.1.8/sismadak/application/assessment/hospital_assessment_reguler_list.php?category_id=4&module_id=4" "Mozilla/5.0 (Windows NT 6.1; rv:64.0) Gecko/20100101 Firefox/64.0"
192.168.1.219 - - [18/Dec/2018:10:50:20 +0700] "GET /sismadak/lib/js/multiselect-widget/jquery.multiselect.filter.css HTTP/1.1" 200 326 "http://192.168.1.8/sismadak/application/assessment/hospital_assessment_chapter.php?event_id=1&category_id=4" "Mozilla/5.0 (Windows NT 6.1; rv:64.0) Gecko/20100101 Firefox/64.0"
192.168.1.218 - - [18/Dec/2018:10:50:20 +0700] "GET /sismadak/application/assessment/hospital_assessment_chapter.php?event_id=1&category_id=4 HTTP/1.1" 200 46177 "http://192.168.1.8/sismadak/application/assessment/hospital_assessment_reguler_list.php?category_id=4&module_id=4" "Mozilla/5.0 (Windows NT 6.1; Win64; x64) AppleWebKit/537.36 (KHTML, like Gecko) Chrome/71.0.3578.98 Safari/537.36"
169.254.217.95 - - [18/Dec/2018:10:50:20 +0700] "GET /sismadak/application/hospital_profile/hospital_staff.php?grid_id=list1&_search=false&nd=1545105042980&rows=20&jqgrid_page=1&sidx=1&sord=asc HTTP/1.1" 200 35 "http://192.168.1.8/sismadak/application/hospital_profile/hospital_staff.php" "Mozilla/5.0 (Windows NT 10.0; Win64; x64) AppleWebKit/537.36 (KHTML, like Gecko) Chrome/70.0.3538.110 Safari/537.36"
192.168.1.217 - - [18/Dec/2018:10:50:21 +0700] "GET /sismadak/application/report/dashboard.php HTTP/1.1" 200 20734 "http://192.168.1.8/sismadak/menu.php" "Mozilla/5.0 (Windows NT 6.1; rv:41.0) Gecko/20100101 Firefox/41.0"
192.168.1.219 - - [18/Dec/2018:10:50:21 +0700] "GET /sismadak/application/assessment/hospital_assessment_chapter.php?event_id=1&category_id=4&grid_id=list1&_search=false&nd=1545105044353&rows=20&jqgrid_page=1&sidx=chapter_id&sord=asc HTTP/1.1" 200 5789 "http://192.168.1.8/sismadak/application/assessment/hospital_assessment_chapter.php?event_id=1&category_id=4" "Mozilla/5.0 (Windows NT 6.1; rv:64.0) Gecko/20100101 Firefox/64.0"
169.254.217.95 - - [18/Dec/2018:10:50:24 +0700] "GET /sismadak/application/hospital_profile/hospital_profile_view.php HTTP/1.1" 200 6516 "http://192.168.1.8/sismadak/menu.php" "Mozilla/5.0 (Windows NT 10.0; Win64; x64) AppleWebKit/537.36 (KHTML, like Gecko) Chrome/70.0.3538.110 Safari/537.36"
192.168.1.218 - - [18/Dec/2018:10:50:28 +0700] "GET /sismadak/application/assessment/hospital_assessment_chapter.php?event_id=1&category_id=4&grid_id=list1&_search=false&nd=1545105060489&rows=20&jqgrid_page=1&sidx=chapter_id&sord=asc HTTP/1.1" 200 5789 "http://192.168.1.8/sismadak/application/assessment/hospital_assessment_chapter.php?event_id=1&category_id=4" "Mozilla/5.0 (Windows NT 6.1; Win64; x64) AppleWebKit/537.36 (KHTML, like Gecko) Chrome/71.0.3578.98 Safari/537.36"
169.254.217.95 - - [18/Dec/2018:10:50:29 +0700] "GET /sismadak/application/hospital_profile/hospital_profile_update.php HTTP/1.1" 200 30629 "http://192.168.1.8/sismadak/menu.php" "Mozilla/5.0 (Windows NT 10.0; Win64; x64) AppleWebKit/537.36 (KHTML, like Gecko) Chrome/70.0.3538.110 Safari/537.36"
169.254.217.95 - - [18/Dec/2018:10:50:29 +0700] "GET /sismadak/bootstrap/css/bootstrap.min.css HTTP/1.1" 200 121200 "http://192.168.1.8/sismadak/application/hospital_profile/hospital_profile_update.php" "Mozilla/5.0 (Windows NT 10.0; Win64; x64) AppleWebKit/537.36 (KHTML, like Gecko) Chrome/70.0.3538.110 Safari/537.36"
169.254.217.95 - - [18/Dec/2018:10:50:29 +0700] "GET /sismadak/lib/js/select2/select2-bootstrap.css HTTP/1.1" 200 3347 "http://192.168.1.8/sismadak/application/hospital_profile/hospital_profile_update.php" "Mozilla/5.0 (Windows NT 10.0; Win64; x64) AppleWebKit/537.36 (KHTML, like Gecko) Chrome/70.0.3538.110 Safari/537.36"
169.254.217.95 - - [18/Dec/2018:10:50:29 +0700] "GET /sismadak/bootstrap/css/bootstrap-iso.css HTTP/1.1" 200 177561 "http://192.168.1.8/sismadak/application/hospital_profile/hospital_profile_update.php" "Mozilla/5.0 (Windows NT 10.0; Win64; x64) AppleWebKit/537.36 (KHTML, like Gecko) Chrome/70.0.3538.110 Safari/537.36"
169.254.217.95 - - [18/Dec/2018:10:50:29 +0700] "GET /sismadak/bootstrap/css/font-awesome.min.css HTTP/1.1" 200 26711 "http://192.168.1.8/sismadak/application/hospital_profile/hospital_profile_update.php" "Mozilla/5.0 (Windows NT 10.0; Win64; x64) AppleWebKit/537.36 (KHTML, like Gecko) Chrome/70.0.3538.110 Safari/537.36"
169.254.217.95 - - [18/Dec/2018:10:50:29 +0700] "GET /sismadak/bootstrap/js/jquery-1.11.3.min.js HTTP/1.1" 200 95957 "http://192.168.1.8/sismadak/application/hospital_profile/hospital_profile_update.php" "Mozilla/5.0 (Windows NT 10.0; Win64; x64) AppleWebKit/537.36 (KHTML, like Gecko) Chrome/70.0.3538.110 Safari/537.36"
169.254.217.95 - - [18/Dec/2018:10:50:29 +0700] "GET /sismadak/bootstrap/fonts/fontawesome-webfont.woff2?v=4.4.0 HTTP/1.1" 200 77160 "http://192.168.1.8/sismadak/bootstrap/css/font-awesome.min.css" "Mozilla/5.0 (Windows NT 10.0; Win64; x64) AppleWebKit/537.36 (KHTML, like Gecko) Chrome/70.0.3538.110 Safari/537.36"
169.254.217.95 - - [18/Dec/2018:10:50:29 +0700] "GET /sismadak/lib/js/select2/select2.min.js?_=1545105052173 HTTP/1.1" 200 66596 "http://192.168.1.8/sismadak/application/hospital_profile/hospital_profile_update.php" "Mozilla/5.0 (Windows NT 10.0; Win64; x64) AppleWebKit/537.36 (KHTML, like Gecko) Chrome/70.0.3538.110 Safari/537.36"
192.168.1.204 - - [18/Dec/2018:10:50:31 +0700] "GET /sismadak/application/assessment/hospital_assessment_chapter_online.php?chapter_id=11&event_id=1 HTTP/1.1" 200 60977 "http://192.168.1.8/sismadak/application/assessment/hospital_assessment_chapter.php?event_id=1&category_id=4" "Mozilla/5.0 (Windows NT 6.1; WOW64; rv:56.0) Gecko/20100101 Firefox/56.0"
169.254.175.243 - - [18/Dec/2018:10:50:31 +0700] "GET /sismadak/application/assessment/hospital_document_find.php HTTP/1.1" 200 55502 "http://192.168.1.8/sismadak/menu.php" "Mozilla/5.0 (Windows NT 6.1; rv:37.0) Gecko/20100101 Firefox/37.0"
169.254.175.243 - - [18/Dec/2018:10:50:32 +0700] "GET /sismadak/lib/js/jqgrid/css/fonts/jquery-ui.woff?jquf1.4.1 HTTP/1.1" 304 - "http://192.168.1.8/sismadak/lib/js/jqgrid/css/ui.jqgrid.css" "Mozilla/5.0 (Windows NT 6.1; rv:37.0) Gecko/20100101 Firefox/37.0"
192.168.1.204 - - [18/Dec/2018:10:50:31 +0700] "GET /sismadak/application/assessment/hospital_assessment_chapter_online.php?chapter_id=11&event_id=1&grid_id=list1&_search=false&nd=1545105055467&rows=20&jqgrid_page=1&sidx=instrument_standard_id+asc%2C+instrument_id&sord=asc HTTP/1.1" 200 17381 "http://192.168.1.8/sismadak/application/assessment/hospital_assessment_chapter_online.php?chapter_id=11&event_id=1" "Mozilla/5.0 (Windows NT 6.1; WOW64; rv:56.0) Gecko/20100101 Firefox/56.0"
192.168.1.219 - - [18/Dec/2018:10:50:32 +0700] "GET /sismadak/lib/js/themes/redmond/images/ui-bg_flat_55_fbec88_40x100.png HTTP/1.1" 200 274 "http://192.168.1.8/sismadak/lib/js/themes/redmond/jquery-ui.custom.css" "Mozilla/5.0 (Windows NT 6.1; rv:64.0) Gecko/20100101 Firefox/64.0"
169.254.175.243 - - [18/Dec/2018:10:50:32 +0700] "GET /sismadak/application/assessment/hospital_document_find.php?grid_id=list1&_search=false&nd=1545105056080&rows=30&jqgrid_page=1&sidx=1&sord=asc HTTP/1.1" 200 545 "http://192.168.1.8/sismadak/application/assessment/hospital_document_find.php" "Mozilla/5.0 (Windows NT 6.1; rv:37.0) Gecko/20100101 Firefox/37.0"
169.254.175.243 - - [18/Dec/2018:10:50:33 +0700] "GET /sismadak/lib/js/themes/redmond/images/ui-bg_glass_75_d0e5f5_1x400.png HTTP/1.1" 200 388 "http://192.168.1.8/sismadak/lib/js/themes/redmond/jquery-ui.custom.css" "Mozilla/5.0 (Windows NT 6.1; rv:37.0) Gecko/20100101 Firefox/37.0"
192.168.1.203 - - [18/Dec/2018:10:50:39 +0700] "GET /sismadak/application/assessment/hospital_assessment_reguler_list.php?category_id=4&module_id=4 HTTP/1.1" 200 50021 "http://192.168.1.8/sismadak/menu.php" "Mozilla/5.0 (Windows NT 6.1; WOW64; rv:56.0) Gecko/20100101 Firefox/56.0"
192.168.1.121 - - [18/Dec/2018:10:50:39 +0700] "POST /sismadak/index.php HTTP/1.1" 200 3001 "http://192.168.1.8/sismadak/" "Mozilla/5.0 (Windows NT 6.3; Win64; x64) AppleWebKit/537.36 (KHTML, like Gecko) Chrome/71.0.3578.98 Safari/537.36"
192.168.1.203 - - [18/Dec/2018:10:50:39 +0700] "GET /sismadak/lib/js/themes/redmond/jquery-ui.custom.css HTTP/1.1" 200 27202 "http://192.168.1.8/sismadak/application/assessment/hospital_assessment_reguler_list.php?category_id=4&module_id=4" "Mozilla/5.0 (Windows NT 6.1; WOW64; rv:56.0) Gecko/20100101 Firefox/56.0"
192.168.1.203 - - [18/Dec/2018:10:50:39 +0700] "GET /sismadak/lib/js/jqgrid/css/ui.jqgrid.css HTTP/1.1" 200 43855 "http://192.168.1.8/sismadak/application/assessment/hospital_assessment_reguler_list.php?category_id=4&module_id=4" "Mozilla/5.0 (Windows NT 6.1; WOW64; rv:56.0) Gecko/20100101 Firefox/56.0"
192.168.1.203 - - [18/Dec/2018:10:50:39 +0700] "GET /sismadak/lib/js/jqgrid/js/i18n/grid.locale-en.js HTTP/1.1" 200 7078 "http://192.168.1.8/sismadak/application/assessment/hospital_assessment_reguler_list.php?category_id=4&module_id=4" "Mozilla/5.0 (Windows NT 6.1; WOW64; rv:56.0) Gecko/20100101 Firefox/56.0"
192.168.1.203 - - [18/Dec/2018:10:50:39 +0700] "GET /sismadak/lib/js/multiselect-widget/jquery.multiselect.css HTTP/1.1" 200 1601 "http://192.168.1.8/sismadak/application/assessment/hospital_assessment_reguler_list.php?category_id=4&module_id=4" "Mozilla/5.0 (Windows NT 6.1; WOW64; rv:56.0) Gecko/20100101 Firefox/56.0"
192.168.1.203 - - [18/Dec/2018:10:50:39 +0700] "GET /sismadak/lib/js/jqgrid/js/jquery.jqGrid.min.js HTTP/1.1" 200 281773 "http://192.168.1.8/sismadak/application/assessment/hospital_assessment_reguler_list.php?category_id=4&module_id=4" "Mozilla/5.0 (Windows NT 6.1; WOW64; rv:56.0) Gecko/20100101 Firefox/56.0"
192.168.1.203 - - [18/Dec/2018:10:50:39 +0700] "GET /sismadak/lib/js/multiselect-widget/jquery.multiselect.filter.css HTTP/1.1" 200 326 "http://192.168.1.8/sismadak/application/assessment/hospital_assessment_reguler_list.php?category_id=4&module_id=4" "Mozilla/5.0 (Windows NT 6.1; WOW64; rv:56.0) Gecko/20100101 Firefox/56.0"
192.168.1.203 - - [18/Dec/2018:10:50:39 +0700] "GET /sismadak/lib/js/themes/jquery-ui.custom.min.js HTTP/1.1" 200 267968 "http://192.168.1.8/sismadak/application/assessment/hospital_assessment_reguler_list.php?category_id=4&module_id=4" "Mozilla/5.0 (Windows NT 6.1; WOW64; rv:56.0) Gecko/20100101 Firefox/56.0"
192.168.1.203 - - [18/Dec/2018:10:50:39 +0700] "GET /sismadak/lib/js/multiselect-widget/jquery.multiselect.filter.js HTTP/1.1" 200 5435 "http://192.168.1.8/sismadak/application/assessment/hospital_assessment_reguler_list.php?category_id=4&module_id=4" "Mozilla/5.0 (Windows NT 6.1; WOW64; rv:56.0) Gecko/20100101 Firefox/56.0"
192.168.1.203 - - [18/Dec/2018:10:50:39 +0700] "GET /sismadak/lib/js/fancybox/jquery.fancybox.css HTTP/1.1" 200 4388 "http://192.168.1.8/sismadak/application/assessment/hospital_assessment_reguler_list.php?category_id=4&module_id=4" "Mozilla/5.0 (Windows NT 6.1; WOW64; rv:56.0) Gecko/20100101 Firefox/56.0"
192.168.1.203 - - [18/Dec/2018:10:50:39 +0700] "GET /sismadak/lib/js/multiselect-widget/jquery.multiselect.js HTTP/1.1" 200 22081 "http://192.168.1.8/sismadak/application/assessment/hospital_assessment_reguler_list.php?category_id=4&module_id=4" "Mozilla/5.0 (Windows NT 6.1; WOW64; rv:56.0) Gecko/20100101 Firefox/56.0"
192.168.1.203 - - [18/Dec/2018:10:50:39 +0700] "GET /sismadak/lib/js/fancybox/jquery.fancybox.js HTTP/1.1" 200 49744 "http://192.168.1.8/sismadak/application/assessment/hospital_assessment_reguler_list.php?category_id=4&module_id=4" "Mozilla/5.0 (Windows NT 6.1; WOW64; rv:56.0) Gecko/20100101 Firefox/56.0"
192.168.1.203 - - [18/Dec/2018:10:50:40 +0700] "GET /sismadak/lib/js/themes/redmond/images/ui-bg_inset-hard_100_fcfdfd_1x100.png HTTP/1.1" 200 344 "http://192.168.1.8/sismadak/lib/js/themes/redmond/jquery-ui.custom.css" "Mozilla/5.0 (Windows NT 6.1; WOW64; rv:56.0) Gecko/20100101 Firefox/56.0"
192.168.1.203 - - [18/Dec/2018:10:50:40 +0700] "GET /sismadak/lib/js/themes/redmond/images/ui-bg_glass_85_dfeffc_1x400.png HTTP/1.1" 200 393 "http://192.168.1.8/sismadak/lib/js/themes/redmond/jquery-ui.custom.css" "Mozilla/5.0 (Windows NT 6.1; WOW64; rv:56.0) Gecko/20100101 Firefox/56.0"
192.168.1.203 - - [18/Dec/2018:10:50:40 +0700] "GET /sismadak/lib/js/jqgrid/css/fonts/jquery-ui.woff?jquf1.4.1 HTTP/1.1" 200 53096 "http://192.168.1.8/sismadak/lib/js/jqgrid/css/ui.jqgrid.css" "Mozilla/5.0 (Windows NT 6.1; WOW64; rv:56.0) Gecko/20100101 Firefox/56.0"
192.168.1.203 - - [18/Dec/2018:10:50:40 +0700] "GET /sismadak/lib/js/themes/redmond/images/ui-bg_gloss-wave_55_5c9ccc_500x100.png HTTP/1.1" 200 5876 "http://192.168.1.8/sismadak/lib/js/themes/redmond/jquery-ui.custom.css" "Mozilla/5.0 (Windows NT 6.1; WOW64; rv:56.0) Gecko/20100101 Firefox/56.0"
192.168.1.203 - - [18/Dec/2018:10:50:40 +0700] "GET /sismadak/lib/js/themes/redmond/images/ui-bg_inset-hard_100_f5f8f9_1x100.png HTTP/1.1" 200 385 "http://192.168.1.8/sismadak/lib/js/themes/redmond/jquery-ui.custom.css" "Mozilla/5.0 (Windows NT 6.1; WOW64; rv:56.0) Gecko/20100101 Firefox/56.0"
192.168.1.203 - - [18/Dec/2018:10:50:40 +0700] "GET /sismadak/application/assessment/hospital_assessment_reguler_list.php?category_id=4&module_id=4&grid_id=list1&_search=false&nd=1545130379670&rows=20&jqgrid_page=1&sidx=accreditation_id&sord=desc HTTP/1.1" 200 743 "http://192.168.1.8/sismadak/application/assessment/hospital_assessment_reguler_list.php?category_id=4&module_id=4" "Mozilla/5.0 (Windows NT 6.1; WOW64; rv:56.0) Gecko/20100101 Firefox/56.0"
192.168.1.213 - - [18/Dec/2018:10:50:45 +0700] "GET /sismadak/ HTTP/1.1" 200 2947 "-" "Mozilla/5.0 (Windows NT 6.1; WOW64; rv:55.0) Gecko/20100101 Firefox/55.0"
192.168.1.218 - - [18/Dec/2018:10:50:47 +0700] "GET /sismadak/application/assessment/hospital_assessment_chapter_online.php?chapter_id=15&event_id=1 HTTP/1.1" 200 60977 "http://192.168.1.8/sismadak/application/assessment/hospital_assessment_chapter.php?event_id=1&category_id=4" "Mozilla/5.0 (Windows NT 6.1; Win64; x64) AppleWebKit/537.36 (KHTML, like Gecko) Chrome/71.0.3578.98 Safari/537.36"
192.168.1.213 - - [18/Dec/2018:10:50:48 +0700] "GET /sismadak/index.php HTTP/1.1" 200 2947 "-" "Mozilla/5.0 (Windows NT 6.1; WOW64; rv:55.0) Gecko/20100101 Firefox/55.0"
192.168.1.213 - - [18/Dec/2018:10:50:57 +0700] "POST /sismadak/index.php HTTP/1.1" 302 2947 "http://192.168.1.8/sismadak/index.php" "Mozilla/5.0 (Windows NT 6.1; WOW64; rv:55.0) Gecko/20100101 Firefox/55.0"
192.168.1.213 - - [18/Dec/2018:10:50:57 +0700] "GET /sismadak/menu.php HTTP/1.1" 200 3174 "http://192.168.1.8/sismadak/index.php" "Mozilla/5.0 (Windows NT 6.1; WOW64; rv:55.0) Gecko/20100101 Firefox/55.0"
192.168.1.213 - - [18/Dec/2018:10:50:57 +0700] "GET /sismadak/lib/js/menu/menu.css HTTP/1.1" 200 6755 "http://192.168.1.8/sismadak/menu.php" "Mozilla/5.0 (Windows NT 6.1; WOW64; rv:55.0) Gecko/20100101 Firefox/55.0"
192.168.1.213 - - [18/Dec/2018:10:50:57 +0700] "GET /sismadak/lib/js/jquery.min.js HTTP/1.1" 200 96381 "http://192.168.1.8/sismadak/menu.php" "Mozilla/5.0 (Windows NT 6.1; WOW64; rv:55.0) Gecko/20100101 Firefox/55.0"
192.168.1.213 - - [18/Dec/2018:10:50:57 +0700] "GET /sismadak/lib/js/menu/jquery.dcmegamenu.1.3.3.js HTTP/1.1" 200 6987 "http://192.168.1.8/sismadak/menu.php" "Mozilla/5.0 (Windows NT 6.1; WOW64; rv:55.0) Gecko/20100101 Firefox/55.0"
192.168.1.213 - - [18/Dec/2018:10:50:57 +0700] "GET /sismadak/lib/js/menu/jquery.hoverIntent.minified.js HTTP/1.1" 200 1614 "http://192.168.1.8/sismadak/menu.php" "Mozilla/5.0 (Windows NT 6.1; WOW64; rv:55.0) Gecko/20100101 Firefox/55.0"
192.168.1.213 - - [18/Dec/2018:10:50:57 +0700] "GET /sismadak/images/bg_blue.png HTTP/1.1" 200 1132 "http://192.168.1.8/sismadak/lib/js/menu/menu.css" "Mozilla/5.0 (Windows NT 6.1; WOW64; rv:55.0) Gecko/20100101 Firefox/55.0"
192.168.1.213 - - [18/Dec/2018:10:50:57 +0700] "GET /sismadak/images/bg_sub_left.png HTTP/1.1" 200 719 "http://192.168.1.8/sismadak/lib/js/menu/menu.css" "Mozilla/5.0 (Windows NT 6.1; WOW64; rv:55.0) Gecko/20100101 Firefox/55.0"
192.168.1.213 - - [18/Dec/2018:10:50:57 +0700] "GET /sismadak/images/arrow.png HTTP/1.1" 200 237 "http://192.168.1.8/sismadak/lib/js/menu/menu.css" "Mozilla/5.0 (Windows NT 6.1; WOW64; rv:55.0) Gecko/20100101 Firefox/55.0"
192.168.1.213 - - [18/Dec/2018:10:50:57 +0700] "GET /sismadak/images/bg_sub.png HTTP/1.1" 200 8845 "http://192.168.1.8/sismadak/lib/js/menu/menu.css" "Mozilla/5.0 (Windows NT 6.1; WOW64; rv:55.0) Gecko/20100101 Firefox/55.0"
192.168.1.213 - - [18/Dec/2018:10:50:57 +0700] "GET /sismadak/images/laporan.png HTTP/1.1" 200 14933 "http://192.168.1.8/sismadak/lib/js/menu/menu.css" "Mozilla/5.0 (Windows NT 6.1; WOW64; rv:55.0) Gecko/20100101 Firefox/55.0"
192.168.1.213 - - [18/Dec/2018:10:50:57 +0700] "GET /sismadak/images/bg_hdr.png HTTP/1.1" 200 151 "http://192.168.1.8/sismadak/lib/js/menu/menu.css" "Mozilla/5.0 (Windows NT 6.1; WOW64; rv:55.0) Gecko/20100101 Firefox/55.0"
192.168.1.213 - - [18/Dec/2018:10:50:57 +0700] "GET /sismadak/application/report/dashboard.php HTTP/1.1" 200 20734 "http://192.168.1.8/sismadak/menu.php" "Mozilla/5.0 (Windows NT 6.1; WOW64; rv:55.0) Gecko/20100101 Firefox/55.0"
192.168.1.213 - - [18/Dec/2018:10:50:57 +0700] "GET /sismadak/images/bullet.png HTTP/1.1" 200 156 "http://192.168.1.8/sismadak/lib/js/menu/menu.css" "Mozilla/5.0 (Windows NT 6.1; WOW64; rv:55.0) Gecko/20100101 Firefox/55.0"
192.168.1.213 - - [18/Dec/2018:10:50:57 +0700] "GET /sismadak/images/configuration.png HTTP/1.1" 200 15435 "http://192.168.1.8/sismadak/lib/js/menu/menu.css" "Mozilla/5.0 (Windows NT 6.1; WOW64; rv:55.0) Gecko/20100101 Firefox/55.0"
192.168.1.213 - - [18/Dec/2018:10:50:57 +0700] "GET /sismadak/lib/js/RGraph/libraries/RGraph.common.dynamic.js HTTP/1.1" 200 18806 "http://192.168.1.8/sismadak/application/report/dashboard.php" "Mozilla/5.0 (Windows NT 6.1; WOW64; rv:55.0) Gecko/20100101 Firefox/55.0"
192.168.1.213 - - [18/Dec/2018:10:50:57 +0700] "GET /sismadak/lib/js/RGraph/libraries/RGraph.gauge.js HTTP/1.1" 200 23883 "http://192.168.1.8/sismadak/application/report/dashboard.php" "Mozilla/5.0 (Windows NT 6.1; WOW64; rv:55.0) Gecko/20100101 Firefox/55.0"
192.168.1.213 - - [18/Dec/2018:10:50:57 +0700] "GET /sismadak/lib/js/RGraph/libraries/RGraph.meter.js HTTP/1.1" 200 22426 "http://192.168.1.8/sismadak/application/report/dashboard.php" "Mozilla/5.0 (Windows NT 6.1; WOW64; rv:55.0) Gecko/20100101 Firefox/55.0"
192.168.1.213 - - [18/Dec/2018:10:50:57 +0700] "GET /sismadak/lib/js/RGraph/libraries/RGraph.common.key.js HTTP/1.1" 200 12332 "http://192.168.1.8/sismadak/application/report/dashboard.php" "Mozilla/5.0 (Windows NT 6.1; WOW64; rv:55.0) Gecko/20100101 Firefox/55.0"
192.168.1.213 - - [18/Dec/2018:10:50:57 +0700] "GET /sismadak/lib/js/RGraph/libraries/RGraph.common.core.js HTTP/1.1" 200 72705 "http://192.168.1.8/sismadak/application/report/dashboard.php" "Mozilla/5.0 (Windows NT 6.1; WOW64; rv:55.0) Gecko/20100101 Firefox/55.0"
192.168.1.213 - - [18/Dec/2018:10:50:57 +0700] "GET /sismadak/lib/js/RGraph/libraries/RGraph.common.tooltips.js HTTP/1.1" 200 5732 "http://192.168.1.8/sismadak/application/report/dashboard.php" "Mozilla/5.0 (Windows NT 6.1; WOW64; rv:55.0) Gecko/20100101 Firefox/55.0"
192.168.1.213 - - [18/Dec/2018:10:50:57 +0700] "GET /sismadak/lib/js/RGraph/libraries/RGraph.drawing.xaxis.js HTTP/1.1" 200 9413 "http://192.168.1.8/sismadak/application/report/dashboard.php" "Mozilla/5.0 (Windows NT 6.1; WOW64; rv:55.0) Gecko/20100101 Firefox/55.0"
192.168.1.213 - - [18/Dec/2018:10:50:58 +0700] "GET /sismadak/lib/js/RGraph/libraries/RGraph.bar.js HTTP/1.1" 200 64135 "http://192.168.1.8/sismadak/application/report/dashboard.php" "Mozilla/5.0 (Windows NT 6.1; WOW64; rv:55.0) Gecko/20100101 Firefox/55.0"
192.168.1.218 - - [18/Dec/2018:10:51:00 +0700] "GET /sismadak/application/assessment/hospital_assessment_chapter_online.php?chapter_id=15&event_id=1&grid_id=list1&_search=false&nd=1545105089915&rows=20&jqgrid_page=1&sidx=instrument_standard_id+asc%2C+instrument_id&sord=asc HTTP/1.1" 200 17265 "http://192.168.1.8/sismadak/application/assessment/hospital_assessment_chapter_online.php?chapter_id=15&event_id=1" "Mozilla/5.0 (Windows NT 6.1; Win64; x64) AppleWebKit/537.36 (KHTML, like Gecko) Chrome/71.0.3578.98 Safari/537.36"
192.168.1.213 - - [18/Dec/2018:10:51:10 +0700] "GET /sismadak/images/bullet_on.png HTTP/1.1" 200 155 "http://192.168.1.8/sismadak/lib/js/menu/menu.css" "Mozilla/5.0 (Windows NT 6.1; WOW64; rv:55.0) Gecko/20100101 Firefox/55.0"
192.168.1.213 - - [18/Dec/2018:10:51:17 +0700] "GET /sismadak/index.php HTTP/1.1" 302 - "http://192.168.1.8/sismadak/menu.php" "Mozilla/5.0 (Windows NT 6.1; WOW64; rv:55.0) Gecko/20100101 Firefox/55.0"
192.168.1.213 - - [18/Dec/2018:10:51:17 +0700] "GET /sismadak/menu.php HTTP/1.1" 200 3174 "http://192.168.1.8/sismadak/menu.php" "Mozilla/5.0 (Windows NT 6.1; WOW64; rv:55.0) Gecko/20100101 Firefox/55.0"
192.168.1.213 - - [18/Dec/2018:10:51:17 +0700] "GET /sismadak/application/report/dashboard.php HTTP/1.1" 200 20734 "http://192.168.1.8/sismadak/menu.php" "Mozilla/5.0 (Windows NT 6.1; WOW64; rv:55.0) Gecko/20100101 Firefox/55.0"
192.168.1.215 - - [18/Dec/2018:10:51:19 +0700] "GET /sismadak/logout.php HTTP/1.1" 302 - "http://192.168.1.8/sismadak/menu.php" "Mozilla/5.0 (Windows NT 6.1; WOW64; rv:63.0) Gecko/20100101 Firefox/63.0"
192.168.1.215 - - [18/Dec/2018:10:51:19 +0700] "GET /sismadak/index.php HTTP/1.1" 200 2947 "http://192.168.1.8/sismadak/menu.php" "Mozilla/5.0 (Windows NT 6.1; WOW64; rv:63.0) Gecko/20100101 Firefox/63.0"
192.168.1.229 - - [18/Dec/2018:10:51:21 +0700] "POST /sismadak/index.php HTTP/1.1" 302 2947 "http://192.168.1.8/sismadak/" "Mozilla/5.0 (Windows NT 6.1; WOW64; rv:56.0) Gecko/20100101 Firefox/56.0"
192.168.1.229 - - [18/Dec/2018:10:51:21 +0700] "GET /sismadak/menu.php HTTP/1.1" 200 3174 "http://192.168.1.8/sismadak/" "Mozilla/5.0 (Windows NT 6.1; WOW64; rv:56.0) Gecko/20100101 Firefox/56.0"
192.168.1.229 - - [18/Dec/2018:10:51:21 +0700] "GET /sismadak/lib/js/menu/menu.css HTTP/1.1" 200 6755 "http://192.168.1.8/sismadak/menu.php" "Mozilla/5.0 (Windows NT 6.1; WOW64; rv:56.0) Gecko/20100101 Firefox/56.0"
192.168.1.229 - - [18/Dec/2018:10:51:21 +0700] "GET /sismadak/lib/js/jquery.min.js HTTP/1.1" 200 96381 "http://192.168.1.8/sismadak/menu.php" "Mozilla/5.0 (Windows NT 6.1; WOW64; rv:56.0) Gecko/20100101 Firefox/56.0"
192.168.1.229 - - [18/Dec/2018:10:51:21 +0700] "GET /sismadak/lib/js/menu/jquery.dcmegamenu.1.3.3.js HTTP/1.1" 200 6987 "http://192.168.1.8/sismadak/menu.php" "Mozilla/5.0 (Windows NT 6.1; WOW64; rv:56.0) Gecko/20100101 Firefox/56.0"
192.168.1.229 - - [18/Dec/2018:10:51:21 +0700] "GET /sismadak/lib/js/menu/jquery.hoverIntent.minified.js HTTP/1.1" 200 1614 "http://192.168.1.8/sismadak/menu.php" "Mozilla/5.0 (Windows NT 6.1; WOW64; rv:56.0) Gecko/20100101 Firefox/56.0"
192.168.1.229 - - [18/Dec/2018:10:51:21 +0700] "GET /sismadak/images/bg_blue.png HTTP/1.1" 200 1132 "http://192.168.1.8/sismadak/lib/js/menu/menu.css" "Mozilla/5.0 (Windows NT 6.1; WOW64; rv:56.0) Gecko/20100101 Firefox/56.0"
192.168.1.229 - - [18/Dec/2018:10:51:21 +0700] "GET /sismadak/images/bg_sub_left.png HTTP/1.1" 200 719 "http://192.168.1.8/sismadak/lib/js/menu/menu.css" "Mozilla/5.0 (Windows NT 6.1; WOW64; rv:56.0) Gecko/20100101 Firefox/56.0"
192.168.1.229 - - [18/Dec/2018:10:51:21 +0700] "GET /sismadak/images/arrow.png HTTP/1.1" 200 237 "http://192.168.1.8/sismadak/lib/js/menu/menu.css" "Mozilla/5.0 (Windows NT 6.1; WOW64; rv:56.0) Gecko/20100101 Firefox/56.0"
192.168.1.229 - - [18/Dec/2018:10:51:21 +0700] "GET /sismadak/images/bg_sub.png HTTP/1.1" 200 8845 "http://192.168.1.8/sismadak/lib/js/menu/menu.css" "Mozilla/5.0 (Windows NT 6.1; WOW64; rv:56.0) Gecko/20100101 Firefox/56.0"
192.168.1.229 - - [18/Dec/2018:10:51:21 +0700] "GET /sismadak/images/bg_hdr.png HTTP/1.1" 200 151 "http://192.168.1.8/sismadak/lib/js/menu/menu.css" "Mozilla/5.0 (Windows NT 6.1; WOW64; rv:56.0) Gecko/20100101 Firefox/56.0"
192.168.1.229 - - [18/Dec/2018:10:51:21 +0700] "GET /sismadak/images/laporan.png HTTP/1.1" 200 14933 "http://192.168.1.8/sismadak/lib/js/menu/menu.css" "Mozilla/5.0 (Windows NT 6.1; WOW64; rv:56.0) Gecko/20100101 Firefox/56.0"
192.168.1.229 - - [18/Dec/2018:10:51:21 +0700] "GET /sismadak/application/report/dashboard.php HTTP/1.1" 200 20734 "http://192.168.1.8/sismadak/menu.php" "Mozilla/5.0 (Windows NT 6.1; WOW64; rv:56.0) Gecko/20100101 Firefox/56.0"
192.168.1.229 - - [18/Dec/2018:10:51:21 +0700] "GET /sismadak/images/bullet.png HTTP/1.1" 200 156 "http://192.168.1.8/sismadak/lib/js/menu/menu.css" "Mozilla/5.0 (Windows NT 6.1; WOW64; rv:56.0) Gecko/20100101 Firefox/56.0"
192.168.1.229 - - [18/Dec/2018:10:51:21 +0700] "GET /sismadak/images/configuration.png HTTP/1.1" 200 15435 "http://192.168.1.8/sismadak/lib/js/menu/menu.css" "Mozilla/5.0 (Windows NT 6.1; WOW64; rv:56.0) Gecko/20100101 Firefox/56.0"
192.168.1.229 - - [18/Dec/2018:10:51:21 +0700] "GET /sismadak/lib/js/RGraph/libraries/RGraph.common.dynamic.js HTTP/1.1" 200 18806 "http://192.168.1.8/sismadak/application/report/dashboard.php" "Mozilla/5.0 (Windows NT 6.1; WOW64; rv:56.0) Gecko/20100101 Firefox/56.0"
192.168.1.229 - - [18/Dec/2018:10:51:21 +0700] "GET /sismadak/lib/js/RGraph/libraries/RGraph.common.core.js HTTP/1.1" 200 72705 "http://192.168.1.8/sismadak/application/report/dashboard.php" "Mozilla/5.0 (Windows NT 6.1; WOW64; rv:56.0) Gecko/20100101 Firefox/56.0"
192.168.1.229 - - [18/Dec/2018:10:51:21 +0700] "GET /sismadak/lib/js/RGraph/libraries/RGraph.gauge.js HTTP/1.1" 200 23883 "http://192.168.1.8/sismadak/application/report/dashboard.php" "Mozilla/5.0 (Windows NT 6.1; WOW64; rv:56.0) Gecko/20100101 Firefox/56.0"
192.168.1.229 - - [18/Dec/2018:10:51:21 +0700] "GET /sismadak/lib/js/RGraph/libraries/RGraph.meter.js HTTP/1.1" 200 22426 "http://192.168.1.8/sismadak/application/report/dashboard.php" "Mozilla/5.0 (Windows NT 6.1; WOW64; rv:56.0) Gecko/20100101 Firefox/56.0"
192.168.1.229 - - [18/Dec/2018:10:51:21 +0700] "GET /sismadak/lib/js/RGraph/libraries/RGraph.common.key.js HTTP/1.1" 200 12332 "http://192.168.1.8/sismadak/application/report/dashboard.php" "Mozilla/5.0 (Windows NT 6.1; WOW64; rv:56.0) Gecko/20100101 Firefox/56.0"
192.168.1.229 - - [18/Dec/2018:10:51:21 +0700] "GET /sismadak/lib/js/RGraph/libraries/RGraph.common.tooltips.js HTTP/1.1" 200 5732 "http://192.168.1.8/sismadak/application/report/dashboard.php" "Mozilla/5.0 (Windows NT 6.1; WOW64; rv:56.0) Gecko/20100101 Firefox/56.0"
192.168.1.229 - - [18/Dec/2018:10:51:21 +0700] "GET /sismadak/lib/js/RGraph/libraries/RGraph.drawing.xaxis.js HTTP/1.1" 200 9413 "http://192.168.1.8/sismadak/application/report/dashboard.php" "Mozilla/5.0 (Windows NT 6.1; WOW64; rv:56.0) Gecko/20100101 Firefox/56.0"
192.168.1.229 - - [18/Dec/2018:10:51:21 +0700] "GET /sismadak/lib/js/RGraph/libraries/RGraph.bar.js HTTP/1.1" 200 64135 "http://192.168.1.8/sismadak/application/report/dashboard.php" "Mozilla/5.0 (Windows NT 6.1; WOW64; rv:56.0) Gecko/20100101 Firefox/56.0"
192.168.1.203 - - [18/Dec/2018:10:51:37 +0700] "GET /sismadak/application/assessment/hospital_document_find.php HTTP/1.1" 200 55502 "http://192.168.1.8/sismadak/menu.php" "Mozilla/5.0 (Windows NT 6.1; WOW64; rv:56.0) Gecko/20100101 Firefox/56.0"
192.168.1.203 - - [18/Dec/2018:10:51:38 +0700] "GET /sismadak/application/assessment/hospital_document_find.php?grid_id=list1&_search=false&nd=1545130437432&rows=30&jqgrid_page=1&sidx=1&sord=asc HTTP/1.1" 200 545 "http://192.168.1.8/sismadak/application/assessment/hospital_document_find.php" "Mozilla/5.0 (Windows NT 6.1; WOW64; rv:56.0) Gecko/20100101 Firefox/56.0"
192.168.1.219 - - [18/Dec/2018:10:51:43 +0700] "GET /sismadak/application/assessment/hospital_assessment_reguler_list.php?category_id=4&module_id=4 HTTP/1.1" 200 50021 "http://192.168.1.8/sismadak/menu.php" "Mozilla/5.0 (Windows NT 6.1; rv:64.0) Gecko/20100101 Firefox/64.0"
192.168.1.228 - - [18/Dec/2018:10:51:43 +0700] "GET /sismadak/application/filemanager/filemanager.php HTTP/1.1" 200 23262 "http://192.168.1.8/sismadak/menu.php" "Mozilla/5.0 (Windows NT 6.1; WOW64; rv:55.0) Gecko/20100101 Firefox/55.0"
192.168.1.228 - - [18/Dec/2018:10:51:44 +0700] "GET /sismadak/application/filemanager/js/tools.js HTTP/1.1" 200 8403 "http://192.168.1.8/sismadak/application/filemanager/filemanager.php" "Mozilla/5.0 (Windows NT 6.1; WOW64; rv:55.0) Gecko/20100101 Firefox/55.0"
192.168.1.228 - - [18/Dec/2018:10:51:44 +0700] "GET /sismadak/application/filemanager/js/ajax.js HTTP/1.1" 200 4945 "http://192.168.1.8/sismadak/application/filemanager/filemanager.php" "Mozilla/5.0 (Windows NT 6.1; WOW64; rv:55.0) Gecko/20100101 Firefox/55.0"
192.168.1.228 - - [18/Dec/2018:10:51:44 +0700] "GET /sismadak/application/filemanager/js/codeedit.js HTTP/1.1" 200 11895 "http://192.168.1.8/sismadak/application/filemanager/filemanager.php" "Mozilla/5.0 (Windows NT 6.1; WOW64; rv:55.0) Gecko/20100101 Firefox/55.0"
192.168.1.228 - - [18/Dec/2018:10:51:44 +0700] "GET /sismadak/application/filemanager/js/syntax.js HTTP/1.1" 200 12816 "http://192.168.1.8/sismadak/application/filemanager/filemanager.php" "Mozilla/5.0 (Windows NT 6.1; WOW64; rv:55.0) Gecko/20100101 Firefox/55.0"
192.168.1.228 - - [18/Dec/2018:10:51:44 +0700] "GET /sismadak/application/filemanager/js/codeview.js HTTP/1.1" 200 7295 "http://192.168.1.8/sismadak/application/filemanager/filemanager.php" "Mozilla/5.0 (Windows NT 6.1; WOW64; rv:55.0) Gecko/20100101 Firefox/55.0"
192.168.1.228 - - [18/Dec/2018:10:51:44 +0700] "GET /sismadak/application/filemanager/js/filemanager.js HTTP/1.1" 200 45811 "http://192.168.1.8/sismadak/application/filemanager/filemanager.php" "Mozilla/5.0 (Windows NT 6.1; WOW64; rv:55.0) Gecko/20100101 Firefox/55.0"
192.168.1.228 - - [18/Dec/2018:10:51:44 +0700] "GET /sismadak/application/filemanager/js/parser.js HTTP/1.1" 200 38999 "http://192.168.1.8/sismadak/application/filemanager/filemanager.php" "Mozilla/5.0 (Windows NT 6.1; WOW64; rv:55.0) Gecko/20100101 Firefox/55.0"
192.168.1.228 - - [18/Dec/2018:10:51:44 +0700] "GET /sismadak/application/filemanager/ext/flashreplace/flashreplace.js HTTP/1.1" 200 2459 "http://192.168.1.8/sismadak/application/filemanager/filemanager.php" "Mozilla/5.0 (Windows NT 6.1; WOW64; rv:55.0) Gecko/20100101 Firefox/55.0"
192.168.1.228 - - [18/Dec/2018:10:51:44 +0700] "GET /sismadak/application/filemanager/ext/filedrop/filedrop-min.js HTTP/1.1" 200 16861 "http://192.168.1.8/sismadak/application/filemanager/filemanager.php" "Mozilla/5.0 (Windows NT 6.1; WOW64; rv:55.0) Gecko/20100101 Firefox/55.0"
192.168.1.228 - - [18/Dec/2018:10:51:44 +0700] "GET /sismadak/application/filemanager/ext/uppod/uppod.js HTTP/1.1" 200 117870 "http://192.168.1.8/sismadak/application/filemanager/filemanager.php" "Mozilla/5.0 (Windows NT 6.1; WOW64; rv:55.0) Gecko/20100101 Firefox/55.0"
