192.168.1.218 - - [18/Dec/2018:11:05:40 +0700] "GET /sismadak/application/filemanager/js/codeview.js HTTP/1.1" 200 7295 "http://192.168.1.8/sismadak/application/filemanager/filemanager.php" "Mozilla/5.0 (Windows NT 6.1; Win64; x64) AppleWebKit/537.36 (KHTML, like Gecko) Chrome/71.0.3578.98 Safari/537.36"
192.168.1.219 - - [18/Dec/2018:11:05:41 +0700] "GET /sismadak/application/filemanager/icn/sort_asc.gif HTTP/1.1" 200 63 "http://192.168.1.8/sismadak/application/filemanager/filemanager.php" "Mozilla/5.0 (Windows NT 6.1; rv:64.0) Gecko/20100101 Firefox/64.0"
192.168.1.219 - - [18/Dec/2018:11:05:42 +0700] "GET /sismadak/application/filemanager/icn/menu.gif HTTP/1.1" 200 282 "http://192.168.1.8/sismadak/application/filemanager/filemanager.php" "Mozilla/5.0 (Windows NT 6.1; rv:64.0) Gecko/20100101 Firefox/64.0"
192.168.1.219 - - [18/Dec/2018:11:05:42 +0700] "GET /sismadak/application/filemanager/icn/list_icons.png HTTP/1.1" 200 742 "http://192.168.1.8/sismadak/application/filemanager/filemanager.php" "Mozilla/5.0 (Windows NT 6.1; rv:64.0) Gecko/20100101 Firefox/64.0"
192.168.1.219 - - [18/Dec/2018:11:05:42 +0700] "GET /sismadak/application/filemanager/icn/small/bullet_arrow_up.png HTTP/1.1" 200 266 "http://192.168.1.8/sismadak/application/filemanager/filemanager.php" "Mozilla/5.0 (Windows NT 6.1; rv:64.0) Gecko/20100101 Firefox/64.0"
192.168.1.218 - - [18/Dec/2018:11:05:45 +0700] "GET /sismadak/application/filemanager/js/parser.js HTTP/1.1" 200 38999 "http://192.168.1.8/sismadak/application/filemanager/filemanager.php" "Mozilla/5.0 (Windows NT 6.1; Win64; x64) AppleWebKit/537.36 (KHTML, like Gecko) Chrome/71.0.3578.98 Safari/537.36"
192.168.1.219 - - [18/Dec/2018:11:05:46 +0700] "GET /sismadak/application/filemanager/icn/move_x.png HTTP/1.1" 200 774 "http://192.168.1.8/sismadak/application/filemanager/filemanager.php" "Mozilla/5.0 (Windows NT 6.1; rv:64.0) Gecko/20100101 Firefox/64.0"
192.168.1.219 - - [18/Dec/2018:11:05:46 +0700] "GET /sismadak/application/filemanager/icn/download_x.png HTTP/1.1" 200 819 "http://192.168.1.8/sismadak/application/filemanager/filemanager.php" "Mozilla/5.0 (Windows NT 6.1; rv:64.0) Gecko/20100101 Firefox/64.0"
192.168.1.219 - - [18/Dec/2018:11:05:46 +0700] "GET /sismadak/application/filemanager/icn/delete_x.png HTTP/1.1" 200 762 "http://192.168.1.8/sismadak/application/filemanager/filemanager.php" "Mozilla/5.0 (Windows NT 6.1; rv:64.0) Gecko/20100101 Firefox/64.0"
192.168.1.218 - - [18/Dec/2018:11:05:51 +0700] "GET /sismadak/application/filemanager/ext/filedrop/filedrop-min.js HTTP/1.1" 200 16861 "http://192.168.1.8/sismadak/application/filemanager/filemanager.php" "Mozilla/5.0 (Windows NT 6.1; Win64; x64) AppleWebKit/537.36 (KHTML, like Gecko) Chrome/71.0.3578.98 Safari/537.36"
192.168.1.218 - - [18/Dec/2018:11:05:52 +0700] "GET /sismadak/application/filemanager/js/filemanager.js HTTP/1.1" 200 45811 "http://192.168.1.8/sismadak/application/filemanager/filemanager.php" "Mozilla/5.0 (Windows NT 6.1; Win64; x64) AppleWebKit/537.36 (KHTML, like Gecko) Chrome/71.0.3578.98 Safari/537.36"
192.168.1.218 - - [18/Dec/2018:11:05:52 +0700] "GET /sismadak/application/filemanager/ext/flashreplace/flashreplace.js HTTP/1.1" 200 2459 "http://192.168.1.8/sismadak/application/filemanager/filemanager.php" "Mozilla/5.0 (Windows NT 6.1; Win64; x64) AppleWebKit/537.36 (KHTML, like Gecko) Chrome/71.0.3578.98 Safari/537.36"
192.168.1.218 - - [18/Dec/2018:11:05:59 +0700] "GET /sismadak/application/filemanager/ext/uppod/uppod.js HTTP/1.1" 200 117870 "http://192.168.1.8/sismadak/application/filemanager/filemanager.php" "Mozilla/5.0 (Windows NT 6.1; Win64; x64) AppleWebKit/537.36 (KHTML, like Gecko) Chrome/71.0.3578.98 Safari/537.36"
192.168.1.229 - - [18/Dec/2018:11:06:02 +0700] "GET /sismadak/application/filemanager/icn/small/folder.png HTTP/1.1" 200 632 "http://192.168.1.8/sismadak/application/filemanager/filemanager.php" "Mozilla/5.0 (Windows NT 6.1; WOW64; rv:56.0) Gecko/20100101 Firefox/56.0"
192.168.1.229 - - [18/Dec/2018:11:06:02 +0700] "GET /sismadak/application/filemanager/icn/sort_asc.gif HTTP/1.1" 200 63 "http://192.168.1.8/sismadak/application/filemanager/filemanager.php" "Mozilla/5.0 (Windows NT 6.1; WOW64; rv:56.0) Gecko/20100101 Firefox/56.0"
192.168.1.229 - - [18/Dec/2018:11:06:02 +0700] "GET /sismadak/application/filemanager/icn/list_icons.png HTTP/1.1" 200 742 "http://192.168.1.8/sismadak/application/filemanager/filemanager.php" "Mozilla/5.0 (Windows NT 6.1; WOW64; rv:56.0) Gecko/20100101 Firefox/56.0"
192.168.1.229 - - [18/Dec/2018:11:06:02 +0700] "GET /sismadak/application/filemanager/icn/menu.gif HTTP/1.1" 200 282 "http://192.168.1.8/sismadak/application/filemanager/filemanager.php" "Mozilla/5.0 (Windows NT 6.1; WOW64; rv:56.0) Gecko/20100101 Firefox/56.0"
192.168.1.203 - - [18/Dec/2018:11:06:06 +0700] "GET /sismadak/application/filemanager/filemanager.php HTTP/1.1" 200 23262 "http://192.168.1.8/sismadak/menu.php" "Mozilla/5.0 (Windows NT 6.1; WOW64; rv:56.0) Gecko/20100101 Firefox/56.0"
192.168.1.203 - - [18/Dec/2018:11:06:06 +0700] "GET /sismadak/application/filemanager/js/tools.js HTTP/1.1" 200 8403 "http://192.168.1.8/sismadak/application/filemanager/filemanager.php" "Mozilla/5.0 (Windows NT 6.1; WOW64; rv:56.0) Gecko/20100101 Firefox/56.0"
192.168.1.203 - - [18/Dec/2018:11:06:06 +0700] "GET /sismadak/application/filemanager/js/ajax.js HTTP/1.1" 200 4945 "http://192.168.1.8/sismadak/application/filemanager/filemanager.php" "Mozilla/5.0 (Windows NT 6.1; WOW64; rv:56.0) Gecko/20100101 Firefox/56.0"
192.168.1.203 - - [18/Dec/2018:11:06:06 +0700] "GET /sismadak/application/filemanager/js/codeedit.js HTTP/1.1" 200 11895 "http://192.168.1.8/sismadak/application/filemanager/filemanager.php" "Mozilla/5.0 (Windows NT 6.1; WOW64; rv:56.0) Gecko/20100101 Firefox/56.0"
192.168.1.203 - - [18/Dec/2018:11:06:06 +0700] "GET /sismadak/application/filemanager/js/codeview.js HTTP/1.1" 200 7295 "http://192.168.1.8/sismadak/application/filemanager/filemanager.php" "Mozilla/5.0 (Windows NT 6.1; WOW64; rv:56.0) Gecko/20100101 Firefox/56.0"
192.168.1.203 - - [18/Dec/2018:11:06:06 +0700] "GET /sismadak/application/filemanager/js/syntax.js HTTP/1.1" 200 12816 "http://192.168.1.8/sismadak/application/filemanager/filemanager.php" "Mozilla/5.0 (Windows NT 6.1; WOW64; rv:56.0) Gecko/20100101 Firefox/56.0"
192.168.1.203 - - [18/Dec/2018:11:06:06 +0700] "GET /sismadak/application/filemanager/js/parser.js HTTP/1.1" 200 38999 "http://192.168.1.8/sismadak/application/filemanager/filemanager.php" "Mozilla/5.0 (Windows NT 6.1; WOW64; rv:56.0) Gecko/20100101 Firefox/56.0"
192.168.1.203 - - [18/Dec/2018:11:06:06 +0700] "GET /sismadak/application/filemanager/js/filemanager.js HTTP/1.1" 200 45811 "http://192.168.1.8/sismadak/application/filemanager/filemanager.php" "Mozilla/5.0 (Windows NT 6.1; WOW64; rv:56.0) Gecko/20100101 Firefox/56.0"
192.168.1.203 - - [18/Dec/2018:11:06:06 +0700] "GET /sismadak/application/filemanager/ext/flashreplace/flashreplace.js HTTP/1.1" 200 2459 "http://192.168.1.8/sismadak/application/filemanager/filemanager.php" "Mozilla/5.0 (Windows NT 6.1; WOW64; rv:56.0) Gecko/20100101 Firefox/56.0"
192.168.1.203 - - [18/Dec/2018:11:06:07 +0700] "GET /sismadak/application/filemanager/ext/filedrop/filedrop-min.js HTTP/1.1" 200 16861 "http://192.168.1.8/sismadak/application/filemanager/filemanager.php" "Mozilla/5.0 (Windows NT 6.1; WOW64; rv:56.0) Gecko/20100101 Firefox/56.0"
192.168.1.203 - - [18/Dec/2018:11:06:07 +0700] "GET /sismadak/application/filemanager/css/filemanager.css HTTP/1.1" 200 8477 "http://192.168.1.8/sismadak/application/filemanager/filemanager.php" "Mozilla/5.0 (Windows NT 6.1; WOW64; rv:56.0) Gecko/20100101 Firefox/56.0"
192.168.1.203 - - [18/Dec/2018:11:06:07 +0700] "GET /sismadak/application/filemanager/ext/uppod/uppod.js HTTP/1.1" 200 117870 "http://192.168.1.8/sismadak/application/filemanager/filemanager.php" "Mozilla/5.0 (Windows NT 6.1; WOW64; rv:56.0) Gecko/20100101 Firefox/56.0"
192.168.1.203 - - [18/Dec/2018:11:06:07 +0700] "GET /sismadak/application/filemanager/ext/filedrop/filedrop.css HTTP/1.1" 200 517 "http://192.168.1.8/sismadak/application/filemanager/filemanager.php" "Mozilla/5.0 (Windows NT 6.1; WOW64; rv:56.0) Gecko/20100101 Firefox/56.0"
192.168.1.203 - - [18/Dec/2018:11:06:07 +0700] "GET /sismadak/application/filemanager/action.php?fmContainer=fmCont1&fmMode=getContSettings&preventCache=1545131306572 HTTP/1.1" 200 482 "http://192.168.1.8/sismadak/application/filemanager/filemanager.php" "Mozilla/5.0 (Windows NT 6.1; WOW64; rv:56.0) Gecko/20100101 Firefox/56.0"
192.168.1.203 - - [18/Dec/2018:11:06:07 +0700] "GET /sismadak/application/filemanager/action.php?fmContainer=fmCont1&fmMode=getUserPerms&preventCache=1545131306624 HTTP/1.1" 200 184 "http://192.168.1.8/sismadak/application/filemanager/filemanager.php" "Mozilla/5.0 (Windows NT 6.1; WOW64; rv:56.0) Gecko/20100101 Firefox/56.0"
192.168.1.203 - - [18/Dec/2018:11:06:07 +0700] "GET /sismadak/application/filemanager/action.php?fmContainer=fmCont1&fmMode=getMessages&preventCache=1545131306671 HTTP/1.1" 200 1766 "http://192.168.1.8/sismadak/application/filemanager/filemanager.php" "Mozilla/5.0 (Windows NT 6.1; WOW64; rv:56.0) Gecko/20100101 Firefox/56.0"
192.168.1.203 - - [18/Dec/2018:11:06:07 +0700] "GET /sismadak/application/filemanager/icn/ajax_loader.gif HTTP/1.1" 200 7021 "http://192.168.1.8/sismadak/application/filemanager/filemanager.php" "Mozilla/5.0 (Windows NT 6.1; WOW64; rv:56.0) Gecko/20100101 Firefox/56.0"
192.168.1.203 - - [18/Dec/2018:11:06:07 +0700] "GET /sismadak/application/filemanager/action.php?fmContainer=fmCont1&fmMode=refresh&preventCache=1545131306717 HTTP/1.1" 200 924 "http://192.168.1.8/sismadak/application/filemanager/filemanager.php" "Mozilla/5.0 (Windows NT 6.1; WOW64; rv:56.0) Gecko/20100101 Firefox/56.0"
192.168.1.203 - - [18/Dec/2018:11:06:07 +0700] "GET /sismadak/application/filemanager/icn/refresh.png HTTP/1.1" 200 674 "http://192.168.1.8/sismadak/application/filemanager/filemanager.php" "Mozilla/5.0 (Windows NT 6.1; WOW64; rv:56.0) Gecko/20100101 Firefox/56.0"
192.168.1.203 - - [18/Dec/2018:11:06:07 +0700] "GET /sismadak/application/filemanager/icn/list_details.png HTTP/1.1" 200 600 "http://192.168.1.8/sismadak/application/filemanager/filemanager.php" "Mozilla/5.0 (Windows NT 6.1; WOW64; rv:56.0) Gecko/20100101 Firefox/56.0"
192.168.1.203 - - [18/Dec/2018:11:06:07 +0700] "GET /sismadak/application/filemanager/icn/big/folder.png HTTP/1.1" 200 1086 "http://192.168.1.8/sismadak/application/filemanager/filemanager.php" "Mozilla/5.0 (Windows NT 6.1; WOW64; rv:56.0) Gecko/20100101 Firefox/56.0"
192.168.1.203 - - [18/Dec/2018:11:06:07 +0700] "GET /sismadak/application/filemanager/action.php?fmContainer=fmCont1&fmMode=getExplorer&preventCache=1545131306766 HTTP/1.1" 200 358 "http://192.168.1.8/sismadak/application/filemanager/filemanager.php" "Mozilla/5.0 (Windows NT 6.1; WOW64; rv:56.0) Gecko/20100101 Firefox/56.0"
192.168.1.203 - - [18/Dec/2018:11:06:07 +0700] "GET /sismadak/application/filemanager/icn/dir_open.gif HTTP/1.1" 200 81 "http://192.168.1.8/sismadak/application/filemanager/filemanager.php" "Mozilla/5.0 (Windows NT 6.1; WOW64; rv:56.0) Gecko/20100101 Firefox/56.0"
192.168.1.203 - - [18/Dec/2018:11:06:07 +0700] "GET /sismadak/application/filemanager/icn/treeClose.gif HTTP/1.1" 200 65 "http://192.168.1.8/sismadak/application/filemanager/filemanager.php" "Mozilla/5.0 (Windows NT 6.1; WOW64; rv:56.0) Gecko/20100101 Firefox/56.0"
192.168.1.203 - - [18/Dec/2018:11:06:07 +0700] "GET /sismadak/application/filemanager/icn/blank.gif HTTP/1.1" 200 49 "http://192.168.1.8/sismadak/application/filemanager/filemanager.php" "Mozilla/5.0 (Windows NT 6.1; WOW64; rv:56.0) Gecko/20100101 Firefox/56.0"
192.168.1.203 - - [18/Dec/2018:11:06:07 +0700] "GET /sismadak/application/filemanager/icn/dir.gif HTTP/1.1" 200 80 "http://192.168.1.8/sismadak/application/filemanager/filemanager.php" "Mozilla/5.0 (Windows NT 6.1; WOW64; rv:56.0) Gecko/20100101 Firefox/56.0"
192.168.1.219 - - [18/Dec/2018:11:06:29 +0700] "GET /sismadak/index.php HTTP/1.1" 302 - "http://192.168.1.8/sismadak/menu.php" "Mozilla/5.0 (Windows NT 6.1; rv:64.0) Gecko/20100101 Firefox/64.0"
192.168.1.219 - - [18/Dec/2018:11:06:29 +0700] "GET /sismadak/menu.php HTTP/1.1" 200 3174 "http://192.168.1.8/sismadak/menu.php" "Mozilla/5.0 (Windows NT 6.1; rv:64.0) Gecko/20100101 Firefox/64.0"
192.168.1.219 - - [18/Dec/2018:11:06:30 +0700] "GET /sismadak/application/report/dashboard.php HTTP/1.1" 200 20794 "http://192.168.1.8/sismadak/menu.php" "Mozilla/5.0 (Windows NT 6.1; rv:64.0) Gecko/20100101 Firefox/64.0"
192.168.1.254 - - [18/Dec/2018:11:06:38 +0700] "GET /sismadak/application/user_management/filemanager_user_access.php HTTP/1.1" 200 55376 "http://119.110.67.68:8808/sismadak/menu.php" "Mozilla/5.0 (Macintosh; Intel Mac OS X 10_10_5) AppleWebKit/537.36 (KHTML, like Gecko) Chrome/70.0.3538.110 Safari/537.36"
192.168.1.219 - - [18/Dec/2018:11:06:39 +0700] "GET /sismadak/application/assessment/hospital_assessment_reguler_list.php?category_id=4&module_id=4 HTTP/1.1" 200 50021 "http://192.168.1.8/sismadak/menu.php" "Mozilla/5.0 (Windows NT 6.1; rv:64.0) Gecko/20100101 Firefox/64.0"
192.168.1.219 - - [18/Dec/2018:11:06:40 +0700] "GET /sismadak/application/assessment/hospital_assessment_reguler_list.php?category_id=4&module_id=4&grid_id=list1&_search=false&nd=1545106023555&rows=20&jqgrid_page=1&sidx=accreditation_id&sord=desc HTTP/1.1" 200 743 "http://192.168.1.8/sismadak/application/assessment/hospital_assessment_reguler_list.php?category_id=4&module_id=4" "Mozilla/5.0 (Windows NT 6.1; rv:64.0) Gecko/20100101 Firefox/64.0"
192.168.1.254 - - [18/Dec/2018:11:06:41 +0700] "GET /sismadak/application/user_management/filemanager_user_access.php?grid_id=list1&_search=false&nd=1545106026408&rows=50&jqgrid_page=1&sidx=filemanager_id&sord=asc HTTP/1.1" 200 4899 "http://119.110.67.68:8808/sismadak/application/user_management/filemanager_user_access.php" "Mozilla/5.0 (Macintosh; Intel Mac OS X 10_10_5) AppleWebKit/537.36 (KHTML, like Gecko) Chrome/70.0.3538.110 Safari/537.36"
192.168.1.219 - - [18/Dec/2018:11:06:52 +0700] "GET /sismadak/application/assessment/hospital_assessment_chapter.php?event_id=1&category_id=4 HTTP/1.1" 200 46177 "http://192.168.1.8/sismadak/application/assessment/hospital_assessment_reguler_list.php?category_id=4&module_id=4" "Mozilla/5.0 (Windows NT 6.1; rv:64.0) Gecko/20100101 Firefox/64.0"
192.168.1.204 - - [18/Dec/2018:11:06:52 +0700] "GET /sismadak/application/assessment/hospital_document_find.php HTTP/1.1" 200 55502 "http://192.168.1.8/sismadak/menu.php" "Mozilla/5.0 (Windows NT 6.1; WOW64; rv:56.0) Gecko/20100101 Firefox/56.0"
192.168.1.204 - - [18/Dec/2018:11:06:52 +0700] "GET /sismadak/application/assessment/hospital_document_find.php?grid_id=list1&_search=false&nd=1545106036632&rows=30&jqgrid_page=1&sidx=1&sord=asc HTTP/1.1" 200 1068 "http://192.168.1.8/sismadak/application/assessment/hospital_document_find.php" "Mozilla/5.0 (Windows NT 6.1; WOW64; rv:56.0) Gecko/20100101 Firefox/56.0"
192.168.1.219 - - [18/Dec/2018:11:06:53 +0700] "GET /sismadak/application/assessment/hospital_assessment_chapter.php?event_id=1&category_id=4&grid_id=list1&_search=false&nd=1545106036454&rows=20&jqgrid_page=1&sidx=chapter_id&sord=asc HTTP/1.1" 200 5793 "http://192.168.1.8/sismadak/application/assessment/hospital_assessment_chapter.php?event_id=1&category_id=4" "Mozilla/5.0 (Windows NT 6.1; rv:64.0) Gecko/20100101 Firefox/64.0"
192.168.1.229 - - [18/Dec/2018:11:07:01 +0700] "GET /sismadak/application/filemanager/action.php?fmContainer=fmCont1&fmMode=refreshAll&preventCache=1545106044396 HTTP/1.1" 200 924 "http://192.168.1.8/sismadak/application/filemanager/filemanager.php" "Mozilla/5.0 (Windows NT 6.1; WOW64; rv:56.0) Gecko/20100101 Firefox/56.0"
192.168.1.229 - - [18/Dec/2018:11:07:01 +0700] "GET /sismadak/application/filemanager/icn/mediaLoading.gif HTTP/1.1" 200 1766 "http://192.168.1.8/sismadak/application/filemanager/filemanager.php" "Mozilla/5.0 (Windows NT 6.1; WOW64; rv:56.0) Gecko/20100101 Firefox/56.0"
192.168.1.229 - - [18/Dec/2018:11:07:01 +0700] "GET /sismadak/application/filemanager/action.php?fmContainer=fmCont1&fmMode=getExplorer&preventCache=1545106044463 HTTP/1.1" 200 358 "http://192.168.1.8/sismadak/application/filemanager/filemanager.php" "Mozilla/5.0 (Windows NT 6.1; WOW64; rv:56.0) Gecko/20100101 Firefox/56.0"
192.168.1.229 - - [18/Dec/2018:11:07:02 +0700] "GET /sismadak/application/filemanager/action.php?fmContainer=fmCont1&fmMode=refreshAll&preventCache=1545106045404 HTTP/1.1" 200 924 "http://192.168.1.8/sismadak/application/filemanager/filemanager.php" "Mozilla/5.0 (Windows NT 6.1; WOW64; rv:56.0) Gecko/20100101 Firefox/56.0"
192.168.1.229 - - [18/Dec/2018:11:07:02 +0700] "GET /sismadak/application/filemanager/action.php?fmContainer=fmCont1&fmMode=getExplorer&preventCache=1545106045453 HTTP/1.1" 200 358 "http://192.168.1.8/sismadak/application/filemanager/filemanager.php" "Mozilla/5.0 (Windows NT 6.1; WOW64; rv:56.0) Gecko/20100101 Firefox/56.0"
192.168.1.203 - - [18/Dec/2018:11:07:02 +0700] "GET /sismadak/application/filemanager/action.php?fmContainer=fmCont1&fmMode=getExplorer&preventCache=1545131361703 HTTP/1.1" 200 358 "http://192.168.1.8/sismadak/application/filemanager/filemanager.php" "Mozilla/5.0 (Windows NT 6.1; WOW64; rv:56.0) Gecko/20100101 Firefox/56.0"
192.168.1.203 - - [18/Dec/2018:11:07:02 +0700] "GET /sismadak/application/filemanager/icn/mediaLoading.gif HTTP/1.1" 200 1766 "http://192.168.1.8/sismadak/application/filemanager/filemanager.php" "Mozilla/5.0 (Windows NT 6.1; WOW64; rv:56.0) Gecko/20100101 Firefox/56.0"
192.168.1.229 - - [18/Dec/2018:11:07:03 +0700] "GET /sismadak/application/filemanager/action.php?fmContainer=fmCont1&fmMode=refreshAll&preventCache=1545106046197 HTTP/1.1" 200 924 "http://192.168.1.8/sismadak/application/filemanager/filemanager.php" "Mozilla/5.0 (Windows NT 6.1; WOW64; rv:56.0) Gecko/20100101 Firefox/56.0"
192.168.1.229 - - [18/Dec/2018:11:07:03 +0700] "GET /sismadak/application/filemanager/action.php?fmContainer=fmCont1&fmMode=getExplorer&preventCache=1545106046266 HTTP/1.1" 200 358 "http://192.168.1.8/sismadak/application/filemanager/filemanager.php" "Mozilla/5.0 (Windows NT 6.1; WOW64; rv:56.0) Gecko/20100101 Firefox/56.0"
192.168.1.219 - - [18/Dec/2018:11:07:31 +0700] "GET /sismadak/application/assessment/hospital_assessment_chapter_online.php?chapter_id=4&event_id=1 HTTP/1.1" 200 60972 "http://192.168.1.8/sismadak/application/assessment/hospital_assessment_chapter.php?event_id=1&category_id=4" "Mozilla/5.0 (Windows NT 6.1; rv:64.0) Gecko/20100101 Firefox/64.0"
192.168.1.219 - - [18/Dec/2018:11:07:32 +0700] "GET /sismadak/application/assessment/hospital_assessment_chapter_online.php?chapter_id=4&event_id=1&grid_id=list1&_search=false&nd=1545106075473&rows=20&jqgrid_page=1&sidx=instrument_standard_id+asc%2C+instrument_id&sord=asc HTTP/1.1" 200 16831 "http://192.168.1.8/sismadak/application/assessment/hospital_assessment_chapter_online.php?chapter_id=4&event_id=1" "Mozilla/5.0 (Windows NT 6.1; rv:64.0) Gecko/20100101 Firefox/64.0"
192.168.1.219 - - [18/Dec/2018:11:08:28 +0700] "GET /sismadak/index.php HTTP/1.1" 302 - "http://192.168.1.8/sismadak/menu.php" "Mozilla/5.0 (Windows NT 6.1; rv:64.0) Gecko/20100101 Firefox/64.0"
192.168.1.219 - - [18/Dec/2018:11:08:28 +0700] "GET /sismadak/menu.php HTTP/1.1" 200 3174 "http://192.168.1.8/sismadak/menu.php" "Mozilla/5.0 (Windows NT 6.1; rv:64.0) Gecko/20100101 Firefox/64.0"
192.168.1.219 - - [18/Dec/2018:11:08:29 +0700] "GET /sismadak/application/report/dashboard.php HTTP/1.1" 200 20794 "http://192.168.1.8/sismadak/menu.php" "Mozilla/5.0 (Windows NT 6.1; rv:64.0) Gecko/20100101 Firefox/64.0"
192.168.1.229 - - [18/Dec/2018:11:08:30 +0700] "GET /sismadak/application/report/dashboard.php HTTP/1.1" 200 20794 "http://192.168.1.8/sismadak/menu.php" "Mozilla/5.0 (Windows NT 6.1; WOW64; rv:56.0) Gecko/20100101 Firefox/56.0"
192.168.1.228 - - [18/Dec/2018:11:08:31 +0700] "GET /sismadak/index.php HTTP/1.1" 302 - "http://192.168.1.8/sismadak/menu.php" "Mozilla/5.0 (Windows NT 6.1; WOW64; rv:55.0) Gecko/20100101 Firefox/55.0"
192.168.1.228 - - [18/Dec/2018:11:08:31 +0700] "GET /sismadak/menu.php HTTP/1.1" 200 6541 "http://192.168.1.8/sismadak/menu.php" "Mozilla/5.0 (Windows NT 6.1; WOW64; rv:55.0) Gecko/20100101 Firefox/55.0"
192.168.1.228 - - [18/Dec/2018:11:08:31 +0700] "GET /sismadak/application/report/dashboard.php HTTP/1.1" 200 20794 "http://192.168.1.8/sismadak/menu.php" "Mozilla/5.0 (Windows NT 6.1; WOW64; rv:55.0) Gecko/20100101 Firefox/55.0"
192.168.1.203 - - [18/Dec/2018:11:08:39 +0700] "GET /sismadak/application/filemanager/action.php?fmContainer=fmCont1&fmMode=getExplorer&preventCache=1545131458155 HTTP/1.1" 200 358 "http://192.168.1.8/sismadak/application/filemanager/filemanager.php" "Mozilla/5.0 (Windows NT 6.1; WOW64; rv:56.0) Gecko/20100101 Firefox/56.0"
192.168.1.219 - - [18/Dec/2018:11:08:41 +0700] "GET /sismadak/index.php HTTP/1.1" 302 - "http://192.168.1.8/sismadak/menu.php" "Mozilla/5.0 (Windows NT 6.1; rv:64.0) Gecko/20100101 Firefox/64.0"
192.168.1.219 - - [18/Dec/2018:11:08:41 +0700] "GET /sismadak/menu.php HTTP/1.1" 200 3174 "http://192.168.1.8/sismadak/menu.php" "Mozilla/5.0 (Windows NT 6.1; rv:64.0) Gecko/20100101 Firefox/64.0"
192.168.1.219 - - [18/Dec/2018:11:08:42 +0700] "GET /sismadak/application/report/dashboard.php HTTP/1.1" 200 20794 "http://192.168.1.8/sismadak/menu.php" "Mozilla/5.0 (Windows NT 6.1; rv:64.0) Gecko/20100101 Firefox/64.0"
192.168.1.119 - - [18/Dec/2018:11:08:44 +0700] "GET /sismadak/index.php HTTP/1.1" 302 - "http://192.168.1.8/sismadak/menu.php" "Mozilla/5.0 (Windows NT 10.0; WOW64; rv:49.0) Gecko/20100101 Firefox/49.0"
192.168.1.119 - - [18/Dec/2018:11:08:44 +0700] "GET /sismadak/menu.php HTTP/1.1" 200 3174 "http://192.168.1.8/sismadak/menu.php" "Mozilla/5.0 (Windows NT 10.0; WOW64; rv:49.0) Gecko/20100101 Firefox/49.0"
192.168.1.119 - - [18/Dec/2018:11:08:44 +0700] "GET /sismadak/application/report/dashboard.php HTTP/1.1" 200 20794 "http://192.168.1.8/sismadak/menu.php" "Mozilla/5.0 (Windows NT 10.0; WOW64; rv:49.0) Gecko/20100101 Firefox/49.0"
192.168.1.204 - - [18/Dec/2018:11:08:48 +0700] "GET /sismadak/application/assessment/hospital_assessment_reguler_list.php?category_id=4&module_id=4 HTTP/1.1" 200 50021 "http://192.168.1.8/sismadak/menu.php" "Mozilla/5.0 (Windows NT 6.1; WOW64; rv:56.0) Gecko/20100101 Firefox/56.0"
192.168.1.204 - - [18/Dec/2018:11:08:48 +0700] "GET /sismadak/application/assessment/hospital_assessment_reguler_list.php?category_id=4&module_id=4&grid_id=list1&_search=false&nd=1545106152594&rows=20&jqgrid_page=1&sidx=accreditation_id&sord=desc HTTP/1.1" 200 743 "http://192.168.1.8/sismadak/application/assessment/hospital_assessment_reguler_list.php?category_id=4&module_id=4" "Mozilla/5.0 (Windows NT 6.1; WOW64; rv:56.0) Gecko/20100101 Firefox/56.0"
192.168.1.204 - - [18/Dec/2018:11:08:54 +0700] "GET /sismadak/application/assessment/hospital_assessment_reguler_list.php?category_id=4&module_id=4 HTTP/1.1" 200 50021 "http://192.168.1.8/sismadak/menu.php" "Mozilla/5.0 (Windows NT 6.1; WOW64; rv:56.0) Gecko/20100101 Firefox/56.0"
192.168.1.204 - - [18/Dec/2018:11:08:54 +0700] "GET /sismadak/application/assessment/hospital_assessment_reguler_list.php?category_id=4&module_id=4&grid_id=list1&_search=false&nd=1545106158169&rows=20&jqgrid_page=1&sidx=accreditation_id&sord=desc HTTP/1.1" 200 743 "http://192.168.1.8/sismadak/application/assessment/hospital_assessment_reguler_list.php?category_id=4&module_id=4" "Mozilla/5.0 (Windows NT 6.1; WOW64; rv:56.0) Gecko/20100101 Firefox/56.0"
192.168.1.29 - - [18/Dec/2018:11:08:56 +0700] "GET /sismadak/menu.php HTTP/1.1" 302 - "-" "Mozilla/5.0 (Windows NT 6.1; rv:63.0) Gecko/20100101 Firefox/63.0"
192.168.1.29 - - [18/Dec/2018:11:08:56 +0700] "GET /sismadak/index.php HTTP/1.1" 200 2947 "-" "Mozilla/5.0 (Windows NT 6.1; rv:63.0) Gecko/20100101 Firefox/63.0"
192.168.1.29 - - [18/Dec/2018:11:08:56 +0700] "GET /sismadak/bootstrap/css/bootstrap3.min.css HTTP/1.1" 304 - "http://192.168.1.8/sismadak/index.php" "Mozilla/5.0 (Windows NT 6.1; rv:63.0) Gecko/20100101 Firefox/63.0"
192.168.1.29 - - [18/Dec/2018:11:08:56 +0700] "GET /sismadak/lib/js/menu/stylesheet.css HTTP/1.1" 304 - "http://192.168.1.8/sismadak/index.php" "Mozilla/5.0 (Windows NT 6.1; rv:63.0) Gecko/20100101 Firefox/63.0"
192.168.1.29 - - [18/Dec/2018:11:08:57 +0700] "GET /sismadak/images/hospital.png HTTP/1.1" 200 16318 "http://192.168.1.8/sismadak/index.php" "Mozilla/5.0 (Windows NT 6.1; rv:63.0) Gecko/20100101 Firefox/63.0"
192.168.1.29 - - [18/Dec/2018:11:08:57 +0700] "GET /favicon.ico HTTP/1.1" 304 - "-" "Mozilla/5.0 (Windows NT 6.1; rv:63.0) Gecko/20100101 Firefox/63.0"
192.168.1.29 - - [18/Dec/2018:11:09:00 +0700] "POST /sismadak/index.php HTTP/1.1" 302 2947 "http://192.168.1.8/sismadak/index.php" "Mozilla/5.0 (Windows NT 6.1; rv:63.0) Gecko/20100101 Firefox/63.0"
192.168.1.29 - - [18/Dec/2018:11:09:00 +0700] "GET /sismadak/menu.php HTTP/1.1" 200 6538 "http://192.168.1.8/sismadak/index.php" "Mozilla/5.0 (Windows NT 6.1; rv:63.0) Gecko/20100101 Firefox/63.0"
192.168.1.29 - - [18/Dec/2018:11:09:00 +0700] "GET /sismadak/application/report/dashboard.php HTTP/1.1" 200 20794 "http://192.168.1.8/sismadak/menu.php" "Mozilla/5.0 (Windows NT 6.1; rv:63.0) Gecko/20100101 Firefox/63.0"
192.168.1.153 - - [18/Dec/2018:11:09:04 +0700] "GET /sismadak/application/assessment/hospital_assessment_reguler_list.php?category_id=4&module_id=4 HTTP/1.1" 200 50021 "http://192.168.1.8/sismadak/menu.php" "Mozilla/5.0 (Windows NT 6.3; WOW64; rv:64.0) Gecko/20100101 Firefox/64.0"
192.168.1.29 - - [18/Dec/2018:11:09:04 +0700] "GET /sismadak/menu.php HTTP/1.1" 200 6538 "http://192.168.1.8/sismadak/index.php" "Mozilla/5.0 (Windows NT 6.1; rv:63.0) Gecko/20100101 Firefox/63.0"
169.254.148.246 - - [18/Dec/2018:11:09:04 +0700] "GET /sismadak/application/assessment/hospital_assessment_reguler_list.php?category_id=4&module_id=4 HTTP/1.1" 200 50021 "http://192.168.1.8/sismadak/menu.php" "Mozilla/5.0 (Windows NT 6.1; Win64; x64) AppleWebKit/537.36 (KHTML, like Gecko) Chrome/71.0.3578.98 Safari/537.36"
192.168.1.29 - - [18/Dec/2018:11:09:04 +0700] "GET /sismadak/lib/js/menu/menu.css HTTP/1.1" 200 6755 "http://192.168.1.8/sismadak/menu.php" "Mozilla/5.0 (Windows NT 6.1; rv:63.0) Gecko/20100101 Firefox/63.0"
192.168.1.29 - - [18/Dec/2018:11:09:04 +0700] "GET /sismadak/lib/js/jquery.min.js HTTP/1.1" 200 96381 "http://192.168.1.8/sismadak/menu.php" "Mozilla/5.0 (Windows NT 6.1; rv:63.0) Gecko/20100101 Firefox/63.0"
192.168.1.29 - - [18/Dec/2018:11:09:04 +0700] "GET /sismadak/lib/js/menu/jquery.hoverIntent.minified.js HTTP/1.1" 200 1614 "http://192.168.1.8/sismadak/menu.php" "Mozilla/5.0 (Windows NT 6.1; rv:63.0) Gecko/20100101 Firefox/63.0"
192.168.1.29 - - [18/Dec/2018:11:09:04 +0700] "GET /sismadak/lib/js/menu/jquery.dcmegamenu.1.3.3.js HTTP/1.1" 200 6987 "http://192.168.1.8/sismadak/menu.php" "Mozilla/5.0 (Windows NT 6.1; rv:63.0) Gecko/20100101 Firefox/63.0"
192.168.1.29 - - [18/Dec/2018:11:09:05 +0700] "GET /sismadak/images/bg_blue.png HTTP/1.1" 200 1132 "http://192.168.1.8/sismadak/lib/js/menu/menu.css" "Mozilla/5.0 (Windows NT 6.1; rv:63.0) Gecko/20100101 Firefox/63.0"
192.168.1.29 - - [18/Dec/2018:11:09:05 +0700] "GET /favicon.ico HTTP/1.1" 200 30894 "-" "Mozilla/5.0 (Windows NT 6.1; rv:63.0) Gecko/20100101 Firefox/63.0"
192.168.1.29 - - [18/Dec/2018:11:09:05 +0700] "GET /sismadak/application/report/dashboard.php HTTP/1.1" 200 20794 "http://192.168.1.8/sismadak/menu.php" "Mozilla/5.0 (Windows NT 6.1; rv:63.0) Gecko/20100101 Firefox/63.0"
192.168.1.153 - - [18/Dec/2018:11:09:05 +0700] "GET /sismadak/application/assessment/hospital_assessment_reguler_list.php?category_id=4&module_id=4&grid_id=list1&_search=false&nd=1545106171738&rows=20&jqgrid_page=1&sidx=accreditation_id&sord=desc HTTP/1.1" 200 743 "http://192.168.1.8/sismadak/application/assessment/hospital_assessment_reguler_list.php?category_id=4&module_id=4" "Mozilla/5.0 (Windows NT 6.3; WOW64; rv:64.0) Gecko/20100101 Firefox/64.0"
192.168.1.29 - - [18/Dec/2018:11:09:05 +0700] "GET /sismadak/images/arrow.png HTTP/1.1" 200 237 "http://192.168.1.8/sismadak/lib/js/menu/menu.css" "Mozilla/5.0 (Windows NT 6.1; rv:63.0) Gecko/20100101 Firefox/63.0"
192.168.1.29 - - [18/Dec/2018:11:09:05 +0700] "GET /sismadak/images/bg_sub_left.png HTTP/1.1" 200 719 "http://192.168.1.8/sismadak/lib/js/menu/menu.css" "Mozilla/5.0 (Windows NT 6.1; rv:63.0) Gecko/20100101 Firefox/63.0"
192.168.1.29 - - [18/Dec/2018:11:09:05 +0700] "GET /sismadak/images/bg_sub.png HTTP/1.1" 200 8845 "http://192.168.1.8/sismadak/lib/js/menu/menu.css" "Mozilla/5.0 (Windows NT 6.1; rv:63.0) Gecko/20100101 Firefox/63.0"
192.168.1.29 - - [18/Dec/2018:11:09:05 +0700] "GET /sismadak/images/configuration.png HTTP/1.1" 200 15435 "http://192.168.1.8/sismadak/lib/js/menu/menu.css" "Mozilla/5.0 (Windows NT 6.1; rv:63.0) Gecko/20100101 Firefox/63.0"
192.168.1.29 - - [18/Dec/2018:11:09:05 +0700] "GET /sismadak/images/bullet.png HTTP/1.1" 200 156 "http://192.168.1.8/sismadak/lib/js/menu/menu.css" "Mozilla/5.0 (Windows NT 6.1; rv:63.0) Gecko/20100101 Firefox/63.0"
192.168.1.29 - - [18/Dec/2018:11:09:05 +0700] "GET /sismadak/images/bg_hdr.png HTTP/1.1" 200 151 "http://192.168.1.8/sismadak/lib/js/menu/menu.css" "Mozilla/5.0 (Windows NT 6.1; rv:63.0) Gecko/20100101 Firefox/63.0"
192.168.1.29 - - [18/Dec/2018:11:09:05 +0700] "GET /sismadak/images/surveyor.png HTTP/1.1" 200 24770 "http://192.168.1.8/sismadak/lib/js/menu/menu.css" "Mozilla/5.0 (Windows NT 6.1; rv:63.0) Gecko/20100101 Firefox/63.0"
192.168.1.29 - - [18/Dec/2018:11:09:05 +0700] "GET /sismadak/images/laporan.png HTTP/1.1" 200 14933 "http://192.168.1.8/sismadak/lib/js/menu/menu.css" "Mozilla/5.0 (Windows NT 6.1; rv:63.0) Gecko/20100101 Firefox/63.0"
192.168.1.29 - - [18/Dec/2018:11:09:05 +0700] "GET /sismadak/images/assessment.png HTTP/1.1" 200 13636 "http://192.168.1.8/sismadak/lib/js/menu/menu.css" "Mozilla/5.0 (Windows NT 6.1; rv:63.0) Gecko/20100101 Firefox/63.0"
192.168.1.29 - - [18/Dec/2018:11:09:05 +0700] "GET /sismadak/images/bimbingan.png HTTP/1.1" 200 25693 "http://192.168.1.8/sismadak/lib/js/menu/menu.css" "Mozilla/5.0 (Windows NT 6.1; rv:63.0) Gecko/20100101 Firefox/63.0"
192.168.1.29 - - [18/Dec/2018:11:09:05 +0700] "GET /sismadak/images/workshop.png HTTP/1.1" 200 21037 "http://192.168.1.8/sismadak/lib/js/menu/menu.css" "Mozilla/5.0 (Windows NT 6.1; rv:63.0) Gecko/20100101 Firefox/63.0"
192.168.1.29 - - [18/Dec/2018:11:09:05 +0700] "GET /sismadak/lib/js/menu/stylesheet.css HTTP/1.1" 200 1454 "http://192.168.1.8/sismadak/application/report/dashboard.php" "Mozilla/5.0 (Windows NT 6.1; rv:63.0) Gecko/20100101 Firefox/63.0"
192.168.1.29 - - [18/Dec/2018:11:09:05 +0700] "GET /sismadak/lib/js/RGraph/libraries/RGraph.common.core.js HTTP/1.1" 200 72705 "http://192.168.1.8/sismadak/application/report/dashboard.php" "Mozilla/5.0 (Windows NT 6.1; rv:63.0) Gecko/20100101 Firefox/63.0"
192.168.1.29 - - [18/Dec/2018:11:09:05 +0700] "GET /sismadak/lib/js/jquery.min.js HTTP/1.1" 200 96381 "http://192.168.1.8/sismadak/application/report/dashboard.php" "Mozilla/5.0 (Windows NT 6.1; rv:63.0) Gecko/20100101 Firefox/63.0"
192.168.1.29 - - [18/Dec/2018:11:09:06 +0700] "GET /sismadak/lib/js/RGraph/libraries/RGraph.common.dynamic.js HTTP/1.1" 200 18806 "http://192.168.1.8/sismadak/application/report/dashboard.php" "Mozilla/5.0 (Windows NT 6.1; rv:63.0) Gecko/20100101 Firefox/63.0"
192.168.1.29 - - [18/Dec/2018:11:09:06 +0700] "GET /sismadak/lib/js/RGraph/libraries/RGraph.meter.js HTTP/1.1" 200 22426 "http://192.168.1.8/sismadak/application/report/dashboard.php" "Mozilla/5.0 (Windows NT 6.1; rv:63.0) Gecko/20100101 Firefox/63.0"
192.168.1.29 - - [18/Dec/2018:11:09:06 +0700] "GET /sismadak/lib/js/RGraph/libraries/RGraph.common.key.js HTTP/1.1" 200 12332 "http://192.168.1.8/sismadak/application/report/dashboard.php" "Mozilla/5.0 (Windows NT 6.1; rv:63.0) Gecko/20100101 Firefox/63.0"
192.168.1.29 - - [18/Dec/2018:11:09:06 +0700] "GET /sismadak/lib/js/RGraph/libraries/RGraph.gauge.js HTTP/1.1" 200 23883 "http://192.168.1.8/sismadak/application/report/dashboard.php" "Mozilla/5.0 (Windows NT 6.1; rv:63.0) Gecko/20100101 Firefox/63.0"
192.168.1.29 - - [18/Dec/2018:11:09:06 +0700] "GET /sismadak/lib/js/RGraph/libraries/RGraph.common.tooltips.js HTTP/1.1" 200 5732 "http://192.168.1.8/sismadak/application/report/dashboard.php" "Mozilla/5.0 (Windows NT 6.1; rv:63.0) Gecko/20100101 Firefox/63.0"
192.168.1.29 - - [18/Dec/2018:11:09:06 +0700] "GET /sismadak/lib/js/RGraph/libraries/RGraph.drawing.xaxis.js HTTP/1.1" 200 9413 "http://192.168.1.8/sismadak/application/report/dashboard.php" "Mozilla/5.0 (Windows NT 6.1; rv:63.0) Gecko/20100101 Firefox/63.0"
192.168.1.29 - - [18/Dec/2018:11:09:06 +0700] "GET /sismadak/lib/js/RGraph/libraries/RGraph.bar.js HTTP/1.1" 200 64135 "http://192.168.1.8/sismadak/application/report/dashboard.php" "Mozilla/5.0 (Windows NT 6.1; rv:63.0) Gecko/20100101 Firefox/63.0"
192.168.1.29 - - [18/Dec/2018:11:09:06 +0700] "GET /sismadak/lib/js/RGraph/libraries/RGraph.common.dynamic.js HTTP/1.1" 200 18806 "http://192.168.1.8/sismadak/application/report/dashboard.php" "Mozilla/5.0 (Windows NT 6.1; rv:63.0) Gecko/20100101 Firefox/63.0"
169.254.148.246 - - [18/Dec/2018:11:09:07 +0700] "GET /sismadak/application/assessment/hospital_assessment_reguler_list.php?category_id=4&module_id=4&grid_id=list1&_search=false&nd=1545106179513&rows=20&jqgrid_page=1&sidx=accreditation_id&sord=desc HTTP/1.1" 200 743 "http://192.168.1.8/sismadak/application/assessment/hospital_assessment_reguler_list.php?category_id=4&module_id=4" "Mozilla/5.0 (Windows NT 6.1; Win64; x64) AppleWebKit/537.36 (KHTML, like Gecko) Chrome/71.0.3578.98 Safari/537.36"
169.254.28.115 - - [18/Dec/2018:11:09:12 +0700] "GET /sismadak/index.php HTTP/1.1" 302 - "http://192.168.1.8/sismadak/menu.php" "Mozilla/5.0 (Windows NT 6.1; WOW64; rv:56.0) Gecko/20100101 Firefox/56.0"
169.254.28.115 - - [18/Dec/2018:11:09:12 +0700] "GET /sismadak/menu.php HTTP/1.1" 200 3174 "http://192.168.1.8/sismadak/menu.php" "Mozilla/5.0 (Windows NT 6.1; WOW64; rv:56.0) Gecko/20100101 Firefox/56.0"
169.254.28.115 - - [18/Dec/2018:11:09:12 +0700] "GET /sismadak/application/report/dashboard.php HTTP/1.1" 200 20794 "http://192.168.1.8/sismadak/menu.php" "Mozilla/5.0 (Windows NT 6.1; WOW64; rv:56.0) Gecko/20100101 Firefox/56.0"
192.168.1.213 - - [18/Dec/2018:11:09:25 +0700] "GET /sismadak/index.php HTTP/1.1" 302 - "http://192.168.1.8/sismadak/menu.php" "Mozilla/5.0 (Windows NT 6.1; WOW64; rv:55.0) Gecko/20100101 Firefox/55.0"
192.168.1.213 - - [18/Dec/2018:11:09:25 +0700] "GET /sismadak/menu.php HTTP/1.1" 200 3174 "http://192.168.1.8/sismadak/menu.php" "Mozilla/5.0 (Windows NT 6.1; WOW64; rv:55.0) Gecko/20100101 Firefox/55.0"
192.168.1.213 - - [18/Dec/2018:11:09:25 +0700] "GET /sismadak/lib/js/menu/menu.css HTTP/1.1" 304 - "http://192.168.1.8/sismadak/menu.php" "Mozilla/5.0 (Windows NT 6.1; WOW64; rv:55.0) Gecko/20100101 Firefox/55.0"
192.168.1.213 - - [18/Dec/2018:11:09:25 +0700] "GET /sismadak/lib/js/jquery.min.js HTTP/1.1" 304 - "http://192.168.1.8/sismadak/menu.php" "Mozilla/5.0 (Windows NT 6.1; WOW64; rv:55.0) Gecko/20100101 Firefox/55.0"
192.168.1.213 - - [18/Dec/2018:11:09:25 +0700] "GET /sismadak/lib/js/menu/jquery.dcmegamenu.1.3.3.js HTTP/1.1" 304 - "http://192.168.1.8/sismadak/menu.php" "Mozilla/5.0 (Windows NT 6.1; WOW64; rv:55.0) Gecko/20100101 Firefox/55.0"
192.168.1.213 - - [18/Dec/2018:11:09:25 +0700] "GET /sismadak/lib/js/menu/jquery.hoverIntent.minified.js HTTP/1.1" 304 - "http://192.168.1.8/sismadak/menu.php" "Mozilla/5.0 (Windows NT 6.1; WOW64; rv:55.0) Gecko/20100101 Firefox/55.0"
192.168.1.213 - - [18/Dec/2018:11:09:26 +0700] "GET /sismadak/images/bg_blue.png HTTP/1.1" 304 - "http://192.168.1.8/sismadak/lib/js/menu/menu.css" "Mozilla/5.0 (Windows NT 6.1; WOW64; rv:55.0) Gecko/20100101 Firefox/55.0"
192.168.1.213 - - [18/Dec/2018:11:09:26 +0700] "GET /sismadak/images/bg_sub_left.png HTTP/1.1" 304 - "http://192.168.1.8/sismadak/lib/js/menu/menu.css" "Mozilla/5.0 (Windows NT 6.1; WOW64; rv:55.0) Gecko/20100101 Firefox/55.0"
192.168.1.213 - - [18/Dec/2018:11:09:26 +0700] "GET /sismadak/images/arrow.png HTTP/1.1" 304 - "http://192.168.1.8/sismadak/lib/js/menu/menu.css" "Mozilla/5.0 (Windows NT 6.1; WOW64; rv:55.0) Gecko/20100101 Firefox/55.0"
192.168.1.213 - - [18/Dec/2018:11:09:26 +0700] "GET /sismadak/images/bg_sub.png HTTP/1.1" 304 - "http://192.168.1.8/sismadak/lib/js/menu/menu.css" "Mozilla/5.0 (Windows NT 6.1; WOW64; rv:55.0) Gecko/20100101 Firefox/55.0"
192.168.1.213 - - [18/Dec/2018:11:09:26 +0700] "GET /sismadak/images/laporan.png HTTP/1.1" 304 - "http://192.168.1.8/sismadak/lib/js/menu/menu.css" "Mozilla/5.0 (Windows NT 6.1; WOW64; rv:55.0) Gecko/20100101 Firefox/55.0"
192.168.1.213 - - [18/Dec/2018:11:09:26 +0700] "GET /sismadak/images/bg_hdr.png HTTP/1.1" 304 - "http://192.168.1.8/sismadak/lib/js/menu/menu.css" "Mozilla/5.0 (Windows NT 6.1; WOW64; rv:55.0) Gecko/20100101 Firefox/55.0"
192.168.1.213 - - [18/Dec/2018:11:09:26 +0700] "GET /sismadak/images/configuration.png HTTP/1.1" 304 - "http://192.168.1.8/sismadak/lib/js/menu/menu.css" "Mozilla/5.0 (Windows NT 6.1; WOW64; rv:55.0) Gecko/20100101 Firefox/55.0"
192.168.1.213 - - [18/Dec/2018:11:09:26 +0700] "GET /sismadak/images/bullet.png HTTP/1.1" 304 - "http://192.168.1.8/sismadak/lib/js/menu/menu.css" "Mozilla/5.0 (Windows NT 6.1; WOW64; rv:55.0) Gecko/20100101 Firefox/55.0"
192.168.1.213 - - [18/Dec/2018:11:09:25 +0700] "GET /sismadak/application/report/dashboard.php HTTP/1.1" 200 20794 "http://192.168.1.8/sismadak/menu.php" "Mozilla/5.0 (Windows NT 6.1; WOW64; rv:55.0) Gecko/20100101 Firefox/55.0"
192.168.1.215 - - [18/Dec/2018:11:09:43 +0700] "GET /sismadak/index.php HTTP/1.1" 302 - "http://192.168.1.8/sismadak/menu.php" "Mozilla/5.0 (Windows NT 6.1; WOW64; rv:63.0) Gecko/20100101 Firefox/63.0"
192.168.1.215 - - [18/Dec/2018:11:09:43 +0700] "GET /sismadak/menu.php HTTP/1.1" 200 3174 "http://192.168.1.8/sismadak/menu.php" "Mozilla/5.0 (Windows NT 6.1; WOW64; rv:63.0) Gecko/20100101 Firefox/63.0"
192.168.1.215 - - [18/Dec/2018:11:09:44 +0700] "GET /sismadak/application/report/dashboard.php HTTP/1.1" 200 20794 "http://192.168.1.8/sismadak/menu.php" "Mozilla/5.0 (Windows NT 6.1; WOW64; rv:63.0) Gecko/20100101 Firefox/63.0"
192.168.1.29 - - [18/Dec/2018:11:09:54 +0700] "GET /sismadak/menu.php HTTP/1.1" 200 6538 "http://192.168.1.8/sismadak/index.php" "Mozilla/5.0 (Windows NT 6.1; rv:63.0) Gecko/20100101 Firefox/63.0"
192.168.1.29 - - [18/Dec/2018:11:09:54 +0700] "GET /sismadak/lib/js/menu/menu.css HTTP/1.1" 200 6755 "http://192.168.1.8/sismadak/menu.php" "Mozilla/5.0 (Windows NT 6.1; rv:63.0) Gecko/20100101 Firefox/63.0"
192.168.1.29 - - [18/Dec/2018:11:09:54 +0700] "GET /sismadak/lib/js/menu/jquery.hoverIntent.minified.js HTTP/1.1" 200 1614 "http://192.168.1.8/sismadak/menu.php" "Mozilla/5.0 (Windows NT 6.1; rv:63.0) Gecko/20100101 Firefox/63.0"
192.168.1.29 - - [18/Dec/2018:11:09:54 +0700] "GET /sismadak/lib/js/jquery.min.js HTTP/1.1" 200 96381 "http://192.168.1.8/sismadak/menu.php" "Mozilla/5.0 (Windows NT 6.1; rv:63.0) Gecko/20100101 Firefox/63.0"
192.168.1.29 - - [18/Dec/2018:11:09:54 +0700] "GET /sismadak/lib/js/menu/jquery.dcmegamenu.1.3.3.js HTTP/1.1" 200 6987 "http://192.168.1.8/sismadak/menu.php" "Mozilla/5.0 (Windows NT 6.1; rv:63.0) Gecko/20100101 Firefox/63.0"
192.168.1.29 - - [18/Dec/2018:11:09:54 +0700] "GET /favicon.ico HTTP/1.1" 200 30894 "-" "Mozilla/5.0 (Windows NT 6.1; rv:63.0) Gecko/20100101 Firefox/63.0"
192.168.1.29 - - [18/Dec/2018:11:09:54 +0700] "GET /sismadak/images/bg_blue.png HTTP/1.1" 200 1132 "http://192.168.1.8/sismadak/lib/js/menu/menu.css" "Mozilla/5.0 (Windows NT 6.1; rv:63.0) Gecko/20100101 Firefox/63.0"
192.168.1.29 - - [18/Dec/2018:11:09:54 +0700] "GET /sismadak/application/report/dashboard.php HTTP/1.1" 200 20794 "http://192.168.1.8/sismadak/menu.php" "Mozilla/5.0 (Windows NT 6.1; rv:63.0) Gecko/20100101 Firefox/63.0"
192.168.1.29 - - [18/Dec/2018:11:09:55 +0700] "GET /sismadak/images/arrow.png HTTP/1.1" 200 237 "http://192.168.1.8/sismadak/lib/js/menu/menu.css" "Mozilla/5.0 (Windows NT 6.1; rv:63.0) Gecko/20100101 Firefox/63.0"
192.168.1.29 - - [18/Dec/2018:11:09:55 +0700] "GET /sismadak/images/configuration.png HTTP/1.1" 200 15435 "http://192.168.1.8/sismadak/lib/js/menu/menu.css" "Mozilla/5.0 (Windows NT 6.1; rv:63.0) Gecko/20100101 Firefox/63.0"
192.168.1.29 - - [18/Dec/2018:11:09:55 +0700] "GET /sismadak/images/bg_sub_left.png HTTP/1.1" 200 719 "http://192.168.1.8/sismadak/lib/js/menu/menu.css" "Mozilla/5.0 (Windows NT 6.1; rv:63.0) Gecko/20100101 Firefox/63.0"
192.168.1.29 - - [18/Dec/2018:11:09:55 +0700] "GET /sismadak/images/bg_sub.png HTTP/1.1" 200 8845 "http://192.168.1.8/sismadak/lib/js/menu/menu.css" "Mozilla/5.0 (Windows NT 6.1; rv:63.0) Gecko/20100101 Firefox/63.0"
192.168.1.29 - - [18/Dec/2018:11:09:55 +0700] "GET /sismadak/images/bg_hdr.png HTTP/1.1" 200 151 "http://192.168.1.8/sismadak/lib/js/menu/menu.css" "Mozilla/5.0 (Windows NT 6.1; rv:63.0) Gecko/20100101 Firefox/63.0"
192.168.1.29 - - [18/Dec/2018:11:09:55 +0700] "GET /sismadak/images/surveyor.png HTTP/1.1" 200 24770 "http://192.168.1.8/sismadak/lib/js/menu/menu.css" "Mozilla/5.0 (Windows NT 6.1; rv:63.0) Gecko/20100101 Firefox/63.0"
192.168.1.29 - - [18/Dec/2018:11:09:55 +0700] "GET /sismadak/images/bullet.png HTTP/1.1" 200 156 "http://192.168.1.8/sismadak/lib/js/menu/menu.css" "Mozilla/5.0 (Windows NT 6.1; rv:63.0) Gecko/20100101 Firefox/63.0"
192.168.1.29 - - [18/Dec/2018:11:09:55 +0700] "GET /sismadak/images/laporan.png HTTP/1.1" 200 14933 "http://192.168.1.8/sismadak/lib/js/menu/menu.css" "Mozilla/5.0 (Windows NT 6.1; rv:63.0) Gecko/20100101 Firefox/63.0"
192.168.1.29 - - [18/Dec/2018:11:09:55 +0700] "GET /sismadak/images/assessment.png HTTP/1.1" 200 13636 "http://192.168.1.8/sismadak/lib/js/menu/menu.css" "Mozilla/5.0 (Windows NT 6.1; rv:63.0) Gecko/20100101 Firefox/63.0"
192.168.1.29 - - [18/Dec/2018:11:09:55 +0700] "GET /sismadak/images/bimbingan.png HTTP/1.1" 200 25693 "http://192.168.1.8/sismadak/lib/js/menu/menu.css" "Mozilla/5.0 (Windows NT 6.1; rv:63.0) Gecko/20100101 Firefox/63.0"
192.168.1.29 - - [18/Dec/2018:11:09:55 +0700] "GET /sismadak/images/workshop.png HTTP/1.1" 200 21037 "http://192.168.1.8/sismadak/lib/js/menu/menu.css" "Mozilla/5.0 (Windows NT 6.1; rv:63.0) Gecko/20100101 Firefox/63.0"
192.168.1.29 - - [18/Dec/2018:11:09:55 +0700] "GET /sismadak/menu.php HTTP/1.1" 200 6538 "http://192.168.1.8/sismadak/index.php" "Mozilla/5.0 (Windows NT 6.1; rv:63.0) Gecko/20100101 Firefox/63.0"
192.168.1.29 - - [18/Dec/2018:11:09:56 +0700] "GET /sismadak/lib/js/menu/menu.css HTTP/1.1" 200 6755 "http://192.168.1.8/sismadak/menu.php" "Mozilla/5.0 (Windows NT 6.1; rv:63.0) Gecko/20100101 Firefox/63.0"
192.168.1.29 - - [18/Dec/2018:11:09:56 +0700] "GET /sismadak/lib/js/menu/jquery.dcmegamenu.1.3.3.js HTTP/1.1" 200 6987 "http://192.168.1.8/sismadak/menu.php" "Mozilla/5.0 (Windows NT 6.1; rv:63.0) Gecko/20100101 Firefox/63.0"
192.168.1.29 - - [18/Dec/2018:11:09:56 +0700] "GET /sismadak/lib/js/menu/jquery.hoverIntent.minified.js HTTP/1.1" 200 1614 "http://192.168.1.8/sismadak/menu.php" "Mozilla/5.0 (Windows NT 6.1; rv:63.0) Gecko/20100101 Firefox/63.0"
192.168.1.29 - - [18/Dec/2018:11:09:56 +0700] "GET /sismadak/lib/js/jquery.min.js HTTP/1.1" 200 96381 "http://192.168.1.8/sismadak/menu.php" "Mozilla/5.0 (Windows NT 6.1; rv:63.0) Gecko/20100101 Firefox/63.0"
192.168.1.29 - - [18/Dec/2018:11:09:56 +0700] "GET /sismadak/images/bg_blue.png HTTP/1.1" 200 1132 "http://192.168.1.8/sismadak/lib/js/menu/menu.css" "Mozilla/5.0 (Windows NT 6.1; rv:63.0) Gecko/20100101 Firefox/63.0"
192.168.1.29 - - [18/Dec/2018:11:09:56 +0700] "GET /sismadak/application/report/dashboard.php HTTP/1.1" 200 20794 "http://192.168.1.8/sismadak/menu.php" "Mozilla/5.0 (Windows NT 6.1; rv:63.0) Gecko/20100101 Firefox/63.0"
192.168.1.29 - - [18/Dec/2018:11:09:56 +0700] "GET /favicon.ico HTTP/1.1" 200 30894 "-" "Mozilla/5.0 (Windows NT 6.1; rv:63.0) Gecko/20100101 Firefox/63.0"
192.168.1.29 - - [18/Dec/2018:11:09:56 +0700] "GET /sismadak/images/arrow.png HTTP/1.1" 200 237 "http://192.168.1.8/sismadak/lib/js/menu/menu.css" "Mozilla/5.0 (Windows NT 6.1; rv:63.0) Gecko/20100101 Firefox/63.0"
192.168.1.29 - - [18/Dec/2018:11:09:56 +0700] "GET /sismadak/images/bg_sub_left.png HTTP/1.1" 200 719 "http://192.168.1.8/sismadak/lib/js/menu/menu.css" "Mozilla/5.0 (Windows NT 6.1; rv:63.0) Gecko/20100101 Firefox/63.0"
192.168.1.29 - - [18/Dec/2018:11:09:56 +0700] "GET /sismadak/images/bg_sub.png HTTP/1.1" 200 8845 "http://192.168.1.8/sismadak/lib/js/menu/menu.css" "Mozilla/5.0 (Windows NT 6.1; rv:63.0) Gecko/20100101 Firefox/63.0"
192.168.1.29 - - [18/Dec/2018:11:09:56 +0700] "GET /sismadak/images/configuration.png HTTP/1.1" 200 15435 "http://192.168.1.8/sismadak/lib/js/menu/menu.css" "Mozilla/5.0 (Windows NT 6.1; rv:63.0) Gecko/20100101 Firefox/63.0"
192.168.1.29 - - [18/Dec/2018:11:09:56 +0700] "GET /sismadak/images/bg_hdr.png HTTP/1.1" 200 151 "http://192.168.1.8/sismadak/lib/js/menu/menu.css" "Mozilla/5.0 (Windows NT 6.1; rv:63.0) Gecko/20100101 Firefox/63.0"
192.168.1.29 - - [18/Dec/2018:11:09:56 +0700] "GET /sismadak/images/bullet.png HTTP/1.1" 200 156 "http://192.168.1.8/sismadak/lib/js/menu/menu.css" "Mozilla/5.0 (Windows NT 6.1; rv:63.0) Gecko/20100101 Firefox/63.0"
192.168.1.29 - - [18/Dec/2018:11:09:56 +0700] "GET /sismadak/images/surveyor.png HTTP/1.1" 200 24770 "http://192.168.1.8/sismadak/lib/js/menu/menu.css" "Mozilla/5.0 (Windows NT 6.1; rv:63.0) Gecko/20100101 Firefox/63.0"
192.168.1.29 - - [18/Dec/2018:11:09:56 +0700] "GET /sismadak/images/assessment.png HTTP/1.1" 200 13636 "http://192.168.1.8/sismadak/lib/js/menu/menu.css" "Mozilla/5.0 (Windows NT 6.1; rv:63.0) Gecko/20100101 Firefox/63.0"
192.168.1.29 - - [18/Dec/2018:11:09:56 +0700] "GET /sismadak/images/laporan.png HTTP/1.1" 200 14933 "http://192.168.1.8/sismadak/lib/js/menu/menu.css" "Mozilla/5.0 (Windows NT 6.1; rv:63.0) Gecko/20100101 Firefox/63.0"
192.168.1.29 - - [18/Dec/2018:11:09:56 +0700] "GET /sismadak/images/bimbingan.png HTTP/1.1" 200 25693 "http://192.168.1.8/sismadak/lib/js/menu/menu.css" "Mozilla/5.0 (Windows NT 6.1; rv:63.0) Gecko/20100101 Firefox/63.0"
192.168.1.29 - - [18/Dec/2018:11:09:56 +0700] "GET /sismadak/images/workshop.png HTTP/1.1" 200 21037 "http://192.168.1.8/sismadak/lib/js/menu/menu.css" "Mozilla/5.0 (Windows NT 6.1; rv:63.0) Gecko/20100101 Firefox/63.0"
192.168.1.29 - - [18/Dec/2018:11:09:57 +0700] "GET /sismadak/lib/js/RGraph/libraries/RGraph.common.core.js HTTP/1.1" 200 72705 "http://192.168.1.8/sismadak/application/report/dashboard.php" "Mozilla/5.0 (Windows NT 6.1; rv:63.0) Gecko/20100101 Firefox/63.0"
192.168.1.29 - - [18/Dec/2018:11:09:57 +0700] "GET /sismadak/lib/js/menu/stylesheet.css HTTP/1.1" 200 1454 "http://192.168.1.8/sismadak/application/report/dashboard.php" "Mozilla/5.0 (Windows NT 6.1; rv:63.0) Gecko/20100101 Firefox/63.0"
192.168.1.29 - - [18/Dec/2018:11:09:57 +0700] "GET /sismadak/lib/js/jquery.min.js HTTP/1.1" 200 96381 "http://192.168.1.8/sismadak/application/report/dashboard.php" "Mozilla/5.0 (Windows NT 6.1; rv:63.0) Gecko/20100101 Firefox/63.0"
192.168.1.29 - - [18/Dec/2018:11:09:57 +0700] "GET /sismadak/lib/js/RGraph/libraries/RGraph.common.dynamic.js HTTP/1.1" 200 18806 "http://192.168.1.8/sismadak/application/report/dashboard.php" "Mozilla/5.0 (Windows NT 6.1; rv:63.0) Gecko/20100101 Firefox/63.0"
192.168.1.29 - - [18/Dec/2018:11:09:57 +0700] "GET /sismadak/lib/js/RGraph/libraries/RGraph.meter.js HTTP/1.1" 200 22426 "http://192.168.1.8/sismadak/application/report/dashboard.php" "Mozilla/5.0 (Windows NT 6.1; rv:63.0) Gecko/20100101 Firefox/63.0"
192.168.1.29 - - [18/Dec/2018:11:09:57 +0700] "GET /sismadak/lib/js/RGraph/libraries/RGraph.gauge.js HTTP/1.1" 200 23883 "http://192.168.1.8/sismadak/application/report/dashboard.php" "Mozilla/5.0 (Windows NT 6.1; rv:63.0) Gecko/20100101 Firefox/63.0"
192.168.1.29 - - [18/Dec/2018:11:09:57 +0700] "GET /sismadak/lib/js/RGraph/libraries/RGraph.common.key.js HTTP/1.1" 200 12332 "http://192.168.1.8/sismadak/application/report/dashboard.php" "Mozilla/5.0 (Windows NT 6.1; rv:63.0) Gecko/20100101 Firefox/63.0"
192.168.1.29 - - [18/Dec/2018:11:09:57 +0700] "GET /sismadak/lib/js/RGraph/libraries/RGraph.common.tooltips.js HTTP/1.1" 200 5732 "http://192.168.1.8/sismadak/application/report/dashboard.php" "Mozilla/5.0 (Windows NT 6.1; rv:63.0) Gecko/20100101 Firefox/63.0"
192.168.1.29 - - [18/Dec/2018:11:09:57 +0700] "GET /sismadak/lib/js/RGraph/libraries/RGraph.drawing.xaxis.js HTTP/1.1" 200 9413 "http://192.168.1.8/sismadak/application/report/dashboard.php" "Mozilla/5.0 (Windows NT 6.1; rv:63.0) Gecko/20100101 Firefox/63.0"
192.168.1.29 - - [18/Dec/2018:11:09:57 +0700] "GET /sismadak/lib/js/RGraph/libraries/RGraph.bar.js HTTP/1.1" 200 64135 "http://192.168.1.8/sismadak/application/report/dashboard.php" "Mozilla/5.0 (Windows NT 6.1; rv:63.0) Gecko/20100101 Firefox/63.0"
192.168.1.29 - - [18/Dec/2018:11:09:58 +0700] "GET /sismadak/lib/js/RGraph/libraries/RGraph.common.dynamic.js HTTP/1.1" 200 18806 "http://192.168.1.8/sismadak/application/report/dashboard.php" "Mozilla/5.0 (Windows NT 6.1; rv:63.0) Gecko/20100101 Firefox/63.0"
192.168.1.254 - - [18/Dec/2018:11:09:58 +0700] "GET /sismadak/index.php HTTP/1.1" 302 - "http://119.110.67.68:8808/sismadak/menu.php" "Mozilla/5.0 (Macintosh; Intel Mac OS X 10_10_5) AppleWebKit/537.36 (KHTML, like Gecko) Chrome/70.0.3538.110 Safari/537.36"
192.168.1.254 - - [18/Dec/2018:11:10:00 +0700] "GET /sismadak/index.php HTTP/1.1" 302 - "http://119.110.67.68:8808/sismadak/menu.php" "Mozilla/5.0 (Macintosh; Intel Mac OS X 10_10_5) AppleWebKit/537.36 (KHTML, like Gecko) Chrome/70.0.3538.110 Safari/537.36"
