192.168.1.188 - - [18/Dec/2018:11:18:48 +0700] "GET /sismadak/application/assessment/hospital_assessment_reguler_list.php?category_id=4&module_id=4&grid_id=list1&_search=false&nd=1545106755306&rows=20&jqgrid_page=1&sidx=accreditation_id&sord=desc HTTP/1.1" 200 743 "http://192.168.1.8/sismadak/application/assessment/hospital_assessment_reguler_list.php?category_id=4&module_id=4" "Mozilla/5.0 (Windows NT 6.3; Win64; x64; rv:64.0) Gecko/20100101 Firefox/64.0"
192.168.1.204 - - [18/Dec/2018:11:18:48 +0700] "GET /sismadak/menu.php HTTP/1.1" 200 3174 "http://192.168.1.8/sismadak/index.php" "Mozilla/5.0 (Windows NT 6.1; WOW64; rv:56.0) Gecko/20100101 Firefox/56.0"
192.168.1.204 - - [18/Dec/2018:11:18:48 +0700] "GET /sismadak/application/report/dashboard.php HTTP/1.1" 200 20794 "http://192.168.1.8/sismadak/menu.php" "Mozilla/5.0 (Windows NT 6.1; WOW64; rv:56.0) Gecko/20100101 Firefox/56.0"
192.168.1.188 - - [18/Dec/2018:11:18:51 +0700] "GET /sismadak/lib/js/themes/redmond/images/ui-bg_glass_75_d0e5f5_1x400.png HTTP/1.1" 200 388 "http://192.168.1.8/sismadak/lib/js/themes/redmond/jquery-ui.custom.css" "Mozilla/5.0 (Windows NT 6.3; Win64; x64; rv:64.0) Gecko/20100101 Firefox/64.0"
192.168.1.213 - - [18/Dec/2018:11:18:53 +0700] "GET /sismadak/application/filemanager/filemanager.php HTTP/1.1" 200 23262 "http://192.168.1.8/sismadak/menu.php" "Mozilla/5.0 (Windows NT 6.1) AppleWebKit/537.36 (KHTML, like Gecko) Chrome/70.0.3538.110 Safari/537.36"
192.168.1.213 - - [18/Dec/2018:11:18:53 +0700] "GET /sismadak/application/filemanager/js/tools.js HTTP/1.1" 200 8403 "http://192.168.1.8/sismadak/application/filemanager/filemanager.php" "Mozilla/5.0 (Windows NT 6.1) AppleWebKit/537.36 (KHTML, like Gecko) Chrome/70.0.3538.110 Safari/537.36"
192.168.1.213 - - [18/Dec/2018:11:18:53 +0700] "GET /sismadak/application/filemanager/css/filemanager.css HTTP/1.1" 200 8477 "http://192.168.1.8/sismadak/application/filemanager/filemanager.php" "Mozilla/5.0 (Windows NT 6.1) AppleWebKit/537.36 (KHTML, like Gecko) Chrome/70.0.3538.110 Safari/537.36"
192.168.1.213 - - [18/Dec/2018:11:18:53 +0700] "GET /sismadak/application/filemanager/js/ajax.js HTTP/1.1" 200 4945 "http://192.168.1.8/sismadak/application/filemanager/filemanager.php" "Mozilla/5.0 (Windows NT 6.1) AppleWebKit/537.36 (KHTML, like Gecko) Chrome/70.0.3538.110 Safari/537.36"
192.168.1.213 - - [18/Dec/2018:11:18:53 +0700] "GET /sismadak/application/filemanager/js/syntax.js HTTP/1.1" 200 12816 "http://192.168.1.8/sismadak/application/filemanager/filemanager.php" "Mozilla/5.0 (Windows NT 6.1) AppleWebKit/537.36 (KHTML, like Gecko) Chrome/70.0.3538.110 Safari/537.36"
192.168.1.213 - - [18/Dec/2018:11:18:53 +0700] "GET /sismadak/application/filemanager/ext/filedrop/filedrop.css HTTP/1.1" 200 517 "http://192.168.1.8/sismadak/application/filemanager/filemanager.php" "Mozilla/5.0 (Windows NT 6.1) AppleWebKit/537.36 (KHTML, like Gecko) Chrome/70.0.3538.110 Safari/537.36"
192.168.1.213 - - [18/Dec/2018:11:18:53 +0700] "GET /sismadak/application/filemanager/js/codeedit.js HTTP/1.1" 200 11895 "http://192.168.1.8/sismadak/application/filemanager/filemanager.php" "Mozilla/5.0 (Windows NT 6.1) AppleWebKit/537.36 (KHTML, like Gecko) Chrome/70.0.3538.110 Safari/537.36"
192.168.1.213 - - [18/Dec/2018:11:18:53 +0700] "GET /sismadak/application/filemanager/js/codeview.js HTTP/1.1" 200 7295 "http://192.168.1.8/sismadak/application/filemanager/filemanager.php" "Mozilla/5.0 (Windows NT 6.1) AppleWebKit/537.36 (KHTML, like Gecko) Chrome/70.0.3538.110 Safari/537.36"
192.168.1.213 - - [18/Dec/2018:11:18:53 +0700] "GET /sismadak/application/filemanager/js/filemanager.js HTTP/1.1" 200 45811 "http://192.168.1.8/sismadak/application/filemanager/filemanager.php" "Mozilla/5.0 (Windows NT 6.1) AppleWebKit/537.36 (KHTML, like Gecko) Chrome/70.0.3538.110 Safari/537.36"
192.168.1.213 - - [18/Dec/2018:11:18:53 +0700] "GET /sismadak/application/filemanager/js/parser.js HTTP/1.1" 200 38999 "http://192.168.1.8/sismadak/application/filemanager/filemanager.php" "Mozilla/5.0 (Windows NT 6.1) AppleWebKit/537.36 (KHTML, like Gecko) Chrome/70.0.3538.110 Safari/537.36"
192.168.1.213 - - [18/Dec/2018:11:18:53 +0700] "GET /sismadak/application/filemanager/ext/flashreplace/flashreplace.js HTTP/1.1" 200 2459 "http://192.168.1.8/sismadak/application/filemanager/filemanager.php" "Mozilla/5.0 (Windows NT 6.1) AppleWebKit/537.36 (KHTML, like Gecko) Chrome/70.0.3538.110 Safari/537.36"
192.168.1.213 - - [18/Dec/2018:11:18:53 +0700] "GET /sismadak/application/filemanager/ext/filedrop/filedrop-min.js HTTP/1.1" 200 16861 "http://192.168.1.8/sismadak/application/filemanager/filemanager.php" "Mozilla/5.0 (Windows NT 6.1) AppleWebKit/537.36 (KHTML, like Gecko) Chrome/70.0.3538.110 Safari/537.36"
192.168.1.213 - - [18/Dec/2018:11:18:53 +0700] "GET /sismadak/application/filemanager/ext/uppod/uppod.js HTTP/1.1" 200 117870 "http://192.168.1.8/sismadak/application/filemanager/filemanager.php" "Mozilla/5.0 (Windows NT 6.1) AppleWebKit/537.36 (KHTML, like Gecko) Chrome/70.0.3538.110 Safari/537.36"
192.168.1.213 - - [18/Dec/2018:11:18:53 +0700] "GET /sismadak/application/filemanager/action.php?fmContainer=fmCont1&fmMode=getContSettings&preventCache=1545106755236 HTTP/1.1" 200 482 "http://192.168.1.8/sismadak/application/filemanager/filemanager.php" "Mozilla/5.0 (Windows NT 6.1) AppleWebKit/537.36 (KHTML, like Gecko) Chrome/70.0.3538.110 Safari/537.36"
192.168.1.213 - - [18/Dec/2018:11:18:53 +0700] "GET /sismadak/application/filemanager/action.php?fmContainer=fmCont1&fmMode=getUserPerms&preventCache=1545106755370 HTTP/1.1" 200 184 "http://192.168.1.8/sismadak/application/filemanager/filemanager.php" "Mozilla/5.0 (Windows NT 6.1) AppleWebKit/537.36 (KHTML, like Gecko) Chrome/70.0.3538.110 Safari/537.36"
192.168.1.213 - - [18/Dec/2018:11:18:53 +0700] "GET /sismadak/application/filemanager/action.php?fmContainer=fmCont1&fmMode=getMessages&preventCache=1545106755421 HTTP/1.1" 200 1766 "http://192.168.1.8/sismadak/application/filemanager/filemanager.php" "Mozilla/5.0 (Windows NT 6.1) AppleWebKit/537.36 (KHTML, like Gecko) Chrome/70.0.3538.110 Safari/537.36"
192.168.1.213 - - [18/Dec/2018:11:18:54 +0700] "GET /sismadak/application/filemanager/action.php?fmContainer=fmCont1&fmMode=refresh&preventCache=1545106755486 HTTP/1.1" 200 924 "http://192.168.1.8/sismadak/application/filemanager/filemanager.php" "Mozilla/5.0 (Windows NT 6.1) AppleWebKit/537.36 (KHTML, like Gecko) Chrome/70.0.3538.110 Safari/537.36"
192.168.1.213 - - [18/Dec/2018:11:18:54 +0700] "GET /sismadak/application/filemanager/icn/ajax_loader.gif HTTP/1.1" 200 7021 "http://192.168.1.8/sismadak/application/filemanager/filemanager.php" "Mozilla/5.0 (Windows NT 6.1) AppleWebKit/537.36 (KHTML, like Gecko) Chrome/70.0.3538.110 Safari/537.36"
192.168.1.213 - - [18/Dec/2018:11:18:54 +0700] "GET /sismadak/application/filemanager/icn/big/folder.png HTTP/1.1" 200 1086 "http://192.168.1.8/sismadak/application/filemanager/filemanager.php" "Mozilla/5.0 (Windows NT 6.1) AppleWebKit/537.36 (KHTML, like Gecko) Chrome/70.0.3538.110 Safari/537.36"
192.168.1.213 - - [18/Dec/2018:11:18:54 +0700] "GET /sismadak/application/filemanager/action.php?fmContainer=fmCont1&fmMode=getExplorer&preventCache=1545106755560 HTTP/1.1" 200 358 "http://192.168.1.8/sismadak/application/filemanager/filemanager.php" "Mozilla/5.0 (Windows NT 6.1) AppleWebKit/537.36 (KHTML, like Gecko) Chrome/70.0.3538.110 Safari/537.36"
192.168.1.213 - - [18/Dec/2018:11:18:54 +0700] "GET /sismadak/application/filemanager/icn/refresh.png HTTP/1.1" 200 674 "http://192.168.1.8/sismadak/application/filemanager/filemanager.php" "Mozilla/5.0 (Windows NT 6.1) AppleWebKit/537.36 (KHTML, like Gecko) Chrome/70.0.3538.110 Safari/537.36"
192.168.1.213 - - [18/Dec/2018:11:18:54 +0700] "GET /sismadak/application/filemanager/icn/list_details.png HTTP/1.1" 200 600 "http://192.168.1.8/sismadak/application/filemanager/filemanager.php" "Mozilla/5.0 (Windows NT 6.1) AppleWebKit/537.36 (KHTML, like Gecko) Chrome/70.0.3538.110 Safari/537.36"
192.168.1.213 - - [18/Dec/2018:11:18:54 +0700] "GET /sismadak/application/filemanager/icn/treeClose.gif HTTP/1.1" 200 65 "http://192.168.1.8/sismadak/application/filemanager/filemanager.php" "Mozilla/5.0 (Windows NT 6.1) AppleWebKit/537.36 (KHTML, like Gecko) Chrome/70.0.3538.110 Safari/537.36"
192.168.1.213 - - [18/Dec/2018:11:18:54 +0700] "GET /sismadak/application/filemanager/icn/dir_open.gif HTTP/1.1" 200 81 "http://192.168.1.8/sismadak/application/filemanager/filemanager.php" "Mozilla/5.0 (Windows NT 6.1) AppleWebKit/537.36 (KHTML, like Gecko) Chrome/70.0.3538.110 Safari/537.36"
192.168.1.213 - - [18/Dec/2018:11:18:54 +0700] "GET /sismadak/application/filemanager/icn/blank.gif HTTP/1.1" 200 49 "http://192.168.1.8/sismadak/application/filemanager/filemanager.php" "Mozilla/5.0 (Windows NT 6.1) AppleWebKit/537.36 (KHTML, like Gecko) Chrome/70.0.3538.110 Safari/537.36"
192.168.1.213 - - [18/Dec/2018:11:18:54 +0700] "GET /sismadak/application/filemanager/icn/dir.gif HTTP/1.1" 200 80 "http://192.168.1.8/sismadak/application/filemanager/filemanager.php" "Mozilla/5.0 (Windows NT 6.1) AppleWebKit/537.36 (KHTML, like Gecko) Chrome/70.0.3538.110 Safari/537.36"
192.168.1.229 - - [18/Dec/2018:11:19:05 +0700] "GET /sismadak/application/user_management/change_password_user.php HTTP/1.1" 200 1466 "http://192.168.1.8/sismadak/menu.php" "Mozilla/5.0 (Windows NT 6.1; WOW64; rv:56.0) Gecko/20100101 Firefox/56.0"
192.168.1.229 - - [18/Dec/2018:11:19:05 +0700] "GET /sismadak/application/user_management/change_password_user.php HTTP/1.1" 200 1466 "http://192.168.1.8/sismadak/menu.php" "Mozilla/5.0 (Windows NT 6.1; WOW64; rv:56.0) Gecko/20100101 Firefox/56.0"
192.168.1.40 - - [18/Dec/2018:11:19:13 +0700] "GET /sismadak/menu.php HTTP/1.1" 302 - "-" "Mozilla/5.0 (Windows NT 6.1) AppleWebKit/537.36 (KHTML, like Gecko) Chrome/70.0.3538.110 Safari/537.36"
192.168.1.40 - - [18/Dec/2018:11:19:13 +0700] "GET /sismadak/index.php HTTP/1.1" 200 2947 "-" "Mozilla/5.0 (Windows NT 6.1) AppleWebKit/537.36 (KHTML, like Gecko) Chrome/70.0.3538.110 Safari/537.36"
192.168.1.204 - - [18/Dec/2018:11:19:16 +0700] "GET /sismadak/logout.php HTTP/1.1" 302 - "http://192.168.1.8/sismadak/menu.php" "Mozilla/5.0 (Windows NT 6.1; WOW64; rv:56.0) Gecko/20100101 Firefox/56.0"
192.168.1.204 - - [18/Dec/2018:11:19:16 +0700] "GET /sismadak/index.php HTTP/1.1" 200 2947 "http://192.168.1.8/sismadak/menu.php" "Mozilla/5.0 (Windows NT 6.1; WOW64; rv:56.0) Gecko/20100101 Firefox/56.0"
192.168.1.40 - - [18/Dec/2018:11:19:20 +0700] "POST /sismadak/index.php HTTP/1.1" 302 2947 "http://192.168.1.8/sismadak/index.php" "Mozilla/5.0 (Windows NT 6.1) AppleWebKit/537.36 (KHTML, like Gecko) Chrome/70.0.3538.110 Safari/537.36"
192.168.1.40 - - [18/Dec/2018:11:19:20 +0700] "GET /sismadak/menu.php HTTP/1.1" 200 3174 "http://192.168.1.8/sismadak/index.php" "Mozilla/5.0 (Windows NT 6.1) AppleWebKit/537.36 (KHTML, like Gecko) Chrome/70.0.3538.110 Safari/537.36"
192.168.1.40 - - [18/Dec/2018:11:19:21 +0700] "GET /sismadak/application/report/dashboard.php HTTP/1.1" 200 20794 "http://192.168.1.8/sismadak/menu.php" "Mozilla/5.0 (Windows NT 6.1) AppleWebKit/537.36 (KHTML, like Gecko) Chrome/70.0.3538.110 Safari/537.36"
192.168.1.215 - - [18/Dec/2018:11:19:37 +0700] "GET /sismadak/logout.php HTTP/1.1" 302 - "http://192.168.1.8/sismadak/menu.php" "Mozilla/5.0 (Windows NT 6.1; WOW64; rv:63.0) Gecko/20100101 Firefox/63.0"
192.168.1.215 - - [18/Dec/2018:11:19:37 +0700] "GET /sismadak/index.php HTTP/1.1" 200 2947 "http://192.168.1.8/sismadak/menu.php" "Mozilla/5.0 (Windows NT 6.1; WOW64; rv:63.0) Gecko/20100101 Firefox/63.0"
192.168.1.219 - - [18/Dec/2018:11:19:38 +0700] "GET /sismadak/index.php HTTP/1.1" 302 - "http://192.168.1.8/sismadak/menu.php" "Mozilla/5.0 (Windows NT 6.1; rv:64.0) Gecko/20100101 Firefox/64.0"
192.168.1.219 - - [18/Dec/2018:11:19:38 +0700] "GET /sismadak/menu.php HTTP/1.1" 200 3174 "http://192.168.1.8/sismadak/menu.php" "Mozilla/5.0 (Windows NT 6.1; rv:64.0) Gecko/20100101 Firefox/64.0"
192.168.1.219 - - [18/Dec/2018:11:19:38 +0700] "GET /sismadak/application/report/dashboard.php HTTP/1.1" 200 20794 "http://192.168.1.8/sismadak/menu.php" "Mozilla/5.0 (Windows NT 6.1; rv:64.0) Gecko/20100101 Firefox/64.0"
192.168.1.40 - - [18/Dec/2018:11:20:11 +0700] "GET /sismadak/logout.php HTTP/1.1" 302 - "http://192.168.1.8/sismadak/menu.php" "Mozilla/5.0 (Windows NT 6.1) AppleWebKit/537.36 (KHTML, like Gecko) Chrome/70.0.3538.110 Safari/537.36"
192.168.1.40 - - [18/Dec/2018:11:20:11 +0700] "GET /sismadak/index.php HTTP/1.1" 200 2947 "http://192.168.1.8/sismadak/menu.php" "Mozilla/5.0 (Windows NT 6.1) AppleWebKit/537.36 (KHTML, like Gecko) Chrome/70.0.3538.110 Safari/537.36"
169.254.217.95 - - [18/Dec/2018:11:20:20 +0700] "GET /sismadak/application/user_management/staff_user_list.php HTTP/1.1" 200 53616 "http://192.168.1.8/sismadak/menu.php" "Mozilla/5.0 (Windows NT 10.0; Win64; x64) AppleWebKit/537.36 (KHTML, like Gecko) Chrome/70.0.3538.110 Safari/537.36"
169.254.217.95 - - [18/Dec/2018:11:20:21 +0700] "GET /sismadak/application/user_management/staff_user_list.php?grid_id=list1&_search=false&nd=1545106843723&rows=50&jqgrid_page=1&sidx=user_id&sord=asc HTTP/1.1" 200 3283 "http://192.168.1.8/sismadak/application/user_management/staff_user_list.php" "Mozilla/5.0 (Windows NT 10.0; Win64; x64) AppleWebKit/537.36 (KHTML, like Gecko) Chrome/70.0.3538.110 Safari/537.36"
192.168.1.121 - - [18/Dec/2018:11:20:22 +0700] "GET /sismadak/application/user_management/staff_user_list.php HTTP/1.1" 200 53616 "http://192.168.1.8/sismadak/menu.php" "Mozilla/5.0 (Windows NT 6.3; Win64; x64) AppleWebKit/537.36 (KHTML, like Gecko) Chrome/71.0.3578.98 Safari/537.36"
192.168.1.121 - - [18/Dec/2018:11:20:23 +0700] "GET /sismadak/lib/js/select2/select2.png HTTP/1.1" 200 613 "http://192.168.1.8/sismadak/lib/js/select2/select2.css" "Mozilla/5.0 (Windows NT 6.3; Win64; x64) AppleWebKit/537.36 (KHTML, like Gecko) Chrome/71.0.3578.98 Safari/537.36"
192.168.1.121 - - [18/Dec/2018:11:20:23 +0700] "GET /sismadak/application/user_management/staff_user_list.php?grid_id=list1&_search=false&nd=1544595373657&rows=50&jqgrid_page=1&sidx=user_id&sord=asc HTTP/1.1" 200 3283 "http://192.168.1.8/sismadak/application/user_management/staff_user_list.php" "Mozilla/5.0 (Windows NT 6.3; Win64; x64) AppleWebKit/537.36 (KHTML, like Gecko) Chrome/71.0.3578.98 Safari/537.36"
169.254.233.31 - - [18/Dec/2018:11:20:40 +0700] "GET /sismadak/ HTTP/1.1" 200 2947 "-" "Mozilla/5.0 (Windows NT 6.1; WOW64; rv:55.0) Gecko/20100101 Firefox/55.0"
169.254.233.31 - - [18/Dec/2018:11:20:41 +0700] "GET /sismadak/bootstrap/css/bootstrap3.min.css HTTP/1.1" 200 117305 "http://192.168.1.8/sismadak/" "Mozilla/5.0 (Windows NT 6.1; WOW64; rv:55.0) Gecko/20100101 Firefox/55.0"
169.254.233.31 - - [18/Dec/2018:11:20:41 +0700] "GET /sismadak/lib/js/menu/stylesheet.css HTTP/1.1" 200 1454 "http://192.168.1.8/sismadak/" "Mozilla/5.0 (Windows NT 6.1; WOW64; rv:55.0) Gecko/20100101 Firefox/55.0"
169.254.233.31 - - [18/Dec/2018:11:20:41 +0700] "GET /sismadak/images/hospital.png HTTP/1.1" 200 16318 "http://192.168.1.8/sismadak/" "Mozilla/5.0 (Windows NT 6.1; WOW64; rv:55.0) Gecko/20100101 Firefox/55.0"
169.254.233.31 - - [18/Dec/2018:11:20:41 +0700] "GET /favicon.ico HTTP/1.1" 200 30894 "-" "Mozilla/5.0 (Windows NT 6.1; WOW64; rv:55.0) Gecko/20100101 Firefox/55.0"
169.254.148.246 - - [18/Dec/2018:11:20:48 +0700] "GET /sismadak/application/assessment/hospital_assessment_chapter.php?event_id=1&category_id=4 HTTP/1.1" 200 46177 "http://192.168.1.8/sismadak/application/assessment/hospital_assessment_reguler_list.php?category_id=4&module_id=4" "Mozilla/5.0 (Windows NT 6.1; Win64; x64) AppleWebKit/537.36 (KHTML, like Gecko) Chrome/71.0.3578.98 Safari/537.36"
192.168.1.119 - - [18/Dec/2018:11:20:49 +0700] "GET /sismadak/application/filemanager/filemanager.php HTTP/1.1" 200 23262 "http://192.168.1.8/sismadak/menu.php" "Mozilla/5.0 (Windows NT 10.0; WOW64; rv:49.0) Gecko/20100101 Firefox/49.0"
192.168.1.119 - - [18/Dec/2018:11:20:49 +0700] "GET /sismadak/application/filemanager/action.php?fmContainer=fmCont1&fmMode=getContSettings&preventCache=1545106880585 HTTP/1.1" 200 482 "http://192.168.1.8/sismadak/application/filemanager/filemanager.php" "Mozilla/5.0 (Windows NT 10.0; WOW64; rv:49.0) Gecko/20100101 Firefox/49.0"
192.168.1.119 - - [18/Dec/2018:11:20:49 +0700] "GET /sismadak/application/filemanager/action.php?fmContainer=fmCont1&fmMode=getUserPerms&preventCache=1545106880627 HTTP/1.1" 200 184 "http://192.168.1.8/sismadak/application/filemanager/filemanager.php" "Mozilla/5.0 (Windows NT 10.0; WOW64; rv:49.0) Gecko/20100101 Firefox/49.0"
192.168.1.119 - - [18/Dec/2018:11:20:49 +0700] "GET /sismadak/application/filemanager/action.php?fmContainer=fmCont1&fmMode=getMessages&preventCache=1545106880669 HTTP/1.1" 200 1766 "http://192.168.1.8/sismadak/application/filemanager/filemanager.php" "Mozilla/5.0 (Windows NT 10.0; WOW64; rv:49.0) Gecko/20100101 Firefox/49.0"
169.254.148.246 - - [18/Dec/2018:11:20:49 +0700] "GET /sismadak/application/assessment/hospital_assessment_chapter.php?event_id=1&category_id=4&grid_id=list1&_search=false&nd=1545106880902&rows=20&jqgrid_page=1&sidx=chapter_id&sord=asc HTTP/1.1" 200 5793 "http://192.168.1.8/sismadak/application/assessment/hospital_assessment_chapter.php?event_id=1&category_id=4" "Mozilla/5.0 (Windows NT 6.1; Win64; x64) AppleWebKit/537.36 (KHTML, like Gecko) Chrome/71.0.3578.98 Safari/537.36"
192.168.1.119 - - [18/Dec/2018:11:20:49 +0700] "GET /sismadak/application/filemanager/action.php?fmContainer=fmCont1&fmMode=refresh&preventCache=1545106880772 HTTP/1.1" 200 924 "http://192.168.1.8/sismadak/application/filemanager/filemanager.php" "Mozilla/5.0 (Windows NT 10.0; WOW64; rv:49.0) Gecko/20100101 Firefox/49.0"
192.168.1.119 - - [18/Dec/2018:11:20:49 +0700] "GET /sismadak/application/filemanager/action.php?fmContainer=fmCont1&fmMode=getExplorer&preventCache=1545106880836 HTTP/1.1" 200 358 "http://192.168.1.8/sismadak/application/filemanager/filemanager.php" "Mozilla/5.0 (Windows NT 10.0; WOW64; rv:49.0) Gecko/20100101 Firefox/49.0"
192.168.1.254 - - [18/Dec/2018:11:20:58 +0700] "GET /sismadak/application/assessment/hospital_assessment_reguler_list.php?category_id=4&module_id=4 HTTP/1.1" 200 50053 "http://119.110.67.68:8808/sismadak/menu.php" "Mozilla/5.0 (Macintosh; Intel Mac OS X 10_10_5) AppleWebKit/537.36 (KHTML, like Gecko) Chrome/70.0.3538.110 Safari/537.36"
169.254.175.243 - - [18/Dec/2018:11:21:00 +0700] "GET /sismadak/logout.php HTTP/1.1" 302 - "http://192.168.1.8/sismadak/menu.php" "Mozilla/5.0 (Windows NT 6.1; rv:37.0) Gecko/20100101 Firefox/37.0"
192.168.1.254 - - [18/Dec/2018:11:21:00 +0700] "GET /sismadak/application/assessment/hospital_assessment_reguler_list.php?category_id=4&module_id=4&grid_id=list1&_search=false&nd=1545106884669&rows=20&jqgrid_page=1&sidx=accreditation_id&sord=desc HTTP/1.1" 200 743 "http://119.110.67.68:8808/sismadak/application/assessment/hospital_assessment_reguler_list.php?category_id=4&module_id=4" "Mozilla/5.0 (Macintosh; Intel Mac OS X 10_10_5) AppleWebKit/537.36 (KHTML, like Gecko) Chrome/70.0.3538.110 Safari/537.36"
169.254.175.243 - - [18/Dec/2018:11:21:00 +0700] "GET /sismadak/index.php HTTP/1.1" 200 2947 "http://192.168.1.8/sismadak/menu.php" "Mozilla/5.0 (Windows NT 6.1; rv:37.0) Gecko/20100101 Firefox/37.0"
169.254.148.246 - - [18/Dec/2018:11:21:01 +0700] "GET /sismadak/logout.php HTTP/1.1" 302 - "http://192.168.1.8/sismadak/menu.php" "Mozilla/5.0 (Windows NT 6.1; Win64; x64) AppleWebKit/537.36 (KHTML, like Gecko) Chrome/71.0.3578.98 Safari/537.36"
192.168.1.204 - - [18/Dec/2018:11:21:02 +0700] "GET /sismadak/logout.php HTTP/1.1" 302 - "http://192.168.1.8/sismadak/menu.php" "Mozilla/5.0 (Windows NT 6.1; WOW64; rv:56.0) Gecko/20100101 Firefox/56.0"
192.168.1.204 - - [18/Dec/2018:11:21:02 +0700] "GET /sismadak/index.php HTTP/1.1" 200 2947 "http://192.168.1.8/sismadak/menu.php" "Mozilla/5.0 (Windows NT 6.1; WOW64; rv:56.0) Gecko/20100101 Firefox/56.0"
169.254.148.246 - - [18/Dec/2018:11:21:02 +0700] "GET /sismadak/index.php HTTP/1.1" 200 2947 "http://192.168.1.8/sismadak/menu.php" "Mozilla/5.0 (Windows NT 6.1; Win64; x64) AppleWebKit/537.36 (KHTML, like Gecko) Chrome/71.0.3578.98 Safari/537.36"
192.168.1.217 - - [18/Dec/2018:11:21:02 +0700] "GET /sismadak/logout.php HTTP/1.1" 302 - "http://192.168.1.8/sismadak/menu.php" "Mozilla/5.0 (Windows NT 6.1; rv:41.0) Gecko/20100101 Firefox/41.0"
192.168.1.217 - - [18/Dec/2018:11:21:02 +0700] "GET /sismadak/index.php HTTP/1.1" 200 2947 "http://192.168.1.8/sismadak/menu.php" "Mozilla/5.0 (Windows NT 6.1; rv:41.0) Gecko/20100101 Firefox/41.0"
192.168.1.213 - - [18/Dec/2018:11:21:02 +0700] "GET /sismadak/index.php HTTP/1.1" 302 - "http://192.168.1.8/sismadak/menu.php" "Mozilla/5.0 (Windows NT 6.1) AppleWebKit/537.36 (KHTML, like Gecko) Chrome/70.0.3538.110 Safari/537.36"
192.168.1.213 - - [18/Dec/2018:11:21:02 +0700] "GET /sismadak/menu.php HTTP/1.1" 200 3174 "http://192.168.1.8/sismadak/menu.php" "Mozilla/5.0 (Windows NT 6.1) AppleWebKit/537.36 (KHTML, like Gecko) Chrome/70.0.3538.110 Safari/537.36"
192.168.1.213 - - [18/Dec/2018:11:21:03 +0700] "GET /sismadak/application/report/dashboard.php HTTP/1.1" 200 20794 "http://192.168.1.8/sismadak/menu.php" "Mozilla/5.0 (Windows NT 6.1) AppleWebKit/537.36 (KHTML, like Gecko) Chrome/70.0.3538.110 Safari/537.36"
192.168.1.219 - - [18/Dec/2018:11:21:03 +0700] "GET /sismadak/index.php HTTP/1.1" 302 - "http://192.168.1.8/sismadak/menu.php" "Mozilla/5.0 (Windows NT 6.1; rv:64.0) Gecko/20100101 Firefox/64.0"
192.168.1.203 - - [18/Dec/2018:11:21:03 +0700] "GET /sismadak/logout.php HTTP/1.1" 302 - "http://192.168.1.8/sismadak/menu.php" "Mozilla/5.0 (Windows NT 6.1; WOW64; rv:56.0) Gecko/20100101 Firefox/56.0"
192.168.1.219 - - [18/Dec/2018:11:21:03 +0700] "GET /sismadak/menu.php HTTP/1.1" 200 3174 "http://192.168.1.8/sismadak/menu.php" "Mozilla/5.0 (Windows NT 6.1; rv:64.0) Gecko/20100101 Firefox/64.0"
192.168.1.203 - - [18/Dec/2018:11:21:03 +0700] "GET /sismadak/index.php HTTP/1.1" 200 2947 "http://192.168.1.8/sismadak/menu.php" "Mozilla/5.0 (Windows NT 6.1; WOW64; rv:56.0) Gecko/20100101 Firefox/56.0"
192.168.1.236 - - [18/Dec/2018:11:21:04 +0700] "GET /sismadak/logout.php HTTP/1.1" 302 - "http://192.168.1.8/sismadak/menu.php" "Mozilla/5.0 (Windows NT 6.1; WOW64; rv:55.0) Gecko/20100101 Firefox/55.0"
192.168.1.209 - - [18/Dec/2018:11:21:04 +0700] "GET /sismadak/logout.php HTTP/1.1" 302 - "http://192.168.1.8/sismadak/menu.php" "Mozilla/5.0 (Windows NT 6.1; WOW64; rv:55.0) Gecko/20100101 Firefox/55.0"
192.168.1.219 - - [18/Dec/2018:11:21:04 +0700] "GET /sismadak/application/report/dashboard.php HTTP/1.1" 200 20794 "http://192.168.1.8/sismadak/menu.php" "Mozilla/5.0 (Windows NT 6.1; rv:64.0) Gecko/20100101 Firefox/64.0"
192.168.1.236 - - [18/Dec/2018:11:21:04 +0700] "GET /sismadak/index.php HTTP/1.1" 200 2947 "http://192.168.1.8/sismadak/menu.php" "Mozilla/5.0 (Windows NT 6.1; WOW64; rv:55.0) Gecko/20100101 Firefox/55.0"
192.168.1.209 - - [18/Dec/2018:11:21:04 +0700] "GET /sismadak/index.php HTTP/1.1" 200 2947 "http://192.168.1.8/sismadak/menu.php" "Mozilla/5.0 (Windows NT 6.1; WOW64; rv:55.0) Gecko/20100101 Firefox/55.0"
192.168.1.254 - - [18/Dec/2018:11:21:05 +0700] "GET /sismadak/application/assessment/hospital_assessment_chapter.php?event_id=1&category_id=4 HTTP/1.1" 200 46212 "http://119.110.67.68:8808/sismadak/application/assessment/hospital_assessment_reguler_list.php?category_id=4&module_id=4" "Mozilla/5.0 (Macintosh; Intel Mac OS X 10_10_5) AppleWebKit/537.36 (KHTML, like Gecko) Chrome/70.0.3538.110 Safari/537.36"
192.168.1.144 - - [18/Dec/2018:11:21:05 +0700] "GET /sismadak/logout.php HTTP/1.1" 302 - "http://192.168.1.8/sismadak/menu.php" "Mozilla/5.0 (Windows NT 6.3; WOW64) AppleWebKit/537.36 (KHTML, like Gecko) Chrome/69.0.3497.100 Safari/537.36"
192.168.1.213 - - [18/Dec/2018:11:21:05 +0700] "GET /sismadak/logout.php HTTP/1.1" 302 - "http://192.168.1.8/sismadak/menu.php" "Mozilla/5.0 (Windows NT 6.1) AppleWebKit/537.36 (KHTML, like Gecko) Chrome/70.0.3538.110 Safari/537.36"
192.168.1.144 - - [18/Dec/2018:11:21:05 +0700] "GET /sismadak/index.php HTTP/1.1" 200 2947 "http://192.168.1.8/sismadak/menu.php" "Mozilla/5.0 (Windows NT 6.3; WOW64) AppleWebKit/537.36 (KHTML, like Gecko) Chrome/69.0.3497.100 Safari/537.36"
192.168.1.213 - - [18/Dec/2018:11:21:05 +0700] "GET /sismadak/index.php HTTP/1.1" 200 2947 "http://192.168.1.8/sismadak/menu.php" "Mozilla/5.0 (Windows NT 6.1) AppleWebKit/537.36 (KHTML, like Gecko) Chrome/70.0.3538.110 Safari/537.36"
192.168.1.254 - - [18/Dec/2018:11:21:06 +0700] "GET /sismadak/application/assessment/hospital_assessment_chapter.php?event_id=1&category_id=4&grid_id=list1&_search=false&nd=1545106891141&rows=20&jqgrid_page=1&sidx=chapter_id&sord=asc HTTP/1.1" 200 5793 "http://119.110.67.68:8808/sismadak/application/assessment/hospital_assessment_chapter.php?event_id=1&category_id=4" "Mozilla/5.0 (Macintosh; Intel Mac OS X 10_10_5) AppleWebKit/537.36 (KHTML, like Gecko) Chrome/70.0.3538.110 Safari/537.36"
192.168.1.213 - - [18/Dec/2018:11:21:07 +0700] "GET /sismadak/logout.php HTTP/1.1" 302 - "http://192.168.1.8/sismadak/menu.php" "Mozilla/5.0 (Windows NT 6.1; WOW64; rv:55.0) Gecko/20100101 Firefox/55.0"
192.168.1.213 - - [18/Dec/2018:11:21:07 +0700] "GET /sismadak/index.php HTTP/1.1" 200 2947 "http://192.168.1.8/sismadak/menu.php" "Mozilla/5.0 (Windows NT 6.1; WOW64; rv:55.0) Gecko/20100101 Firefox/55.0"
192.168.1.228 - - [18/Dec/2018:11:21:07 +0700] "GET /sismadak/logout.php HTTP/1.1" 302 - "http://192.168.1.8/sismadak/menu.php" "Mozilla/5.0 (Windows NT 6.1; WOW64; rv:55.0) Gecko/20100101 Firefox/55.0"
192.168.1.228 - - [18/Dec/2018:11:21:07 +0700] "GET /sismadak/index.php HTTP/1.1" 200 2947 "http://192.168.1.8/sismadak/menu.php" "Mozilla/5.0 (Windows NT 6.1; WOW64; rv:55.0) Gecko/20100101 Firefox/55.0"
192.168.1.188 - - [18/Dec/2018:11:21:07 +0700] "GET /sismadak/logout.php HTTP/1.1" 302 - "http://192.168.1.8/sismadak/menu.php" "Mozilla/5.0 (Windows NT 6.3; Win64; x64; rv:64.0) Gecko/20100101 Firefox/64.0"
192.168.1.188 - - [18/Dec/2018:11:21:07 +0700] "GET /sismadak/index.php HTTP/1.1" 200 2947 "http://192.168.1.8/sismadak/menu.php" "Mozilla/5.0 (Windows NT 6.3; Win64; x64; rv:64.0) Gecko/20100101 Firefox/64.0"
192.168.1.219 - - [18/Dec/2018:11:21:09 +0700] "GET /sismadak/logout.php HTTP/1.1" 302 - "http://192.168.1.8/sismadak/menu.php" "Mozilla/5.0 (Windows NT 6.1; rv:64.0) Gecko/20100101 Firefox/64.0"
192.168.1.219 - - [18/Dec/2018:11:21:09 +0700] "GET /sismadak/index.php HTTP/1.1" 200 2947 "http://192.168.1.8/sismadak/menu.php" "Mozilla/5.0 (Windows NT 6.1; rv:64.0) Gecko/20100101 Firefox/64.0"
192.168.1.219 - - [18/Dec/2018:11:21:09 +0700] "GET /sismadak/bootstrap/css/bootstrap3.min.css HTTP/1.1" 200 117305 "http://192.168.1.8/sismadak/index.php" "Mozilla/5.0 (Windows NT 6.1; rv:64.0) Gecko/20100101 Firefox/64.0"
192.168.1.40 - - [18/Dec/2018:11:21:10 +0700] "POST /sismadak/index.php HTTP/1.1" 302 2947 "http://192.168.1.8/sismadak/index.php" "Mozilla/5.0 (Windows NT 6.1) AppleWebKit/537.36 (KHTML, like Gecko) Chrome/70.0.3538.110 Safari/537.36"
192.168.1.40 - - [18/Dec/2018:11:21:10 +0700] "GET /sismadak/menu.php HTTP/1.1" 200 6547 "http://192.168.1.8/sismadak/index.php" "Mozilla/5.0 (Windows NT 6.1) AppleWebKit/537.36 (KHTML, like Gecko) Chrome/70.0.3538.110 Safari/537.36"
192.168.1.40 - - [18/Dec/2018:11:21:10 +0700] "GET /sismadak/application/report/dashboard.php HTTP/1.1" 200 20794 "http://192.168.1.8/sismadak/menu.php" "Mozilla/5.0 (Windows NT 6.1) AppleWebKit/537.36 (KHTML, like Gecko) Chrome/70.0.3538.110 Safari/537.36"
192.168.1.254 - - [18/Dec/2018:11:21:11 +0700] "GET /sismadak/application/assessment/hospital_assessment_reguler_list.php?category_id=4&module_id=4 HTTP/1.1" 200 50053 "http://119.110.67.68:8808/sismadak/menu.php" "Mozilla/5.0 (Macintosh; Intel Mac OS X 10_10_5) AppleWebKit/537.36 (KHTML, like Gecko) Chrome/70.0.3538.110 Safari/537.36"
192.168.1.153 - - [18/Dec/2018:11:21:12 +0700] "GET /sismadak/ HTTP/1.1" 302 - "-" "Mozilla/5.0 (Windows NT 6.3; WOW64; rv:64.0) Gecko/20100101 Firefox/64.0"
192.168.1.153 - - [18/Dec/2018:11:21:12 +0700] "GET /sismadak/application/report/dashboard.php HTTP/1.1" 200 20794 "http://192.168.1.8/sismadak/menu.php" "Mozilla/5.0 (Windows NT 6.3; WOW64; rv:64.0) Gecko/20100101 Firefox/64.0"
192.168.1.254 - - [18/Dec/2018:11:21:13 +0700] "GET /sismadak/application/user_management/hospital_department.php HTTP/1.1" 200 48634 "http://119.110.67.68:8808/sismadak/menu.php" "Mozilla/5.0 (Macintosh; Intel Mac OS X 10_10_5) AppleWebKit/537.36 (KHTML, like Gecko) Chrome/70.0.3538.110 Safari/537.36"
192.168.1.254 - - [18/Dec/2018:11:21:15 +0700] "GET /sismadak/application/user_management/hospital_department.php?grid_id=list1&_search=false&nd=1545106899702&rows=50&jqgrid_page=1&sidx=department_id&sord=asc HTTP/1.1" 200 1728 "http://119.110.67.68:8808/sismadak/application/user_management/hospital_department.php" "Mozilla/5.0 (Macintosh; Intel Mac OS X 10_10_5) AppleWebKit/537.36 (KHTML, like Gecko) Chrome/70.0.3538.110 Safari/537.36"
192.168.1.121 - - [18/Dec/2018:11:21:18 +0700] "GET /sismadak/application/user_management/hospital_department.php HTTP/1.1" 200 48585 "http://192.168.1.8/sismadak/menu.php" "Mozilla/5.0 (Windows NT 6.3; Win64; x64) AppleWebKit/537.36 (KHTML, like Gecko) Chrome/71.0.3578.98 Safari/537.36"
192.168.1.254 - - [18/Dec/2018:11:21:18 +0700] "GET /sismadak/application/report/dashboard.php HTTP/1.1" 200 20794 "http://119.110.67.68:8808/sismadak/menu.php" "Mozilla/5.0 (Macintosh; Intel Mac OS X 10_10_5) AppleWebKit/537.36 (KHTML, like Gecko) Chrome/70.0.3538.110 Safari/537.36"
192.168.1.121 - - [18/Dec/2018:11:21:19 +0700] "GET /sismadak/application/user_management/hospital_department.php?grid_id=list1&_search=false&nd=1544595429567&rows=50&jqgrid_page=1&sidx=department_id&sord=asc HTTP/1.1" 200 1728 "http://192.168.1.8/sismadak/application/user_management/hospital_department.php" "Mozilla/5.0 (Windows NT 6.3; Win64; x64) AppleWebKit/537.36 (KHTML, like Gecko) Chrome/71.0.3578.98 Safari/537.36"
192.168.1.121 - - [18/Dec/2018:11:21:21 +0700] "GET /sismadak/logout.php HTTP/1.1" 302 - "http://192.168.1.8/sismadak/menu.php" "Mozilla/5.0 (Windows NT 6.3; Win64; x64) AppleWebKit/537.36 (KHTML, like Gecko) Chrome/71.0.3578.98 Safari/537.36"
192.168.1.121 - - [18/Dec/2018:11:21:21 +0700] "GET /sismadak/index.php HTTP/1.1" 200 2947 "http://192.168.1.8/sismadak/menu.php" "Mozilla/5.0 (Windows NT 6.3; Win64; x64) AppleWebKit/537.36 (KHTML, like Gecko) Chrome/71.0.3578.98 Safari/537.36"
192.168.1.229 - - [18/Dec/2018:11:21:31 +0700] "GET /sismadak/ HTTP/1.1" 200 2947 "-" "Mozilla/5.0 (Windows NT 6.1; WOW64; rv:56.0) Gecko/20100101 Firefox/56.0"
192.168.1.213 - - [18/Dec/2018:11:21:33 +0700] "POST /sismadak/index.php HTTP/1.1" 200 3001 "http://192.168.1.8/sismadak/index.php" "Mozilla/5.0 (Windows NT 6.1) AppleWebKit/537.36 (KHTML, like Gecko) Chrome/70.0.3538.110 Safari/537.36"
192.168.1.215 - - [18/Dec/2018:11:21:33 +0700] "POST /sismadak/index.php HTTP/1.1" 302 2947 "http://192.168.1.8/sismadak/index.php" "Mozilla/5.0 (Windows NT 6.1; WOW64; rv:63.0) Gecko/20100101 Firefox/63.0"
192.168.1.215 - - [18/Dec/2018:11:21:33 +0700] "GET /sismadak/menu.php HTTP/1.1" 200 6547 "http://192.168.1.8/sismadak/index.php" "Mozilla/5.0 (Windows NT 6.1; WOW64; rv:63.0) Gecko/20100101 Firefox/63.0"
192.168.1.215 - - [18/Dec/2018:11:21:33 +0700] "GET /sismadak/application/report/dashboard.php HTTP/1.1" 200 20794 "http://192.168.1.8/sismadak/menu.php" "Mozilla/5.0 (Windows NT 6.1; WOW64; rv:63.0) Gecko/20100101 Firefox/63.0"
169.254.175.243 - - [18/Dec/2018:11:21:36 +0700] "POST /sismadak/index.php HTTP/1.1" 200 3001 "http://192.168.1.8/sismadak/index.php" "Mozilla/5.0 (Windows NT 6.1; rv:37.0) Gecko/20100101 Firefox/37.0"
169.254.28.115 - - [18/Dec/2018:11:21:37 +0700] "POST /sismadak/index.php HTTP/1.1" 302 2947 "http://192.168.1.8/sismadak/index.php" "Mozilla/5.0 (Windows NT 6.1; WOW64; rv:56.0) Gecko/20100101 Firefox/56.0"
169.254.28.115 - - [18/Dec/2018:11:21:37 +0700] "GET /sismadak/menu.php HTTP/1.1" 200 6547 "http://192.168.1.8/sismadak/index.php" "Mozilla/5.0 (Windows NT 6.1; WOW64; rv:56.0) Gecko/20100101 Firefox/56.0"
169.254.28.115 - - [18/Dec/2018:11:21:37 +0700] "GET /sismadak/images/surveyor.png HTTP/1.1" 200 24770 "http://192.168.1.8/sismadak/lib/js/menu/menu.css" "Mozilla/5.0 (Windows NT 6.1; WOW64; rv:56.0) Gecko/20100101 Firefox/56.0"
169.254.28.115 - - [18/Dec/2018:11:21:37 +0700] "GET /sismadak/application/report/dashboard.php HTTP/1.1" 200 20794 "http://192.168.1.8/sismadak/menu.php" "Mozilla/5.0 (Windows NT 6.1; WOW64; rv:56.0) Gecko/20100101 Firefox/56.0"
169.254.28.115 - - [18/Dec/2018:11:21:37 +0700] "GET /sismadak/images/assessment.png HTTP/1.1" 200 13636 "http://192.168.1.8/sismadak/lib/js/menu/menu.css" "Mozilla/5.0 (Windows NT 6.1; WOW64; rv:56.0) Gecko/20100101 Firefox/56.0"
169.254.28.115 - - [18/Dec/2018:11:21:37 +0700] "GET /sismadak/images/bimbingan.png HTTP/1.1" 200 25693 "http://192.168.1.8/sismadak/lib/js/menu/menu.css" "Mozilla/5.0 (Windows NT 6.1; WOW64; rv:56.0) Gecko/20100101 Firefox/56.0"
169.254.28.115 - - [18/Dec/2018:11:21:37 +0700] "GET /sismadak/images/workshop.png HTTP/1.1" 200 21037 "http://192.168.1.8/sismadak/lib/js/menu/menu.css" "Mozilla/5.0 (Windows NT 6.1; WOW64; rv:56.0) Gecko/20100101 Firefox/56.0"
192.168.1.119 - - [18/Dec/2018:11:21:38 +0700] "GET /sismadak/application/assessment/hospital_assessment_chapter.php?event_id=1&category_id=4 HTTP/1.1" 200 46177 "http://192.168.1.8/sismadak/application/assessment/hospital_assessment_reguler_list.php?category_id=4&module_id=4" "Mozilla/5.0 (Windows NT 10.0; WOW64; rv:49.0) Gecko/20100101 Firefox/49.0"
192.168.1.119 - - [18/Dec/2018:11:21:38 +0700] "GET /sismadak/application/assessment/hospital_assessment_chapter.php?event_id=1&category_id=4&grid_id=list1&_search=false&nd=1545106930052&rows=20&jqgrid_page=1&sidx=chapter_id&sord=asc HTTP/1.1" 200 5793 "http://192.168.1.8/sismadak/application/assessment/hospital_assessment_chapter.php?event_id=1&category_id=4" "Mozilla/5.0 (Windows NT 10.0; WOW64; rv:49.0) Gecko/20100101 Firefox/49.0"
192.168.1.209 - - [18/Dec/2018:11:21:41 +0700] "POST /sismadak/index.php HTTP/1.1" 302 2947 "http://192.168.1.8/sismadak/index.php" "Mozilla/5.0 (Windows NT 6.1; WOW64; rv:55.0) Gecko/20100101 Firefox/55.0"
192.168.1.209 - - [18/Dec/2018:11:21:41 +0700] "GET /sismadak/menu.php HTTP/1.1" 200 6547 "http://192.168.1.8/sismadak/index.php" "Mozilla/5.0 (Windows NT 6.1; WOW64; rv:55.0) Gecko/20100101 Firefox/55.0"
192.168.1.209 - - [18/Dec/2018:11:21:41 +0700] "GET /sismadak/application/report/dashboard.php HTTP/1.1" 200 20794 "http://192.168.1.8/sismadak/menu.php" "Mozilla/5.0 (Windows NT 6.1; WOW64; rv:55.0) Gecko/20100101 Firefox/55.0"
192.168.1.209 - - [18/Dec/2018:11:21:41 +0700] "GET /sismadak/images/bimbingan.png HTTP/1.1" 200 25693 "http://192.168.1.8/sismadak/lib/js/menu/menu.css" "Mozilla/5.0 (Windows NT 6.1; WOW64; rv:55.0) Gecko/20100101 Firefox/55.0"
192.168.1.209 - - [18/Dec/2018:11:21:41 +0700] "GET /sismadak/images/assessment.png HTTP/1.1" 200 13636 "http://192.168.1.8/sismadak/lib/js/menu/menu.css" "Mozilla/5.0 (Windows NT 6.1; WOW64; rv:55.0) Gecko/20100101 Firefox/55.0"
192.168.1.209 - - [18/Dec/2018:11:21:41 +0700] "GET /sismadak/images/surveyor.png HTTP/1.1" 200 24770 "http://192.168.1.8/sismadak/lib/js/menu/menu.css" "Mozilla/5.0 (Windows NT 6.1; WOW64; rv:55.0) Gecko/20100101 Firefox/55.0"
192.168.1.209 - - [18/Dec/2018:11:21:41 +0700] "GET /sismadak/images/workshop.png HTTP/1.1" 200 21037 "http://192.168.1.8/sismadak/lib/js/menu/menu.css" "Mozilla/5.0 (Windows NT 6.1; WOW64; rv:55.0) Gecko/20100101 Firefox/55.0"
192.168.1.254 - - [18/Dec/2018:11:21:42 +0700] "GET /sismadak/application/assessment/hospital_assessment_reguler_list.php?category_id=4&module_id=4 HTTP/1.1" 200 50053 "http://119.110.67.68:8808/sismadak/menu.php" "Mozilla/5.0 (Macintosh; Intel Mac OS X 10_10_5) AppleWebKit/537.36 (KHTML, like Gecko) Chrome/70.0.3538.110 Safari/537.36"
192.168.1.254 - - [18/Dec/2018:11:21:45 +0700] "GET /sismadak/application/assessment/hospital_assessment_reguler_list.php?category_id=4&module_id=4&grid_id=list1&_search=false&nd=1545106929414&rows=20&jqgrid_page=1&sidx=accreditation_id&sord=desc HTTP/1.1" 200 743 "http://119.110.67.68:8808/sismadak/application/assessment/hospital_assessment_reguler_list.php?category_id=4&module_id=4" "Mozilla/5.0 (Macintosh; Intel Mac OS X 10_10_5) AppleWebKit/537.36 (KHTML, like Gecko) Chrome/70.0.3538.110 Safari/537.36"
192.168.1.153 - - [18/Dec/2018:11:21:52 +0700] "GET /2016 HTTP/1.1" 404 1056 "-" "Mozilla/5.0 (Windows NT 6.3; WOW64; rv:64.0) Gecko/20100101 Firefox/64.0"
192.168.1.254 - - [18/Dec/2018:11:21:55 +0700] "GET /sismadak/application/user_management/filemanager_user_access.php HTTP/1.1" 200 55376 "http://119.110.67.68:8808/sismadak/menu.php" "Mozilla/5.0 (Macintosh; Intel Mac OS X 10_10_5) AppleWebKit/537.36 (KHTML, like Gecko) Chrome/70.0.3538.110 Safari/537.36"
192.168.1.188 - - [18/Dec/2018:11:21:55 +0700] "POST /sismadak/index.php HTTP/1.1" 200 3001 "http://192.168.1.8/sismadak/index.php" "Mozilla/5.0 (Windows NT 6.3; Win64; x64; rv:64.0) Gecko/20100101 Firefox/64.0"
192.168.1.254 - - [18/Dec/2018:11:21:57 +0700] "GET /sismadak/application/user_management/filemanager_user_access.php?grid_id=list1&_search=false&nd=1545106942000&rows=50&jqgrid_page=1&sidx=filemanager_id&sord=asc HTTP/1.1" 200 4899 "http://119.110.67.68:8808/sismadak/application/user_management/filemanager_user_access.php" "Mozilla/5.0 (Macintosh; Intel Mac OS X 10_10_5) AppleWebKit/537.36 (KHTML, like Gecko) Chrome/70.0.3538.110 Safari/537.36"
192.168.1.153 - - [18/Dec/2018:11:22:01 +0700] "GET /sismadak/ HTTP/1.1" 302 - "-" "Mozilla/5.0 (Windows NT 6.3; WOW64; rv:64.0) Gecko/20100101 Firefox/64.0"
192.168.1.153 - - [18/Dec/2018:11:22:01 +0700] "GET /sismadak/menu.php HTTP/1.1" 200 3174 "-" "Mozilla/5.0 (Windows NT 6.3; WOW64; rv:64.0) Gecko/20100101 Firefox/64.0"
192.168.1.153 - - [18/Dec/2018:11:22:01 +0700] "GET /sismadak/application/report/dashboard.php HTTP/1.1" 200 20794 "http://192.168.1.8/sismadak/menu.php" "Mozilla/5.0 (Windows NT 6.3; WOW64; rv:64.0) Gecko/20100101 Firefox/64.0"
192.168.1.153 - - [18/Dec/2018:11:22:04 +0700] "GET /sismadak/logout.php HTTP/1.1" 302 - "http://192.168.1.8/sismadak/menu.php" "Mozilla/5.0 (Windows NT 6.3; WOW64; rv:64.0) Gecko/20100101 Firefox/64.0"
192.168.1.153 - - [18/Dec/2018:11:22:04 +0700] "GET /sismadak/index.php HTTP/1.1" 200 2947 "http://192.168.1.8/sismadak/menu.php" "Mozilla/5.0 (Windows NT 6.3; WOW64; rv:64.0) Gecko/20100101 Firefox/64.0"
169.254.233.31 - - [18/Dec/2018:11:22:05 +0700] "POST /sismadak/index.php HTTP/1.1" 302 2947 "http://192.168.1.8/sismadak/" "Mozilla/5.0 (Windows NT 6.1; WOW64; rv:55.0) Gecko/20100101 Firefox/55.0"
169.254.233.31 - - [18/Dec/2018:11:22:05 +0700] "GET /sismadak/menu.php HTTP/1.1" 200 6547 "http://192.168.1.8/sismadak/" "Mozilla/5.0 (Windows NT 6.1; WOW64; rv:55.0) Gecko/20100101 Firefox/55.0"
192.168.1.204 - - [18/Dec/2018:11:22:05 +0700] "POST /sismadak/index.php HTTP/1.1" 302 2947 "http://192.168.1.8/sismadak/index.php" "Mozilla/5.0 (Windows NT 6.1; WOW64; rv:56.0) Gecko/20100101 Firefox/56.0"
169.254.233.31 - - [18/Dec/2018:11:22:05 +0700] "GET /sismadak/lib/js/menu/menu.css HTTP/1.1" 200 6755 "http://192.168.1.8/sismadak/menu.php" "Mozilla/5.0 (Windows NT 6.1; WOW64; rv:55.0) Gecko/20100101 Firefox/55.0"
169.254.233.31 - - [18/Dec/2018:11:22:05 +0700] "GET /sismadak/lib/js/menu/jquery.dcmegamenu.1.3.3.js HTTP/1.1" 200 6987 "http://192.168.1.8/sismadak/menu.php" "Mozilla/5.0 (Windows NT 6.1; WOW64; rv:55.0) Gecko/20100101 Firefox/55.0"
169.254.233.31 - - [18/Dec/2018:11:22:05 +0700] "GET /sismadak/lib/js/jquery.min.js HTTP/1.1" 200 96381 "http://192.168.1.8/sismadak/menu.php" "Mozilla/5.0 (Windows NT 6.1; WOW64; rv:55.0) Gecko/20100101 Firefox/55.0"
169.254.233.31 - - [18/Dec/2018:11:22:05 +0700] "GET /sismadak/lib/js/menu/jquery.hoverIntent.minified.js HTTP/1.1" 200 1614 "http://192.168.1.8/sismadak/menu.php" "Mozilla/5.0 (Windows NT 6.1; WOW64; rv:55.0) Gecko/20100101 Firefox/55.0"
192.168.1.204 - - [18/Dec/2018:11:22:05 +0700] "GET /sismadak/menu.php HTTP/1.1" 200 6547 "http://192.168.1.8/sismadak/index.php" "Mozilla/5.0 (Windows NT 6.1; WOW64; rv:56.0) Gecko/20100101 Firefox/56.0"
169.254.233.31 - - [18/Dec/2018:11:22:06 +0700] "GET /sismadak/images/bg_blue.png HTTP/1.1" 200 1132 "http://192.168.1.8/sismadak/lib/js/menu/menu.css" "Mozilla/5.0 (Windows NT 6.1; WOW64; rv:55.0) Gecko/20100101 Firefox/55.0"
192.168.1.204 - - [18/Dec/2018:11:22:06 +0700] "GET /sismadak/images/surveyor.png HTTP/1.1" 200 24770 "http://192.168.1.8/sismadak/lib/js/menu/menu.css" "Mozilla/5.0 (Windows NT 6.1; WOW64; rv:56.0) Gecko/20100101 Firefox/56.0"
192.168.1.204 - - [18/Dec/2018:11:22:06 +0700] "GET /sismadak/images/bimbingan.png HTTP/1.1" 200 25693 "http://192.168.1.8/sismadak/lib/js/menu/menu.css" "Mozilla/5.0 (Windows NT 6.1; WOW64; rv:56.0) Gecko/20100101 Firefox/56.0"
192.168.1.204 - - [18/Dec/2018:11:22:06 +0700] "GET /sismadak/images/assessment.png HTTP/1.1" 200 13636 "http://192.168.1.8/sismadak/lib/js/menu/menu.css" "Mozilla/5.0 (Windows NT 6.1; WOW64; rv:56.0) Gecko/20100101 Firefox/56.0"
192.168.1.204 - - [18/Dec/2018:11:22:06 +0700] "GET /sismadak/images/workshop.png HTTP/1.1" 200 21037 "http://192.168.1.8/sismadak/lib/js/menu/menu.css" "Mozilla/5.0 (Windows NT 6.1; WOW64; rv:56.0) Gecko/20100101 Firefox/56.0"
192.168.1.204 - - [18/Dec/2018:11:22:06 +0700] "GET /sismadak/application/report/dashboard.php HTTP/1.1" 200 20794 "http://192.168.1.8/sismadak/menu.php" "Mozilla/5.0 (Windows NT 6.1; WOW64; rv:56.0) Gecko/20100101 Firefox/56.0"
169.254.233.31 - - [18/Dec/2018:11:22:06 +0700] "GET /sismadak/images/bg_sub.png HTTP/1.1" 200 8845 "http://192.168.1.8/sismadak/lib/js/menu/menu.css" "Mozilla/5.0 (Windows NT 6.1; WOW64; rv:55.0) Gecko/20100101 Firefox/55.0"
169.254.233.31 - - [18/Dec/2018:11:22:06 +0700] "GET /sismadak/images/bg_sub_left.png HTTP/1.1" 200 719 "http://192.168.1.8/sismadak/lib/js/menu/menu.css" "Mozilla/5.0 (Windows NT 6.1; WOW64; rv:55.0) Gecko/20100101 Firefox/55.0"
169.254.233.31 - - [18/Dec/2018:11:22:06 +0700] "GET /sismadak/images/arrow.png HTTP/1.1" 200 237 "http://192.168.1.8/sismadak/lib/js/menu/menu.css" "Mozilla/5.0 (Windows NT 6.1; WOW64; rv:55.0) Gecko/20100101 Firefox/55.0"
169.254.233.31 - - [18/Dec/2018:11:22:06 +0700] "GET /sismadak/application/report/dashboard.php HTTP/1.1" 200 20794 "http://192.168.1.8/sismadak/menu.php" "Mozilla/5.0 (Windows NT 6.1; WOW64; rv:55.0) Gecko/20100101 Firefox/55.0"
169.254.233.31 - - [18/Dec/2018:11:22:06 +0700] "GET /sismadak/images/bg_hdr.png HTTP/1.1" 200 151 "http://192.168.1.8/sismadak/lib/js/menu/menu.css" "Mozilla/5.0 (Windows NT 6.1; WOW64; rv:55.0) Gecko/20100101 Firefox/55.0"
169.254.233.31 - - [18/Dec/2018:11:22:06 +0700] "GET /sismadak/images/configuration.png HTTP/1.1" 200 15435 "http://192.168.1.8/sismadak/lib/js/menu/menu.css" "Mozilla/5.0 (Windows NT 6.1; WOW64; rv:55.0) Gecko/20100101 Firefox/55.0"
169.254.233.31 - - [18/Dec/2018:11:22:06 +0700] "GET /sismadak/images/bullet.png HTTP/1.1" 200 156 "http://192.168.1.8/sismadak/lib/js/menu/menu.css" "Mozilla/5.0 (Windows NT 6.1; WOW64; rv:55.0) Gecko/20100101 Firefox/55.0"
169.254.233.31 - - [18/Dec/2018:11:22:06 +0700] "GET /sismadak/images/surveyor.png HTTP/1.1" 200 24770 "http://192.168.1.8/sismadak/lib/js/menu/menu.css" "Mozilla/5.0 (Windows NT 6.1; WOW64; rv:55.0) Gecko/20100101 Firefox/55.0"
169.254.233.31 - - [18/Dec/2018:11:22:06 +0700] "GET /sismadak/images/laporan.png HTTP/1.1" 200 14933 "http://192.168.1.8/sismadak/lib/js/menu/menu.css" "Mozilla/5.0 (Windows NT 6.1; WOW64; rv:55.0) Gecko/20100101 Firefox/55.0"
169.254.233.31 - - [18/Dec/2018:11:22:06 +0700] "GET /sismadak/images/assessment.png HTTP/1.1" 200 13636 "http://192.168.1.8/sismadak/lib/js/menu/menu.css" "Mozilla/5.0 (Windows NT 6.1; WOW64; rv:55.0) Gecko/20100101 Firefox/55.0"
169.254.233.31 - - [18/Dec/2018:11:22:06 +0700] "GET /sismadak/lib/js/RGraph/libraries/RGraph.common.core.js HTTP/1.1" 200 72705 "http://192.168.1.8/sismadak/application/report/dashboard.php" "Mozilla/5.0 (Windows NT 6.1; WOW64; rv:55.0) Gecko/20100101 Firefox/55.0"
169.254.233.31 - - [18/Dec/2018:11:22:06 +0700] "GET /sismadak/lib/js/RGraph/libraries/RGraph.meter.js HTTP/1.1" 200 22426 "http://192.168.1.8/sismadak/application/report/dashboard.php" "Mozilla/5.0 (Windows NT 6.1; WOW64; rv:55.0) Gecko/20100101 Firefox/55.0"
169.254.233.31 - - [18/Dec/2018:11:22:06 +0700] "GET /sismadak/lib/js/RGraph/libraries/RGraph.common.dynamic.js HTTP/1.1" 200 18806 "http://192.168.1.8/sismadak/application/report/dashboard.php" "Mozilla/5.0 (Windows NT 6.1; WOW64; rv:55.0) Gecko/20100101 Firefox/55.0"
169.254.233.31 - - [18/Dec/2018:11:22:06 +0700] "GET /sismadak/lib/js/RGraph/libraries/RGraph.gauge.js HTTP/1.1" 200 23883 "http://192.168.1.8/sismadak/application/report/dashboard.php" "Mozilla/5.0 (Windows NT 6.1; WOW64; rv:55.0) Gecko/20100101 Firefox/55.0"
169.254.233.31 - - [18/Dec/2018:11:22:06 +0700] "GET /sismadak/lib/js/RGraph/libraries/RGraph.common.key.js HTTP/1.1" 200 12332 "http://192.168.1.8/sismadak/application/report/dashboard.php" "Mozilla/5.0 (Windows NT 6.1; WOW64; rv:55.0) Gecko/20100101 Firefox/55.0"
169.254.233.31 - - [18/Dec/2018:11:22:06 +0700] "GET /sismadak/lib/js/RGraph/libraries/RGraph.common.tooltips.js HTTP/1.1" 200 5732 "http://192.168.1.8/sismadak/application/report/dashboard.php" "Mozilla/5.0 (Windows NT 6.1; WOW64; rv:55.0) Gecko/20100101 Firefox/55.0"
169.254.233.31 - - [18/Dec/2018:11:22:06 +0700] "GET /sismadak/lib/js/RGraph/libraries/RGraph.drawing.xaxis.js HTTP/1.1" 200 9413 "http://192.168.1.8/sismadak/application/report/dashboard.php" "Mozilla/5.0 (Windows NT 6.1; WOW64; rv:55.0) Gecko/20100101 Firefox/55.0"
169.254.233.31 - - [18/Dec/2018:11:22:06 +0700] "GET /sismadak/images/workshop.png HTTP/1.1" 200 21037 "http://192.168.1.8/sismadak/lib/js/menu/menu.css" "Mozilla/5.0 (Windows NT 6.1; WOW64; rv:55.0) Gecko/20100101 Firefox/55.0"
169.254.233.31 - - [18/Dec/2018:11:22:06 +0700] "GET /sismadak/images/bimbingan.png HTTP/1.1" 200 25693 "http://192.168.1.8/sismadak/lib/js/menu/menu.css" "Mozilla/5.0 (Windows NT 6.1; WOW64; rv:55.0) Gecko/20100101 Firefox/55.0"
169.254.233.31 - - [18/Dec/2018:11:22:06 +0700] "GET /sismadak/lib/js/RGraph/libraries/RGraph.bar.js HTTP/1.1" 200 64135 "http://192.168.1.8/sismadak/application/report/dashboard.php" "Mozilla/5.0 (Windows NT 6.1; WOW64; rv:55.0) Gecko/20100101 Firefox/55.0"
192.168.1.212 - - [18/Dec/2018:11:22:06 +0700] "POST /sismadak/index.php HTTP/1.1" 200 3001 "http://192.168.1.8/sismadak/" "Mozilla/5.0 (Windows NT 6.1; rv:64.0) Gecko/20100101 Firefox/64.0"
192.168.1.219 - - [18/Dec/2018:11:22:07 +0700] "POST /sismadak/index.php HTTP/1.1" 302 2947 "http://192.168.1.8/sismadak/index.php" "Mozilla/5.0 (Windows NT 6.1; rv:64.0) Gecko/20100101 Firefox/64.0"
192.168.1.213 - - [18/Dec/2018:11:22:07 +0700] "POST /sismadak/index.php HTTP/1.1" 200 3001 "http://192.168.1.8/sismadak/index.php" "Mozilla/5.0 (Windows NT 6.1) AppleWebKit/537.36 (KHTML, like Gecko) Chrome/70.0.3538.110 Safari/537.36"
192.168.1.219 - - [18/Dec/2018:11:22:07 +0700] "GET /sismadak/menu.php HTTP/1.1" 200 6547 "http://192.168.1.8/sismadak/index.php" "Mozilla/5.0 (Windows NT 6.1; rv:64.0) Gecko/20100101 Firefox/64.0"
192.168.1.219 - - [18/Dec/2018:11:22:07 +0700] "GET /sismadak/images/bg_blue.png HTTP/1.1" 200 1132 "http://192.168.1.8/sismadak/lib/js/menu/menu.css" "Mozilla/5.0 (Windows NT 6.1; rv:64.0) Gecko/20100101 Firefox/64.0"
192.168.1.219 - - [18/Dec/2018:11:22:07 +0700] "GET /sismadak/application/report/dashboard.php HTTP/1.1" 200 20794 "http://192.168.1.8/sismadak/menu.php" "Mozilla/5.0 (Windows NT 6.1; rv:64.0) Gecko/20100101 Firefox/64.0"
192.168.1.219 - - [18/Dec/2018:11:22:08 +0700] "GET /sismadak/images/surveyor.png HTTP/1.1" 200 24770 "http://192.168.1.8/sismadak/lib/js/menu/menu.css" "Mozilla/5.0 (Windows NT 6.1; rv:64.0) Gecko/20100101 Firefox/64.0"
192.168.1.219 - - [18/Dec/2018:11:22:08 +0700] "GET /sismadak/images/bullet.png HTTP/1.1" 200 156 "http://192.168.1.8/sismadak/lib/js/menu/menu.css" "Mozilla/5.0 (Windows NT 6.1; rv:64.0) Gecko/20100101 Firefox/64.0"
192.168.1.219 - - [18/Dec/2018:11:22:08 +0700] "GET /sismadak/images/assessment.png HTTP/1.1" 200 13636 "http://192.168.1.8/sismadak/lib/js/menu/menu.css" "Mozilla/5.0 (Windows NT 6.1; rv:64.0) Gecko/20100101 Firefox/64.0"
192.168.1.219 - - [18/Dec/2018:11:22:08 +0700] "GET /sismadak/images/bimbingan.png HTTP/1.1" 200 25693 "http://192.168.1.8/sismadak/lib/js/menu/menu.css" "Mozilla/5.0 (Windows NT 6.1; rv:64.0) Gecko/20100101 Firefox/64.0"
192.168.1.219 - - [18/Dec/2018:11:22:08 +0700] "GET /sismadak/images/workshop.png HTTP/1.1" 200 21037 "http://192.168.1.8/sismadak/lib/js/menu/menu.css" "Mozilla/5.0 (Windows NT 6.1; rv:64.0) Gecko/20100101 Firefox/64.0"
169.254.148.246 - - [18/Dec/2018:11:22:09 +0700] "POST /sismadak/index.php HTTP/1.1" 302 2947 "http://192.168.1.8/sismadak/index.php" "Mozilla/5.0 (Windows NT 6.1; Win64; x64) AppleWebKit/537.36 (KHTML, like Gecko) Chrome/71.0.3578.98 Safari/537.36"
169.254.148.246 - - [18/Dec/2018:11:22:09 +0700] "GET /sismadak/menu.php HTTP/1.1" 200 6547 "http://192.168.1.8/sismadak/index.php" "Mozilla/5.0 (Windows NT 6.1; Win64; x64) AppleWebKit/537.36 (KHTML, like Gecko) Chrome/71.0.3578.98 Safari/537.36"
169.254.148.246 - - [18/Dec/2018:11:22:09 +0700] "GET /sismadak/application/report/dashboard.php HTTP/1.1" 200 20794 "http://192.168.1.8/sismadak/menu.php" "Mozilla/5.0 (Windows NT 6.1; Win64; x64) AppleWebKit/537.36 (KHTML, like Gecko) Chrome/71.0.3578.98 Safari/537.36"
