192.168.1.254 - - [18/Dec/2018:11:10:01 +0700] "GET /sismadak/menu.php HTTP/1.1" 200 6547 "http://119.110.67.68:8808/sismadak/menu.php" "Mozilla/5.0 (Macintosh; Intel Mac OS X 10_10_5) AppleWebKit/537.36 (KHTML, like Gecko) Chrome/70.0.3538.110 Safari/537.36"
192.168.1.254 - - [18/Dec/2018:11:10:02 +0700] "GET /sismadak/application/report/dashboard.php HTTP/1.1" 200 20794 "http://119.110.67.68:8808/sismadak/menu.php" "Mozilla/5.0 (Macintosh; Intel Mac OS X 10_10_5) AppleWebKit/537.36 (KHTML, like Gecko) Chrome/70.0.3538.110 Safari/537.36"
192.168.1.144 - - [18/Dec/2018:11:10:55 +0700] "GET /sismadak/index.php HTTP/1.1" 302 - "http://192.168.1.8/sismadak/menu.php" "Mozilla/5.0 (Windows NT 6.3; WOW64) AppleWebKit/537.36 (KHTML, like Gecko) Chrome/69.0.3497.100 Safari/537.36"
192.168.1.144 - - [18/Dec/2018:11:10:55 +0700] "GET /sismadak/menu.php HTTP/1.1" 200 3174 "http://192.168.1.8/sismadak/menu.php" "Mozilla/5.0 (Windows NT 6.3; WOW64) AppleWebKit/537.36 (KHTML, like Gecko) Chrome/69.0.3497.100 Safari/537.36"
192.168.1.144 - - [18/Dec/2018:11:10:55 +0700] "GET /sismadak/application/report/dashboard.php HTTP/1.1" 200 20794 "http://192.168.1.8/sismadak/menu.php" "Mozilla/5.0 (Windows NT 6.3; WOW64) AppleWebKit/537.36 (KHTML, like Gecko) Chrome/69.0.3497.100 Safari/537.36"
192.168.1.213 - - [18/Dec/2018:11:11:03 +0700] "GET /sismadak HTTP/1.1" 301 338 "-" "Mozilla/5.0 (Windows NT 6.1) AppleWebKit/537.36 (KHTML, like Gecko) Chrome/70.0.3538.110 Safari/537.36"
192.168.1.213 - - [18/Dec/2018:11:11:05 +0700] "GET /sismadak/ HTTP/1.1" 200 2947 "-" "Mozilla/5.0 (Windows NT 6.1) AppleWebKit/537.36 (KHTML, like Gecko) Chrome/70.0.3538.110 Safari/537.36"
192.168.1.213 - - [18/Dec/2018:11:11:06 +0700] "GET /sismadak/bootstrap/css/bootstrap3.min.css HTTP/1.1" 200 117305 "http://192.168.1.8/sismadak/" "Mozilla/5.0 (Windows NT 6.1) AppleWebKit/537.36 (KHTML, like Gecko) Chrome/70.0.3538.110 Safari/537.36"
192.168.1.213 - - [18/Dec/2018:11:11:06 +0700] "GET /sismadak/lib/js/menu/stylesheet.css HTTP/1.1" 200 1454 "http://192.168.1.8/sismadak/" "Mozilla/5.0 (Windows NT 6.1) AppleWebKit/537.36 (KHTML, like Gecko) Chrome/70.0.3538.110 Safari/537.36"
192.168.1.213 - - [18/Dec/2018:11:11:06 +0700] "GET /sismadak/images/hospital.png HTTP/1.1" 200 16318 "http://192.168.1.8/sismadak/" "Mozilla/5.0 (Windows NT 6.1) AppleWebKit/537.36 (KHTML, like Gecko) Chrome/70.0.3538.110 Safari/537.36"
192.168.1.213 - - [18/Dec/2018:11:11:06 +0700] "GET /favicon.ico HTTP/1.1" 200 30894 "http://192.168.1.8/sismadak/" "Mozilla/5.0 (Windows NT 6.1) AppleWebKit/537.36 (KHTML, like Gecko) Chrome/70.0.3538.110 Safari/537.36"
169.254.175.243 - - [18/Dec/2018:11:11:12 +0700] "GET /sismadak/index.php HTTP/1.1" 302 - "http://192.168.1.8/sismadak/menu.php" "Mozilla/5.0 (Windows NT 6.1; rv:37.0) Gecko/20100101 Firefox/37.0"
169.254.175.243 - - [18/Dec/2018:11:11:12 +0700] "GET /sismadak/menu.php HTTP/1.1" 200 3174 "http://192.168.1.8/sismadak/menu.php" "Mozilla/5.0 (Windows NT 6.1; rv:37.0) Gecko/20100101 Firefox/37.0"
169.254.175.243 - - [18/Dec/2018:11:11:14 +0700] "GET /sismadak/application/report/dashboard.php HTTP/1.1" 200 20794 "http://192.168.1.8/sismadak/menu.php" "Mozilla/5.0 (Windows NT 6.1; rv:37.0) Gecko/20100101 Firefox/37.0"
192.168.1.144 - - [18/Dec/2018:11:11:17 +0700] "GET /sismadak/index.php HTTP/1.1" 302 - "http://192.168.1.8/sismadak/menu.php" "Mozilla/5.0 (Windows NT 6.3; WOW64) AppleWebKit/537.36 (KHTML, like Gecko) Chrome/69.0.3497.100 Safari/537.36"
192.168.1.144 - - [18/Dec/2018:11:11:17 +0700] "GET /sismadak/menu.php HTTP/1.1" 200 3174 "http://192.168.1.8/sismadak/menu.php" "Mozilla/5.0 (Windows NT 6.3; WOW64) AppleWebKit/537.36 (KHTML, like Gecko) Chrome/69.0.3497.100 Safari/537.36"
192.168.1.144 - - [18/Dec/2018:11:11:18 +0700] "GET /sismadak/application/report/dashboard.php HTTP/1.1" 200 20794 "http://192.168.1.8/sismadak/menu.php" "Mozilla/5.0 (Windows NT 6.3; WOW64) AppleWebKit/537.36 (KHTML, like Gecko) Chrome/69.0.3497.100 Safari/537.36"
192.168.1.215 - - [18/Dec/2018:11:11:22 +0700] "GET /sismadak/application/assessment/hospital_assessment_reguler_list.php?category_id=4&module_id=4 HTTP/1.1" 200 50021 "http://192.168.1.8/sismadak/menu.php" "Mozilla/5.0 (Windows NT 6.1; WOW64; rv:63.0) Gecko/20100101 Firefox/63.0"
192.168.1.215 - - [18/Dec/2018:11:11:22 +0700] "GET /sismadak/application/assessment/hospital_assessment_reguler_list.php?category_id=4&module_id=4&grid_id=list1&_search=false&nd=1545106307278&rows=20&jqgrid_page=1&sidx=accreditation_id&sord=desc HTTP/1.1" 200 743 "http://192.168.1.8/sismadak/application/assessment/hospital_assessment_reguler_list.php?category_id=4&module_id=4" "Mozilla/5.0 (Windows NT 6.1; WOW64; rv:63.0) Gecko/20100101 Firefox/63.0"
169.254.175.243 - - [18/Dec/2018:11:11:23 +0700] "GET /sismadak/application/assessment/hospital_assessment_reguler_list.php?category_id=4&module_id=4 HTTP/1.1" 200 50021 "http://192.168.1.8/sismadak/menu.php" "Mozilla/5.0 (Windows NT 6.1; rv:37.0) Gecko/20100101 Firefox/37.0"
169.254.175.243 - - [18/Dec/2018:11:11:24 +0700] "GET /sismadak/application/assessment/hospital_assessment_reguler_list.php?category_id=4&module_id=4&grid_id=list1&_search=false&nd=1545106308093&rows=20&jqgrid_page=1&sidx=accreditation_id&sord=desc HTTP/1.1" 200 743 "http://192.168.1.8/sismadak/application/assessment/hospital_assessment_reguler_list.php?category_id=4&module_id=4" "Mozilla/5.0 (Windows NT 6.1; rv:37.0) Gecko/20100101 Firefox/37.0"
192.168.1.188 - - [18/Dec/2018:11:11:35 +0700] "GET /sismadak/ HTTP/1.1" 200 2947 "-" "Mozilla/5.0 (Windows NT 6.3; Win64; x64; rv:64.0) Gecko/20100101 Firefox/64.0"
192.168.1.188 - - [18/Dec/2018:11:11:37 +0700] "GET /sismadak/bootstrap/css/bootstrap3.min.css HTTP/1.1" 200 117305 "http://192.168.1.8/sismadak/" "Mozilla/5.0 (Windows NT 6.3; Win64; x64; rv:64.0) Gecko/20100101 Firefox/64.0"
192.168.1.188 - - [18/Dec/2018:11:11:37 +0700] "GET /sismadak/lib/js/menu/stylesheet.css HTTP/1.1" 200 1454 "http://192.168.1.8/sismadak/" "Mozilla/5.0 (Windows NT 6.3; Win64; x64; rv:64.0) Gecko/20100101 Firefox/64.0"
192.168.1.188 - - [18/Dec/2018:11:11:38 +0700] "GET /sismadak/images/hospital.png HTTP/1.1" 200 16318 "http://192.168.1.8/sismadak/" "Mozilla/5.0 (Windows NT 6.3; Win64; x64; rv:64.0) Gecko/20100101 Firefox/64.0"
192.168.1.188 - - [18/Dec/2018:11:11:38 +0700] "GET /favicon.ico HTTP/1.1" 200 30894 "-" "Mozilla/5.0 (Windows NT 6.3; Win64; x64; rv:64.0) Gecko/20100101 Firefox/64.0"
192.168.1.188 - - [18/Dec/2018:11:12:03 +0700] "POST /sismadak/index.php HTTP/1.1" 200 3001 "http://192.168.1.8/sismadak/" "Mozilla/5.0 (Windows NT 6.3; Win64; x64; rv:64.0) Gecko/20100101 Firefox/64.0"
192.168.1.188 - - [18/Dec/2018:11:12:41 +0700] "POST /sismadak/index.php HTTP/1.1" 200 3001 "http://192.168.1.8/sismadak/index.php" "Mozilla/5.0 (Windows NT 6.3; Win64; x64; rv:64.0) Gecko/20100101 Firefox/64.0"
192.168.1.188 - - [18/Dec/2018:11:12:58 +0700] "POST /sismadak/index.php HTTP/1.1" 200 3001 "http://192.168.1.8/sismadak/index.php" "Mozilla/5.0 (Windows NT 6.3; Win64; x64; rv:64.0) Gecko/20100101 Firefox/64.0"
192.168.1.213 - - [18/Dec/2018:11:13:15 +0700] "GET /sismadak/ HTTP/1.1" 200 2947 "-" "Mozilla/5.0 (Windows NT 6.1) AppleWebKit/537.36 (KHTML, like Gecko) Chrome/70.0.3538.110 Safari/537.36"
192.168.1.188 - - [18/Dec/2018:11:13:27 +0700] "POST /sismadak/index.php HTTP/1.1" 200 3001 "http://192.168.1.8/sismadak/index.php" "Mozilla/5.0 (Windows NT 6.3; Win64; x64; rv:64.0) Gecko/20100101 Firefox/64.0"
192.168.1.188 - - [18/Dec/2018:11:13:33 +0700] "POST /sismadak/index.php HTTP/1.1" 200 3001 "http://192.168.1.8/sismadak/index.php" "Mozilla/5.0 (Windows NT 6.3; Win64; x64; rv:64.0) Gecko/20100101 Firefox/64.0"
169.254.217.95 - - [18/Dec/2018:11:13:35 +0700] "GET /sismadak/index.php HTTP/1.1" 302 - "http://192.168.1.8/sismadak/menu.php" "Mozilla/5.0 (Windows NT 10.0; Win64; x64) AppleWebKit/537.36 (KHTML, like Gecko) Chrome/70.0.3538.110 Safari/537.36"
169.254.217.95 - - [18/Dec/2018:11:13:35 +0700] "GET /sismadak/menu.php HTTP/1.1" 200 6547 "http://192.168.1.8/sismadak/menu.php" "Mozilla/5.0 (Windows NT 10.0; Win64; x64) AppleWebKit/537.36 (KHTML, like Gecko) Chrome/70.0.3538.110 Safari/537.36"
169.254.217.95 - - [18/Dec/2018:11:13:36 +0700] "GET /sismadak/application/report/dashboard.php HTTP/1.1" 200 20794 "http://192.168.1.8/sismadak/menu.php" "Mozilla/5.0 (Windows NT 10.0; Win64; x64) AppleWebKit/537.36 (KHTML, like Gecko) Chrome/70.0.3538.110 Safari/537.36"
192.168.1.213 - - [18/Dec/2018:11:13:40 +0700] "POST /sismadak/index.php HTTP/1.1" 302 2947 "http://192.168.1.8/sismadak/" "Mozilla/5.0 (Windows NT 6.1) AppleWebKit/537.36 (KHTML, like Gecko) Chrome/70.0.3538.110 Safari/537.36"
192.168.1.213 - - [18/Dec/2018:11:13:40 +0700] "GET /sismadak/menu.php HTTP/1.1" 200 3174 "http://192.168.1.8/sismadak/" "Mozilla/5.0 (Windows NT 6.1) AppleWebKit/537.36 (KHTML, like Gecko) Chrome/70.0.3538.110 Safari/537.36"
192.168.1.213 - - [18/Dec/2018:11:13:40 +0700] "GET /sismadak/lib/js/menu/menu.css HTTP/1.1" 200 6755 "http://192.168.1.8/sismadak/menu.php" "Mozilla/5.0 (Windows NT 6.1) AppleWebKit/537.36 (KHTML, like Gecko) Chrome/70.0.3538.110 Safari/537.36"
192.168.1.213 - - [18/Dec/2018:11:13:40 +0700] "GET /sismadak/lib/js/jquery.min.js HTTP/1.1" 200 96381 "http://192.168.1.8/sismadak/menu.php" "Mozilla/5.0 (Windows NT 6.1) AppleWebKit/537.36 (KHTML, like Gecko) Chrome/70.0.3538.110 Safari/537.36"
192.168.1.213 - - [18/Dec/2018:11:13:40 +0700] "GET /sismadak/lib/js/menu/jquery.dcmegamenu.1.3.3.js HTTP/1.1" 200 6987 "http://192.168.1.8/sismadak/menu.php" "Mozilla/5.0 (Windows NT 6.1) AppleWebKit/537.36 (KHTML, like Gecko) Chrome/70.0.3538.110 Safari/537.36"
192.168.1.213 - - [18/Dec/2018:11:13:40 +0700] "GET /sismadak/lib/js/menu/jquery.hoverIntent.minified.js HTTP/1.1" 200 1614 "http://192.168.1.8/sismadak/menu.php" "Mozilla/5.0 (Windows NT 6.1) AppleWebKit/537.36 (KHTML, like Gecko) Chrome/70.0.3538.110 Safari/537.36"
192.168.1.213 - - [18/Dec/2018:11:13:40 +0700] "GET /sismadak/images/bg_blue.png HTTP/1.1" 200 1132 "http://192.168.1.8/sismadak/lib/js/menu/menu.css" "Mozilla/5.0 (Windows NT 6.1) AppleWebKit/537.36 (KHTML, like Gecko) Chrome/70.0.3538.110 Safari/537.36"
192.168.1.213 - - [18/Dec/2018:11:13:40 +0700] "GET /sismadak/application/report/dashboard.php HTTP/1.1" 200 20794 "http://192.168.1.8/sismadak/menu.php" "Mozilla/5.0 (Windows NT 6.1) AppleWebKit/537.36 (KHTML, like Gecko) Chrome/70.0.3538.110 Safari/537.36"
192.168.1.213 - - [18/Dec/2018:11:13:41 +0700] "GET /sismadak/images/bg_sub_left.png HTTP/1.1" 200 719 "http://192.168.1.8/sismadak/lib/js/menu/menu.css" "Mozilla/5.0 (Windows NT 6.1) AppleWebKit/537.36 (KHTML, like Gecko) Chrome/70.0.3538.110 Safari/537.36"
192.168.1.213 - - [18/Dec/2018:11:13:41 +0700] "GET /sismadak/images/bg_sub.png HTTP/1.1" 200 8845 "http://192.168.1.8/sismadak/lib/js/menu/menu.css" "Mozilla/5.0 (Windows NT 6.1) AppleWebKit/537.36 (KHTML, like Gecko) Chrome/70.0.3538.110 Safari/537.36"
192.168.1.213 - - [18/Dec/2018:11:13:41 +0700] "GET /sismadak/images/arrow.png HTTP/1.1" 200 237 "http://192.168.1.8/sismadak/lib/js/menu/menu.css" "Mozilla/5.0 (Windows NT 6.1) AppleWebKit/537.36 (KHTML, like Gecko) Chrome/70.0.3538.110 Safari/537.36"
192.168.1.213 - - [18/Dec/2018:11:13:41 +0700] "GET /sismadak/images/laporan.png HTTP/1.1" 200 14933 "http://192.168.1.8/sismadak/lib/js/menu/menu.css" "Mozilla/5.0 (Windows NT 6.1) AppleWebKit/537.36 (KHTML, like Gecko) Chrome/70.0.3538.110 Safari/537.36"
192.168.1.213 - - [18/Dec/2018:11:13:41 +0700] "GET /sismadak/images/bullet.png HTTP/1.1" 200 156 "http://192.168.1.8/sismadak/lib/js/menu/menu.css" "Mozilla/5.0 (Windows NT 6.1) AppleWebKit/537.36 (KHTML, like Gecko) Chrome/70.0.3538.110 Safari/537.36"
192.168.1.213 - - [18/Dec/2018:11:13:41 +0700] "GET /sismadak/images/bg_hdr.png HTTP/1.1" 200 151 "http://192.168.1.8/sismadak/lib/js/menu/menu.css" "Mozilla/5.0 (Windows NT 6.1) AppleWebKit/537.36 (KHTML, like Gecko) Chrome/70.0.3538.110 Safari/537.36"
192.168.1.213 - - [18/Dec/2018:11:13:41 +0700] "GET /sismadak/images/configuration.png HTTP/1.1" 200 15435 "http://192.168.1.8/sismadak/lib/js/menu/menu.css" "Mozilla/5.0 (Windows NT 6.1) AppleWebKit/537.36 (KHTML, like Gecko) Chrome/70.0.3538.110 Safari/537.36"
192.168.1.213 - - [18/Dec/2018:11:13:41 +0700] "GET /sismadak/lib/js/RGraph/libraries/RGraph.common.core.js HTTP/1.1" 200 72705 "http://192.168.1.8/sismadak/application/report/dashboard.php" "Mozilla/5.0 (Windows NT 6.1) AppleWebKit/537.36 (KHTML, like Gecko) Chrome/70.0.3538.110 Safari/537.36"
192.168.1.213 - - [18/Dec/2018:11:13:41 +0700] "GET /sismadak/lib/js/RGraph/libraries/RGraph.gauge.js HTTP/1.1" 200 23883 "http://192.168.1.8/sismadak/application/report/dashboard.php" "Mozilla/5.0 (Windows NT 6.1) AppleWebKit/537.36 (KHTML, like Gecko) Chrome/70.0.3538.110 Safari/537.36"
192.168.1.213 - - [18/Dec/2018:11:13:41 +0700] "GET /sismadak/lib/js/RGraph/libraries/RGraph.common.dynamic.js HTTP/1.1" 200 18806 "http://192.168.1.8/sismadak/application/report/dashboard.php" "Mozilla/5.0 (Windows NT 6.1) AppleWebKit/537.36 (KHTML, like Gecko) Chrome/70.0.3538.110 Safari/537.36"
192.168.1.213 - - [18/Dec/2018:11:13:41 +0700] "GET /sismadak/lib/js/RGraph/libraries/RGraph.meter.js HTTP/1.1" 200 22426 "http://192.168.1.8/sismadak/application/report/dashboard.php" "Mozilla/5.0 (Windows NT 6.1) AppleWebKit/537.36 (KHTML, like Gecko) Chrome/70.0.3538.110 Safari/537.36"
192.168.1.213 - - [18/Dec/2018:11:13:41 +0700] "GET /sismadak/lib/js/RGraph/libraries/RGraph.common.key.js HTTP/1.1" 200 12332 "http://192.168.1.8/sismadak/application/report/dashboard.php" "Mozilla/5.0 (Windows NT 6.1) AppleWebKit/537.36 (KHTML, like Gecko) Chrome/70.0.3538.110 Safari/537.36"
192.168.1.213 - - [18/Dec/2018:11:13:41 +0700] "GET /sismadak/lib/js/RGraph/libraries/RGraph.common.tooltips.js HTTP/1.1" 200 5732 "http://192.168.1.8/sismadak/application/report/dashboard.php" "Mozilla/5.0 (Windows NT 6.1) AppleWebKit/537.36 (KHTML, like Gecko) Chrome/70.0.3538.110 Safari/537.36"
192.168.1.213 - - [18/Dec/2018:11:13:41 +0700] "GET /sismadak/lib/js/RGraph/libraries/RGraph.bar.js HTTP/1.1" 200 64135 "http://192.168.1.8/sismadak/application/report/dashboard.php" "Mozilla/5.0 (Windows NT 6.1) AppleWebKit/537.36 (KHTML, like Gecko) Chrome/70.0.3538.110 Safari/537.36"
192.168.1.213 - - [18/Dec/2018:11:13:41 +0700] "GET /sismadak/lib/js/RGraph/libraries/RGraph.drawing.xaxis.js HTTP/1.1" 200 9413 "http://192.168.1.8/sismadak/application/report/dashboard.php" "Mozilla/5.0 (Windows NT 6.1) AppleWebKit/537.36 (KHTML, like Gecko) Chrome/70.0.3538.110 Safari/537.36"
192.168.1.188 - - [18/Dec/2018:11:13:48 +0700] "POST /sismadak/index.php HTTP/1.1" 200 3001 "http://192.168.1.8/sismadak/index.php" "Mozilla/5.0 (Windows NT 6.3; Win64; x64; rv:64.0) Gecko/20100101 Firefox/64.0"
169.254.217.95 - - [18/Dec/2018:11:14:07 +0700] "GET /sismadak/index.php HTTP/1.1" 302 - "http://192.168.1.8/sismadak/menu.php" "Mozilla/5.0 (Windows NT 10.0; Win64; x64) AppleWebKit/537.36 (KHTML, like Gecko) Chrome/70.0.3538.110 Safari/537.36"
169.254.217.95 - - [18/Dec/2018:11:14:07 +0700] "GET /sismadak/menu.php HTTP/1.1" 200 6547 "http://192.168.1.8/sismadak/menu.php" "Mozilla/5.0 (Windows NT 10.0; Win64; x64) AppleWebKit/537.36 (KHTML, like Gecko) Chrome/70.0.3538.110 Safari/537.36"
169.254.217.95 - - [18/Dec/2018:11:14:07 +0700] "GET /sismadak/application/report/dashboard.php HTTP/1.1" 200 20794 "http://192.168.1.8/sismadak/menu.php" "Mozilla/5.0 (Windows NT 10.0; Win64; x64) AppleWebKit/537.36 (KHTML, like Gecko) Chrome/70.0.3538.110 Safari/537.36"
192.168.1.188 - - [18/Dec/2018:11:14:27 +0700] "POST /sismadak/index.php HTTP/1.1" 302 2947 "http://192.168.1.8/sismadak/index.php" "Mozilla/5.0 (Windows NT 6.3; Win64; x64; rv:64.0) Gecko/20100101 Firefox/64.0"
192.168.1.188 - - [18/Dec/2018:11:14:27 +0700] "GET /sismadak/menu.php HTTP/1.1" 200 3174 "http://192.168.1.8/sismadak/index.php" "Mozilla/5.0 (Windows NT 6.3; Win64; x64; rv:64.0) Gecko/20100101 Firefox/64.0"
192.168.1.188 - - [18/Dec/2018:11:14:28 +0700] "GET /sismadak/lib/js/menu/menu.css HTTP/1.1" 200 6755 "http://192.168.1.8/sismadak/menu.php" "Mozilla/5.0 (Windows NT 6.3; Win64; x64; rv:64.0) Gecko/20100101 Firefox/64.0"
192.168.1.188 - - [18/Dec/2018:11:14:28 +0700] "GET /sismadak/lib/js/menu/jquery.dcmegamenu.1.3.3.js HTTP/1.1" 200 6987 "http://192.168.1.8/sismadak/menu.php" "Mozilla/5.0 (Windows NT 6.3; Win64; x64; rv:64.0) Gecko/20100101 Firefox/64.0"
192.168.1.188 - - [18/Dec/2018:11:14:28 +0700] "GET /sismadak/lib/js/menu/jquery.hoverIntent.minified.js HTTP/1.1" 200 1614 "http://192.168.1.8/sismadak/menu.php" "Mozilla/5.0 (Windows NT 6.3; Win64; x64; rv:64.0) Gecko/20100101 Firefox/64.0"
192.168.1.188 - - [18/Dec/2018:11:14:28 +0700] "GET /sismadak/lib/js/jquery.min.js HTTP/1.1" 200 96381 "http://192.168.1.8/sismadak/menu.php" "Mozilla/5.0 (Windows NT 6.3; Win64; x64; rv:64.0) Gecko/20100101 Firefox/64.0"
192.168.1.188 - - [18/Dec/2018:11:14:28 +0700] "GET /sismadak/images/bg_blue.png HTTP/1.1" 200 1132 "http://192.168.1.8/sismadak/lib/js/menu/menu.css" "Mozilla/5.0 (Windows NT 6.3; Win64; x64; rv:64.0) Gecko/20100101 Firefox/64.0"
192.168.1.188 - - [18/Dec/2018:11:14:28 +0700] "GET /sismadak/application/report/dashboard.php HTTP/1.1" 200 20794 "http://192.168.1.8/sismadak/menu.php" "Mozilla/5.0 (Windows NT 6.3; Win64; x64; rv:64.0) Gecko/20100101 Firefox/64.0"
192.168.1.188 - - [18/Dec/2018:11:14:29 +0700] "GET /sismadak/images/arrow.png HTTP/1.1" 200 237 "http://192.168.1.8/sismadak/lib/js/menu/menu.css" "Mozilla/5.0 (Windows NT 6.3; Win64; x64; rv:64.0) Gecko/20100101 Firefox/64.0"
192.168.1.188 - - [18/Dec/2018:11:14:29 +0700] "GET /sismadak/images/bg_sub_left.png HTTP/1.1" 200 719 "http://192.168.1.8/sismadak/lib/js/menu/menu.css" "Mozilla/5.0 (Windows NT 6.3; Win64; x64; rv:64.0) Gecko/20100101 Firefox/64.0"
192.168.1.188 - - [18/Dec/2018:11:14:29 +0700] "GET /sismadak/images/bg_sub.png HTTP/1.1" 200 8845 "http://192.168.1.8/sismadak/lib/js/menu/menu.css" "Mozilla/5.0 (Windows NT 6.3; Win64; x64; rv:64.0) Gecko/20100101 Firefox/64.0"
192.168.1.188 - - [18/Dec/2018:11:14:29 +0700] "GET /sismadak/images/laporan.png HTTP/1.1" 200 14933 "http://192.168.1.8/sismadak/lib/js/menu/menu.css" "Mozilla/5.0 (Windows NT 6.3; Win64; x64; rv:64.0) Gecko/20100101 Firefox/64.0"
192.168.1.188 - - [18/Dec/2018:11:14:29 +0700] "GET /sismadak/images/bg_hdr.png HTTP/1.1" 200 151 "http://192.168.1.8/sismadak/lib/js/menu/menu.css" "Mozilla/5.0 (Windows NT 6.3; Win64; x64; rv:64.0) Gecko/20100101 Firefox/64.0"
192.168.1.188 - - [18/Dec/2018:11:14:29 +0700] "GET /sismadak/images/bullet.png HTTP/1.1" 200 156 "http://192.168.1.8/sismadak/lib/js/menu/menu.css" "Mozilla/5.0 (Windows NT 6.3; Win64; x64; rv:64.0) Gecko/20100101 Firefox/64.0"
192.168.1.188 - - [18/Dec/2018:11:14:29 +0700] "GET /sismadak/images/configuration.png HTTP/1.1" 200 15435 "http://192.168.1.8/sismadak/lib/js/menu/menu.css" "Mozilla/5.0 (Windows NT 6.3; Win64; x64; rv:64.0) Gecko/20100101 Firefox/64.0"
192.168.1.188 - - [18/Dec/2018:11:14:29 +0700] "GET /sismadak/lib/js/RGraph/libraries/RGraph.common.core.js HTTP/1.1" 200 72705 "http://192.168.1.8/sismadak/application/report/dashboard.php" "Mozilla/5.0 (Windows NT 6.3; Win64; x64; rv:64.0) Gecko/20100101 Firefox/64.0"
192.168.1.188 - - [18/Dec/2018:11:14:30 +0700] "GET /sismadak/lib/js/RGraph/libraries/RGraph.common.dynamic.js HTTP/1.1" 200 18806 "http://192.168.1.8/sismadak/application/report/dashboard.php" "Mozilla/5.0 (Windows NT 6.3; Win64; x64; rv:64.0) Gecko/20100101 Firefox/64.0"
192.168.1.188 - - [18/Dec/2018:11:14:30 +0700] "GET /sismadak/lib/js/RGraph/libraries/RGraph.meter.js HTTP/1.1" 200 22426 "http://192.168.1.8/sismadak/application/report/dashboard.php" "Mozilla/5.0 (Windows NT 6.3; Win64; x64; rv:64.0) Gecko/20100101 Firefox/64.0"
192.168.1.188 - - [18/Dec/2018:11:14:30 +0700] "GET /sismadak/lib/js/RGraph/libraries/RGraph.common.key.js HTTP/1.1" 200 12332 "http://192.168.1.8/sismadak/application/report/dashboard.php" "Mozilla/5.0 (Windows NT 6.3; Win64; x64; rv:64.0) Gecko/20100101 Firefox/64.0"
192.168.1.188 - - [18/Dec/2018:11:14:30 +0700] "GET /sismadak/lib/js/RGraph/libraries/RGraph.gauge.js HTTP/1.1" 200 23883 "http://192.168.1.8/sismadak/application/report/dashboard.php" "Mozilla/5.0 (Windows NT 6.3; Win64; x64; rv:64.0) Gecko/20100101 Firefox/64.0"
192.168.1.188 - - [18/Dec/2018:11:14:31 +0700] "GET /sismadak/lib/js/RGraph/libraries/RGraph.common.tooltips.js HTTP/1.1" 200 5732 "http://192.168.1.8/sismadak/application/report/dashboard.php" "Mozilla/5.0 (Windows NT 6.3; Win64; x64; rv:64.0) Gecko/20100101 Firefox/64.0"
192.168.1.188 - - [18/Dec/2018:11:14:31 +0700] "GET /sismadak/lib/js/RGraph/libraries/RGraph.drawing.xaxis.js HTTP/1.1" 200 9413 "http://192.168.1.8/sismadak/application/report/dashboard.php" "Mozilla/5.0 (Windows NT 6.3; Win64; x64; rv:64.0) Gecko/20100101 Firefox/64.0"
192.168.1.188 - - [18/Dec/2018:11:14:31 +0700] "GET /sismadak/lib/js/RGraph/libraries/RGraph.bar.js HTTP/1.1" 200 64135 "http://192.168.1.8/sismadak/application/report/dashboard.php" "Mozilla/5.0 (Windows NT 6.3; Win64; x64; rv:64.0) Gecko/20100101 Firefox/64.0"
169.254.148.246 - - [18/Dec/2018:11:14:49 +0700] "GET /sismadak/application/assessment/hospital_assessment_reguler_list.php?category_id=4&module_id=4 HTTP/1.1" 200 50021 "http://192.168.1.8/sismadak/menu.php" "Mozilla/5.0 (Windows NT 6.1; Win64; x64) AppleWebKit/537.36 (KHTML, like Gecko) Chrome/71.0.3578.98 Safari/537.36"
192.168.1.188 - - [18/Dec/2018:11:14:50 +0700] "GET /sismadak/ HTTP/1.1" 200 2947 "-" "Mozilla/5.0 (Windows NT 6.3; Win64; x64; rv:64.0) Gecko/20100101 Firefox/64.0"
192.168.1.188 - - [18/Dec/2018:11:14:50 +0700] "GET /sismadak/bootstrap/css/bootstrap3.min.css HTTP/1.1" 200 117305 "http://192.168.1.8/sismadak/" "Mozilla/5.0 (Windows NT 6.3; Win64; x64; rv:64.0) Gecko/20100101 Firefox/64.0"
169.254.148.246 - - [18/Dec/2018:11:14:50 +0700] "GET /sismadak/application/assessment/hospital_assessment_reguler_list.php?category_id=4&module_id=4&grid_id=list1&_search=false&nd=1545106522463&rows=20&jqgrid_page=1&sidx=accreditation_id&sord=desc HTTP/1.1" 200 743 "http://192.168.1.8/sismadak/application/assessment/hospital_assessment_reguler_list.php?category_id=4&module_id=4" "Mozilla/5.0 (Windows NT 6.1; Win64; x64) AppleWebKit/537.36 (KHTML, like Gecko) Chrome/71.0.3578.98 Safari/537.36"
192.168.1.188 - - [18/Dec/2018:11:14:51 +0700] "GET /sismadak/lib/js/menu/stylesheet.css HTTP/1.1" 200 1454 "http://192.168.1.8/sismadak/" "Mozilla/5.0 (Windows NT 6.3; Win64; x64; rv:64.0) Gecko/20100101 Firefox/64.0"
192.168.1.188 - - [18/Dec/2018:11:14:56 +0700] "GET /sismadak/images/hospital.png HTTP/1.1" 200 16318 "http://192.168.1.8/sismadak/" "Mozilla/5.0 (Windows NT 6.3; Win64; x64; rv:64.0) Gecko/20100101 Firefox/64.0"
192.168.1.188 - - [18/Dec/2018:11:14:56 +0700] "GET /favicon.ico HTTP/1.1" 200 30894 "-" "Mozilla/5.0 (Windows NT 6.3; Win64; x64; rv:64.0) Gecko/20100101 Firefox/64.0"
192.168.1.228 - - [18/Dec/2018:11:14:58 +0700] "GET /sismadak/index.php HTTP/1.1" 302 - "http://192.168.1.8/sismadak/menu.php" "Mozilla/5.0 (Windows NT 6.1; WOW64; rv:55.0) Gecko/20100101 Firefox/55.0"
192.168.1.228 - - [18/Dec/2018:11:14:58 +0700] "GET /sismadak/menu.php HTTP/1.1" 200 6541 "http://192.168.1.8/sismadak/menu.php" "Mozilla/5.0 (Windows NT 6.1; WOW64; rv:55.0) Gecko/20100101 Firefox/55.0"
192.168.1.228 - - [18/Dec/2018:11:14:58 +0700] "GET /sismadak/application/report/dashboard.php HTTP/1.1" 200 20794 "http://192.168.1.8/sismadak/menu.php" "Mozilla/5.0 (Windows NT 6.1; WOW64; rv:55.0) Gecko/20100101 Firefox/55.0"
192.168.1.254 - - [18/Dec/2018:11:15:02 +0700] "-" 408 - "-" "-"
192.168.1.204 - - [18/Dec/2018:11:15:02 +0700] "GET /sismadak/index.php HTTP/1.1" 302 - "http://192.168.1.8/sismadak/menu.php" "Mozilla/5.0 (Windows NT 6.1; WOW64; rv:56.0) Gecko/20100101 Firefox/56.0"
192.168.1.204 - - [18/Dec/2018:11:15:02 +0700] "GET /sismadak/menu.php HTTP/1.1" 200 3174 "http://192.168.1.8/sismadak/menu.php" "Mozilla/5.0 (Windows NT 6.1; WOW64; rv:56.0) Gecko/20100101 Firefox/56.0"
192.168.1.204 - - [18/Dec/2018:11:15:02 +0700] "GET /sismadak/application/report/dashboard.php HTTP/1.1" 200 20794 "http://192.168.1.8/sismadak/menu.php" "Mozilla/5.0 (Windows NT 6.1; WOW64; rv:56.0) Gecko/20100101 Firefox/56.0"
169.254.148.246 - - [18/Dec/2018:11:15:04 +0700] "GET /sismadak/application/assessment/hospital_assessment_chapter.php?event_id=1&category_id=4 HTTP/1.1" 200 46177 "http://192.168.1.8/sismadak/application/assessment/hospital_assessment_reguler_list.php?category_id=4&module_id=4" "Mozilla/5.0 (Windows NT 6.1; Win64; x64) AppleWebKit/537.36 (KHTML, like Gecko) Chrome/71.0.3578.98 Safari/537.36"
169.254.148.246 - - [18/Dec/2018:11:15:05 +0700] "GET /sismadak/application/assessment/hospital_assessment_chapter.php?event_id=1&category_id=4&grid_id=list1&_search=false&nd=1545106536844&rows=20&jqgrid_page=1&sidx=chapter_id&sord=asc HTTP/1.1" 200 5793 "http://192.168.1.8/sismadak/application/assessment/hospital_assessment_chapter.php?event_id=1&category_id=4" "Mozilla/5.0 (Windows NT 6.1; Win64; x64) AppleWebKit/537.36 (KHTML, like Gecko) Chrome/71.0.3578.98 Safari/537.36"
192.168.1.228 - - [18/Dec/2018:11:15:05 +0700] "GET /sismadak/index.php HTTP/1.1" 302 - "http://192.168.1.8/sismadak/menu.php" "Mozilla/5.0 (Windows NT 6.1; WOW64; rv:55.0) Gecko/20100101 Firefox/55.0"
192.168.1.228 - - [18/Dec/2018:11:15:05 +0700] "GET /sismadak/menu.php HTTP/1.1" 200 6541 "http://192.168.1.8/sismadak/menu.php" "Mozilla/5.0 (Windows NT 6.1; WOW64; rv:55.0) Gecko/20100101 Firefox/55.0"
192.168.1.228 - - [18/Dec/2018:11:15:05 +0700] "GET /sismadak/application/report/dashboard.php HTTP/1.1" 200 20794 "http://192.168.1.8/sismadak/menu.php" "Mozilla/5.0 (Windows NT 6.1; WOW64; rv:55.0) Gecko/20100101 Firefox/55.0"
192.168.1.228 - - [18/Dec/2018:11:15:09 +0700] "GET /sismadak/index.php HTTP/1.1" 302 - "http://192.168.1.8/sismadak/menu.php" "Mozilla/5.0 (Windows NT 6.1; WOW64; rv:55.0) Gecko/20100101 Firefox/55.0"
192.168.1.228 - - [18/Dec/2018:11:15:09 +0700] "GET /sismadak/menu.php HTTP/1.1" 200 6541 "http://192.168.1.8/sismadak/menu.php" "Mozilla/5.0 (Windows NT 6.1; WOW64; rv:55.0) Gecko/20100101 Firefox/55.0"
192.168.1.228 - - [18/Dec/2018:11:15:09 +0700] "GET /sismadak/application/report/dashboard.php HTTP/1.1" 200 20794 "http://192.168.1.8/sismadak/menu.php" "Mozilla/5.0 (Windows NT 6.1; WOW64; rv:55.0) Gecko/20100101 Firefox/55.0"
169.254.175.243 - - [18/Dec/2018:11:15:11 +0700] "GET /sismadak/index.php HTTP/1.1" 302 - "http://192.168.1.8/sismadak/menu.php" "Mozilla/5.0 (Windows NT 6.1; rv:37.0) Gecko/20100101 Firefox/37.0"
169.254.175.243 - - [18/Dec/2018:11:15:11 +0700] "GET /sismadak/menu.php HTTP/1.1" 200 3174 "http://192.168.1.8/sismadak/menu.php" "Mozilla/5.0 (Windows NT 6.1; rv:37.0) Gecko/20100101 Firefox/37.0"
169.254.175.243 - - [18/Dec/2018:11:15:11 +0700] "GET /sismadak/application/report/dashboard.php HTTP/1.1" 200 20794 "http://192.168.1.8/sismadak/menu.php" "Mozilla/5.0 (Windows NT 6.1; rv:37.0) Gecko/20100101 Firefox/37.0"
192.168.1.219 - - [18/Dec/2018:11:15:16 +0700] "GET /sismadak/application/assessment/hospital_assessment_chapter_online.php?chapter_id=4&event_id=1 HTTP/1.1" 200 60972 "http://192.168.1.8/sismadak/application/assessment/hospital_assessment_chapter.php?event_id=1&category_id=4" "Mozilla/5.0 (Windows NT 6.1; rv:64.0) Gecko/20100101 Firefox/64.0"
192.168.1.219 - - [18/Dec/2018:11:15:36 +0700] "GET /sismadak/application/assessment/hospital_assessment_chapter_online.php?chapter_id=4&event_id=1 HTTP/1.1" 200 60972 "http://192.168.1.8/sismadak/application/assessment/hospital_assessment_chapter.php?event_id=1&category_id=4" "Mozilla/5.0 (Windows NT 6.1; rv:64.0) Gecko/20100101 Firefox/64.0"
192.168.1.219 - - [18/Dec/2018:11:15:37 +0700] "GET /sismadak/lib/js/themes/redmond/images/ui-bg_inset-hard_100_fcfdfd_1x100.png HTTP/1.1" 200 344 "http://192.168.1.8/sismadak/lib/js/themes/redmond/jquery-ui.custom.css" "Mozilla/5.0 (Windows NT 6.1; rv:64.0) Gecko/20100101 Firefox/64.0"
192.168.1.219 - - [18/Dec/2018:11:15:38 +0700] "GET /sismadak/application/assessment/hospital_assessment_chapter_online.php?chapter_id=4&event_id=1&grid_id=list1&_search=false&nd=1545106561247&rows=20&jqgrid_page=1&sidx=instrument_standard_id+asc%2C+instrument_id&sord=asc HTTP/1.1" 200 16831 "http://192.168.1.8/sismadak/application/assessment/hospital_assessment_chapter_online.php?chapter_id=4&event_id=1" "Mozilla/5.0 (Windows NT 6.1; rv:64.0) Gecko/20100101 Firefox/64.0"
192.168.1.215 - - [18/Dec/2018:11:17:14 +0700] "GET /sismadak/index.php HTTP/1.1" 302 - "http://192.168.1.8/sismadak/menu.php" "Mozilla/5.0 (Windows NT 6.1; WOW64; rv:63.0) Gecko/20100101 Firefox/63.0"
192.168.1.215 - - [18/Dec/2018:11:17:14 +0700] "GET /sismadak/menu.php HTTP/1.1" 200 3174 "http://192.168.1.8/sismadak/menu.php" "Mozilla/5.0 (Windows NT 6.1; WOW64; rv:63.0) Gecko/20100101 Firefox/63.0"
192.168.1.215 - - [18/Dec/2018:11:17:15 +0700] "GET /sismadak/application/report/dashboard.php HTTP/1.1" 200 20794 "http://192.168.1.8/sismadak/menu.php" "Mozilla/5.0 (Windows NT 6.1; WOW64; rv:63.0) Gecko/20100101 Firefox/63.0"
192.168.1.212 - - [18/Dec/2018:11:17:23 +0700] "GET /sismadak/ HTTP/1.1" 200 2947 "-" "Mozilla/5.0 (Windows NT 6.1; rv:64.0) Gecko/20100101 Firefox/64.0"
169.254.217.95 - - [18/Dec/2018:11:17:26 +0700] "GET /sismadak/application/user_management/hospital_department.php HTTP/1.1" 200 48585 "http://192.168.1.8/sismadak/menu.php" "Mozilla/5.0 (Windows NT 10.0; Win64; x64) AppleWebKit/537.36 (KHTML, like Gecko) Chrome/70.0.3538.110 Safari/537.36"
169.254.217.95 - - [18/Dec/2018:11:17:26 +0700] "GET /sismadak/application/user_management/hospital_department.php?grid_id=list1&_search=false&nd=1545106669202&rows=50&jqgrid_page=1&sidx=department_id&sord=asc HTTP/1.1" 200 1728 "http://192.168.1.8/sismadak/application/user_management/hospital_department.php" "Mozilla/5.0 (Windows NT 10.0; Win64; x64) AppleWebKit/537.36 (KHTML, like Gecko) Chrome/70.0.3538.110 Safari/537.36"
192.168.1.119 - - [18/Dec/2018:11:17:28 +0700] "GET /sismadak/application/user_management/change_password_user.php HTTP/1.1" 200 1466 "http://192.168.1.8/sismadak/menu.php" "Mozilla/5.0 (Windows NT 10.0; WOW64; rv:49.0) Gecko/20100101 Firefox/49.0"
192.168.1.213 - - [18/Dec/2018:11:17:32 +0700] "GET /sismadak/images/bullet_on.png HTTP/1.1" 200 155 "http://192.168.1.8/sismadak/lib/js/menu/menu.css" "Mozilla/5.0 (Windows NT 6.1) AppleWebKit/537.36 (KHTML, like Gecko) Chrome/70.0.3538.110 Safari/537.36"
192.168.1.119 - - [18/Dec/2018:11:17:32 +0700] "POST /sismadak/application/user_management/change_password_user.php HTTP/1.1" 200 1490 "http://192.168.1.8/sismadak/application/user_management/change_password_user.php" "Mozilla/5.0 (Windows NT 10.0; WOW64; rv:49.0) Gecko/20100101 Firefox/49.0"
192.168.1.119 - - [18/Dec/2018:11:17:36 +0700] "GET /sismadak/application/user_management/change_password_user.php HTTP/1.1" 200 1466 "http://192.168.1.8/sismadak/menu.php" "Mozilla/5.0 (Windows NT 10.0; WOW64; rv:49.0) Gecko/20100101 Firefox/49.0"
192.168.1.188 - - [18/Dec/2018:11:17:39 +0700] "GET /sismadak/index.php HTTP/1.1" 302 - "http://192.168.1.8/sismadak/menu.php" "Mozilla/5.0 (Windows NT 6.3; Win64; x64; rv:64.0) Gecko/20100101 Firefox/64.0"
192.168.1.188 - - [18/Dec/2018:11:17:39 +0700] "GET /sismadak/menu.php HTTP/1.1" 200 3174 "http://192.168.1.8/sismadak/menu.php" "Mozilla/5.0 (Windows NT 6.3; Win64; x64; rv:64.0) Gecko/20100101 Firefox/64.0"
192.168.1.188 - - [18/Dec/2018:11:17:39 +0700] "GET /sismadak/application/report/dashboard.php HTTP/1.1" 200 20794 "http://192.168.1.8/sismadak/menu.php" "Mozilla/5.0 (Windows NT 6.3; Win64; x64; rv:64.0) Gecko/20100101 Firefox/64.0"
192.168.1.229 - - [18/Dec/2018:11:17:40 +0700] "GET /sismadak/application/user_management/change_password_user.php HTTP/1.1" 200 1466 "http://192.168.1.8/sismadak/menu.php" "Mozilla/5.0 (Windows NT 6.1; WOW64; rv:56.0) Gecko/20100101 Firefox/56.0"
192.168.1.229 - - [18/Dec/2018:11:17:40 +0700] "GET /sismadak/application/user_management/change_password_user.php HTTP/1.1" 200 1466 "http://192.168.1.8/sismadak/menu.php" "Mozilla/5.0 (Windows NT 6.1; WOW64; rv:56.0) Gecko/20100101 Firefox/56.0"
192.168.1.119 - - [18/Dec/2018:11:17:40 +0700] "GET /sismadak/application/report/dashboard.php HTTP/1.1" 200 20794 "http://192.168.1.8/sismadak/menu.php" "Mozilla/5.0 (Windows NT 10.0; WOW64; rv:49.0) Gecko/20100101 Firefox/49.0"
192.168.1.236 - - [18/Dec/2018:11:17:42 +0700] "GET /sismadak/application/user_management/change_password_user.php HTTP/1.1" 200 1466 "http://192.168.1.8/sismadak/menu.php" "Mozilla/5.0 (Windows NT 6.1; WOW64; rv:55.0) Gecko/20100101 Firefox/55.0"
192.168.1.254 - - [18/Dec/2018:11:17:44 +0700] "GET /sismadak/application/user_management/hospital_department.php HTTP/1.1" 200 48634 "http://119.110.67.68:8808/sismadak/menu.php" "Mozilla/5.0 (Macintosh; Intel Mac OS X 10_10_5) AppleWebKit/537.36 (KHTML, like Gecko) Chrome/70.0.3538.110 Safari/537.36"
192.168.1.121 - - [18/Dec/2018:11:17:44 +0700] "GET /sismadak/ HTTP/1.1" 302 - "-" "Mozilla/5.0 (Windows NT 6.3; Win64; x64) AppleWebKit/537.36 (KHTML, like Gecko) Chrome/71.0.3578.98 Safari/537.36"
192.168.1.121 - - [18/Dec/2018:11:17:44 +0700] "GET /sismadak/menu.php HTTP/1.1" 200 6538 "-" "Mozilla/5.0 (Windows NT 6.3; Win64; x64) AppleWebKit/537.36 (KHTML, like Gecko) Chrome/71.0.3578.98 Safari/537.36"
192.168.1.121 - - [18/Dec/2018:11:17:44 +0700] "GET /sismadak/application/report/dashboard.php HTTP/1.1" 200 20794 "http://192.168.1.8/sismadak/menu.php" "Mozilla/5.0 (Windows NT 6.3; Win64; x64) AppleWebKit/537.36 (KHTML, like Gecko) Chrome/71.0.3578.98 Safari/537.36"
192.168.1.254 - - [18/Dec/2018:11:17:46 +0700] "GET /sismadak/application/user_management/hospital_department.php?grid_id=list1&_search=false&nd=1545106691014&rows=50&jqgrid_page=1&sidx=department_id&sord=asc HTTP/1.1" 200 1728 "http://119.110.67.68:8808/sismadak/application/user_management/hospital_department.php" "Mozilla/5.0 (Macintosh; Intel Mac OS X 10_10_5) AppleWebKit/537.36 (KHTML, like Gecko) Chrome/70.0.3538.110 Safari/537.36"
192.168.1.188 - - [18/Dec/2018:11:17:47 +0700] "GET /sismadak/index.php HTTP/1.1" 302 - "http://192.168.1.8/sismadak/menu.php" "Mozilla/5.0 (Windows NT 6.3; Win64; x64; rv:64.0) Gecko/20100101 Firefox/64.0"
192.168.1.228 - - [18/Dec/2018:11:17:47 +0700] "GET /sismadak/application/user_management/hospital_department.php HTTP/1.1" 200 48585 "http://192.168.1.8/sismadak/menu.php" "Mozilla/5.0 (Windows NT 6.1; WOW64; rv:55.0) Gecko/20100101 Firefox/55.0"
192.168.1.188 - - [18/Dec/2018:11:17:47 +0700] "GET /sismadak/menu.php HTTP/1.1" 200 3174 "http://192.168.1.8/sismadak/menu.php" "Mozilla/5.0 (Windows NT 6.3; Win64; x64; rv:64.0) Gecko/20100101 Firefox/64.0"
192.168.1.228 - - [18/Dec/2018:11:17:47 +0700] "GET /sismadak/application/user_management/hospital_department.php?grid_id=list1&_search=false&nd=1545106691827&rows=50&jqgrid_page=1&sidx=department_id&sord=asc HTTP/1.1" 200 1728 "http://192.168.1.8/sismadak/application/user_management/hospital_department.php" "Mozilla/5.0 (Windows NT 6.1; WOW64; rv:55.0) Gecko/20100101 Firefox/55.0"
192.168.1.188 - - [18/Dec/2018:11:17:48 +0700] "GET /sismadak/application/report/dashboard.php HTTP/1.1" 200 20794 "http://192.168.1.8/sismadak/menu.php" "Mozilla/5.0 (Windows NT 6.3; Win64; x64; rv:64.0) Gecko/20100101 Firefox/64.0"
192.168.1.119 - - [18/Dec/2018:11:17:48 +0700] "GET /sismadak/application/assessment/hospital_document_find.php HTTP/1.1" 200 55502 "http://192.168.1.8/sismadak/menu.php" "Mozilla/5.0 (Windows NT 10.0; WOW64; rv:49.0) Gecko/20100101 Firefox/49.0"
192.168.1.119 - - [18/Dec/2018:11:17:49 +0700] "GET /sismadak/application/assessment/hospital_document_find.php?grid_id=list1&_search=false&nd=1545106700525&rows=30&jqgrid_page=1&sidx=1&sord=asc HTTP/1.1" 200 1068 "http://192.168.1.8/sismadak/application/assessment/hospital_document_find.php" "Mozilla/5.0 (Windows NT 10.0; WOW64; rv:49.0) Gecko/20100101 Firefox/49.0"
192.168.1.204 - - [18/Dec/2018:11:17:53 +0700] "GET /sismadak/menu.php HTTP/1.1" 200 3174 "-" "Mozilla/5.0 (Windows NT 6.1; WOW64; rv:56.0) Gecko/20100101 Firefox/56.0"
192.168.1.204 - - [18/Dec/2018:11:17:53 +0700] "GET /sismadak/application/report/dashboard.php HTTP/1.1" 200 20794 "http://192.168.1.8/sismadak/menu.php" "Mozilla/5.0 (Windows NT 6.1; WOW64; rv:56.0) Gecko/20100101 Firefox/56.0"
192.168.1.204 - - [18/Dec/2018:11:17:57 +0700] "GET /sismadak/logout.php HTTP/1.1" 302 - "http://192.168.1.8/sismadak/menu.php" "Mozilla/5.0 (Windows NT 6.1; WOW64; rv:56.0) Gecko/20100101 Firefox/56.0"
192.168.1.204 - - [18/Dec/2018:11:17:57 +0700] "GET /sismadak/index.php HTTP/1.1" 200 2947 "http://192.168.1.8/sismadak/menu.php" "Mozilla/5.0 (Windows NT 6.1; WOW64; rv:56.0) Gecko/20100101 Firefox/56.0"
192.168.1.188 - - [18/Dec/2018:11:17:58 +0700] "GET /sismadak/images/bullet_on.png HTTP/1.1" 200 155 "http://192.168.1.8/sismadak/lib/js/menu/menu.css" "Mozilla/5.0 (Windows NT 6.3; Win64; x64; rv:64.0) Gecko/20100101 Firefox/64.0"
192.168.1.121 - - [18/Dec/2018:11:17:59 +0700] "GET /sismadak/images/bullet_on.png HTTP/1.1" 200 155 "http://192.168.1.8/sismadak/lib/js/menu/menu.css" "Mozilla/5.0 (Windows NT 6.3; Win64; x64) AppleWebKit/537.36 (KHTML, like Gecko) Chrome/71.0.3578.98 Safari/537.36"
192.168.1.229 - - [18/Dec/2018:11:18:00 +0700] "GET /sismadak/index.php HTTP/1.1" 302 - "http://192.168.1.8/sismadak/menu.php" "Mozilla/5.0 (Windows NT 6.1; WOW64; rv:56.0) Gecko/20100101 Firefox/56.0"
192.168.1.229 - - [18/Dec/2018:11:18:00 +0700] "GET /sismadak/menu.php HTTP/1.1" 200 3174 "http://192.168.1.8/sismadak/menu.php" "Mozilla/5.0 (Windows NT 6.1; WOW64; rv:56.0) Gecko/20100101 Firefox/56.0"
192.168.1.229 - - [18/Dec/2018:11:18:00 +0700] "GET /sismadak/application/report/dashboard.php HTTP/1.1" 200 20794 "http://192.168.1.8/sismadak/menu.php" "Mozilla/5.0 (Windows NT 6.1; WOW64; rv:56.0) Gecko/20100101 Firefox/56.0"
192.168.1.236 - - [18/Dec/2018:11:18:08 +0700] "GET /sismadak/application/report/dashboard.php HTTP/1.1" 200 20794 "http://192.168.1.8/sismadak/menu.php" "Mozilla/5.0 (Windows NT 6.1; WOW64; rv:55.0) Gecko/20100101 Firefox/55.0"
192.168.1.121 - - [18/Dec/2018:11:18:10 +0700] "GET /sismadak/application/user_management/hospital_department.php HTTP/1.1" 200 48585 "http://192.168.1.8/sismadak/menu.php" "Mozilla/5.0 (Windows NT 6.3; Win64; x64) AppleWebKit/537.36 (KHTML, like Gecko) Chrome/71.0.3578.98 Safari/537.36"
192.168.1.121 - - [18/Dec/2018:11:18:10 +0700] "GET /sismadak/lib/js/themes/redmond/jquery-ui.custom.css HTTP/1.1" 200 27202 "http://192.168.1.8/sismadak/application/user_management/hospital_department.php" "Mozilla/5.0 (Windows NT 6.3; Win64; x64) AppleWebKit/537.36 (KHTML, like Gecko) Chrome/71.0.3578.98 Safari/537.36"
192.168.1.121 - - [18/Dec/2018:11:18:10 +0700] "GET /sismadak/lib/js/jqgrid/css/ui.jqgrid.css HTTP/1.1" 200 43855 "http://192.168.1.8/sismadak/application/user_management/hospital_department.php" "Mozilla/5.0 (Windows NT 6.3; Win64; x64) AppleWebKit/537.36 (KHTML, like Gecko) Chrome/71.0.3578.98 Safari/537.36"
192.168.1.121 - - [18/Dec/2018:11:18:10 +0700] "GET /sismadak/lib/js/select2/select2.css HTTP/1.1" 200 19457 "http://192.168.1.8/sismadak/application/user_management/hospital_department.php" "Mozilla/5.0 (Windows NT 6.3; Win64; x64) AppleWebKit/537.36 (KHTML, like Gecko) Chrome/71.0.3578.98 Safari/537.36"
192.168.1.121 - - [18/Dec/2018:11:18:10 +0700] "GET /sismadak/lib/js/fancybox/jquery.fancybox.css HTTP/1.1" 200 4388 "http://192.168.1.8/sismadak/application/user_management/hospital_department.php" "Mozilla/5.0 (Windows NT 6.3; Win64; x64) AppleWebKit/537.36 (KHTML, like Gecko) Chrome/71.0.3578.98 Safari/537.36"
192.168.1.121 - - [18/Dec/2018:11:18:10 +0700] "GET /sismadak/lib/js/jqgrid/js/i18n/grid.locale-en.js HTTP/1.1" 200 7078 "http://192.168.1.8/sismadak/application/user_management/hospital_department.php" "Mozilla/5.0 (Windows NT 6.3; Win64; x64) AppleWebKit/537.36 (KHTML, like Gecko) Chrome/71.0.3578.98 Safari/537.36"
192.168.1.121 - - [18/Dec/2018:11:18:10 +0700] "GET /sismadak/lib/js/jqgrid/js/jquery.jqGrid.min.js HTTP/1.1" 200 281773 "http://192.168.1.8/sismadak/application/user_management/hospital_department.php" "Mozilla/5.0 (Windows NT 6.3; Win64; x64) AppleWebKit/537.36 (KHTML, like Gecko) Chrome/71.0.3578.98 Safari/537.36"
192.168.1.121 - - [18/Dec/2018:11:18:10 +0700] "GET /sismadak/lib/js/themes/jquery-ui.custom.min.js HTTP/1.1" 200 267968 "http://192.168.1.8/sismadak/application/user_management/hospital_department.php" "Mozilla/5.0 (Windows NT 6.3; Win64; x64) AppleWebKit/537.36 (KHTML, like Gecko) Chrome/71.0.3578.98 Safari/537.36"
192.168.1.121 - - [18/Dec/2018:11:18:10 +0700] "GET /sismadak/lib/js/fancybox/jquery.fancybox.js HTTP/1.1" 200 49744 "http://192.168.1.8/sismadak/application/user_management/hospital_department.php" "Mozilla/5.0 (Windows NT 6.3; Win64; x64) AppleWebKit/537.36 (KHTML, like Gecko) Chrome/71.0.3578.98 Safari/537.36"
192.168.1.121 - - [18/Dec/2018:11:18:10 +0700] "GET /sismadak/lib/js/select2/select2.min.js HTTP/1.1" 200 66596 "http://192.168.1.8/sismadak/application/user_management/hospital_department.php" "Mozilla/5.0 (Windows NT 6.3; Win64; x64) AppleWebKit/537.36 (KHTML, like Gecko) Chrome/71.0.3578.98 Safari/537.36"
192.168.1.121 - - [18/Dec/2018:11:18:12 +0700] "GET /sismadak/lib/js/themes/redmond/images/ui-bg_inset-hard_100_fcfdfd_1x100.png HTTP/1.1" 200 344 "http://192.168.1.8/sismadak/lib/js/themes/redmond/jquery-ui.custom.css" "Mozilla/5.0 (Windows NT 6.3; Win64; x64) AppleWebKit/537.36 (KHTML, like Gecko) Chrome/71.0.3578.98 Safari/537.36"
192.168.1.121 - - [18/Dec/2018:11:18:12 +0700] "GET /sismadak/lib/js/themes/redmond/images/ui-bg_inset-hard_100_f5f8f9_1x100.png HTTP/1.1" 200 385 "http://192.168.1.8/sismadak/lib/js/themes/redmond/jquery-ui.custom.css" "Mozilla/5.0 (Windows NT 6.3; Win64; x64) AppleWebKit/537.36 (KHTML, like Gecko) Chrome/71.0.3578.98 Safari/537.36"
192.168.1.121 - - [18/Dec/2018:11:18:12 +0700] "GET /sismadak/lib/js/themes/redmond/images/ui-bg_glass_85_dfeffc_1x400.png HTTP/1.1" 200 393 "http://192.168.1.8/sismadak/lib/js/themes/redmond/jquery-ui.custom.css" "Mozilla/5.0 (Windows NT 6.3; Win64; x64) AppleWebKit/537.36 (KHTML, like Gecko) Chrome/71.0.3578.98 Safari/537.36"
192.168.1.121 - - [18/Dec/2018:11:18:12 +0700] "GET /sismadak/lib/js/themes/redmond/images/ui-bg_gloss-wave_55_5c9ccc_500x100.png HTTP/1.1" 200 5876 "http://192.168.1.8/sismadak/lib/js/themes/redmond/jquery-ui.custom.css" "Mozilla/5.0 (Windows NT 6.3; Win64; x64) AppleWebKit/537.36 (KHTML, like Gecko) Chrome/71.0.3578.98 Safari/537.36"
192.168.1.121 - - [18/Dec/2018:11:18:12 +0700] "GET /sismadak/lib/js/jqgrid/css/fonts/jquery-ui.woff?jquf1.4.1 HTTP/1.1" 200 53096 "http://192.168.1.8/sismadak/lib/js/jqgrid/css/ui.jqgrid.css" "Mozilla/5.0 (Windows NT 6.3; Win64; x64) AppleWebKit/537.36 (KHTML, like Gecko) Chrome/71.0.3578.98 Safari/537.36"
192.168.1.121 - - [18/Dec/2018:11:18:12 +0700] "GET /sismadak/application/user_management/hospital_department.php?grid_id=list1&_search=false&nd=1544595242953&rows=50&jqgrid_page=1&sidx=department_id&sord=asc HTTP/1.1" 200 1728 "http://192.168.1.8/sismadak/application/user_management/hospital_department.php" "Mozilla/5.0 (Windows NT 6.3; Win64; x64) AppleWebKit/537.36 (KHTML, like Gecko) Chrome/71.0.3578.98 Safari/537.36"
169.254.217.95 - - [18/Dec/2018:11:18:38 +0700] "GET /sismadak/application/user_management/hospital_department.php HTTP/1.1" 200 48585 "http://192.168.1.8/sismadak/menu.php" "Mozilla/5.0 (Windows NT 10.0; Win64; x64) AppleWebKit/537.36 (KHTML, like Gecko) Chrome/70.0.3538.110 Safari/537.36"
169.254.217.95 - - [18/Dec/2018:11:18:39 +0700] "GET /sismadak/application/user_management/hospital_department.php?grid_id=list1&_search=false&nd=1545106741394&rows=50&jqgrid_page=1&sidx=department_id&sord=asc HTTP/1.1" 200 1728 "http://192.168.1.8/sismadak/application/user_management/hospital_department.php" "Mozilla/5.0 (Windows NT 10.0; Win64; x64) AppleWebKit/537.36 (KHTML, like Gecko) Chrome/70.0.3538.110 Safari/537.36"
192.168.1.188 - - [18/Dec/2018:11:18:41 +0700] "GET /sismadak/application/assessment/hospital_assessment_reguler_list.php?category_id=4&module_id=4 HTTP/1.1" 200 50021 "http://192.168.1.8/sismadak/menu.php" "Mozilla/5.0 (Windows NT 6.3; Win64; x64; rv:64.0) Gecko/20100101 Firefox/64.0"
192.168.1.121 - - [18/Dec/2018:11:18:41 +0700] "GET /sismadak/lib/js/themes/redmond/images/ui-bg_glass_75_d0e5f5_1x400.png HTTP/1.1" 200 388 "http://192.168.1.8/sismadak/lib/js/themes/redmond/jquery-ui.custom.css" "Mozilla/5.0 (Windows NT 6.3; Win64; x64) AppleWebKit/537.36 (KHTML, like Gecko) Chrome/71.0.3578.98 Safari/537.36"
192.168.1.188 - - [18/Dec/2018:11:18:41 +0700] "GET /sismadak/lib/js/jqgrid/css/ui.jqgrid.css HTTP/1.1" 200 43855 "http://192.168.1.8/sismadak/application/assessment/hospital_assessment_reguler_list.php?category_id=4&module_id=4" "Mozilla/5.0 (Windows NT 6.3; Win64; x64; rv:64.0) Gecko/20100101 Firefox/64.0"
192.168.1.188 - - [18/Dec/2018:11:18:41 +0700] "GET /sismadak/lib/js/themes/redmond/jquery-ui.custom.css HTTP/1.1" 200 27202 "http://192.168.1.8/sismadak/application/assessment/hospital_assessment_reguler_list.php?category_id=4&module_id=4" "Mozilla/5.0 (Windows NT 6.3; Win64; x64; rv:64.0) Gecko/20100101 Firefox/64.0"
192.168.1.188 - - [18/Dec/2018:11:18:41 +0700] "GET /sismadak/lib/js/jqgrid/js/i18n/grid.locale-en.js HTTP/1.1" 200 7078 "http://192.168.1.8/sismadak/application/assessment/hospital_assessment_reguler_list.php?category_id=4&module_id=4" "Mozilla/5.0 (Windows NT 6.3; Win64; x64; rv:64.0) Gecko/20100101 Firefox/64.0"
192.168.1.188 - - [18/Dec/2018:11:18:41 +0700] "GET /sismadak/lib/js/jqgrid/js/jquery.jqGrid.min.js HTTP/1.1" 200 281773 "http://192.168.1.8/sismadak/application/assessment/hospital_assessment_reguler_list.php?category_id=4&module_id=4" "Mozilla/5.0 (Windows NT 6.3; Win64; x64; rv:64.0) Gecko/20100101 Firefox/64.0"
192.168.1.188 - - [18/Dec/2018:11:18:41 +0700] "GET /sismadak/lib/js/themes/jquery-ui.custom.min.js HTTP/1.1" 200 267968 "http://192.168.1.8/sismadak/application/assessment/hospital_assessment_reguler_list.php?category_id=4&module_id=4" "Mozilla/5.0 (Windows NT 6.3; Win64; x64; rv:64.0) Gecko/20100101 Firefox/64.0"
192.168.1.188 - - [18/Dec/2018:11:18:41 +0700] "GET /sismadak/lib/js/multiselect-widget/jquery.multiselect.css HTTP/1.1" 200 1601 "http://192.168.1.8/sismadak/application/assessment/hospital_assessment_reguler_list.php?category_id=4&module_id=4" "Mozilla/5.0 (Windows NT 6.3; Win64; x64; rv:64.0) Gecko/20100101 Firefox/64.0"
192.168.1.188 - - [18/Dec/2018:11:18:42 +0700] "GET /sismadak/lib/js/multiselect-widget/jquery.multiselect.filter.css HTTP/1.1" 200 326 "http://192.168.1.8/sismadak/application/assessment/hospital_assessment_reguler_list.php?category_id=4&module_id=4" "Mozilla/5.0 (Windows NT 6.3; Win64; x64; rv:64.0) Gecko/20100101 Firefox/64.0"
192.168.1.188 - - [18/Dec/2018:11:18:42 +0700] "GET /sismadak/lib/js/multiselect-widget/jquery.multiselect.js HTTP/1.1" 200 22081 "http://192.168.1.8/sismadak/application/assessment/hospital_assessment_reguler_list.php?category_id=4&module_id=4" "Mozilla/5.0 (Windows NT 6.3; Win64; x64; rv:64.0) Gecko/20100101 Firefox/64.0"
192.168.1.188 - - [18/Dec/2018:11:18:42 +0700] "GET /sismadak/lib/js/multiselect-widget/jquery.multiselect.filter.js HTTP/1.1" 200 5435 "http://192.168.1.8/sismadak/application/assessment/hospital_assessment_reguler_list.php?category_id=4&module_id=4" "Mozilla/5.0 (Windows NT 6.3; Win64; x64; rv:64.0) Gecko/20100101 Firefox/64.0"
192.168.1.188 - - [18/Dec/2018:11:18:42 +0700] "GET /sismadak/lib/js/fancybox/jquery.fancybox.css HTTP/1.1" 200 4388 "http://192.168.1.8/sismadak/application/assessment/hospital_assessment_reguler_list.php?category_id=4&module_id=4" "Mozilla/5.0 (Windows NT 6.3; Win64; x64; rv:64.0) Gecko/20100101 Firefox/64.0"
192.168.1.188 - - [18/Dec/2018:11:18:42 +0700] "GET /sismadak/lib/js/fancybox/jquery.fancybox.js HTTP/1.1" 200 49744 "http://192.168.1.8/sismadak/application/assessment/hospital_assessment_reguler_list.php?category_id=4&module_id=4" "Mozilla/5.0 (Windows NT 6.3; Win64; x64; rv:64.0) Gecko/20100101 Firefox/64.0"
192.168.1.188 - - [18/Dec/2018:11:18:47 +0700] "GET /sismadak/lib/js/themes/redmond/images/ui-bg_inset-hard_100_fcfdfd_1x100.png HTTP/1.1" 200 344 "http://192.168.1.8/sismadak/lib/js/themes/redmond/jquery-ui.custom.css" "Mozilla/5.0 (Windows NT 6.3; Win64; x64; rv:64.0) Gecko/20100101 Firefox/64.0"
192.168.1.188 - - [18/Dec/2018:11:18:47 +0700] "GET /sismadak/lib/js/themes/redmond/images/ui-bg_glass_85_dfeffc_1x400.png HTTP/1.1" 200 393 "http://192.168.1.8/sismadak/lib/js/themes/redmond/jquery-ui.custom.css" "Mozilla/5.0 (Windows NT 6.3; Win64; x64; rv:64.0) Gecko/20100101 Firefox/64.0"
192.168.1.188 - - [18/Dec/2018:11:18:48 +0700] "GET /sismadak/lib/js/jqgrid/css/fonts/jquery-ui.woff?jquf1.4.1 HTTP/1.1" 200 53096 "http://192.168.1.8/sismadak/lib/js/jqgrid/css/ui.jqgrid.css" "Mozilla/5.0 (Windows NT 6.3; Win64; x64; rv:64.0) Gecko/20100101 Firefox/64.0"
192.168.1.188 - - [18/Dec/2018:11:18:48 +0700] "GET /sismadak/lib/js/themes/redmond/images/ui-bg_gloss-wave_55_5c9ccc_500x100.png HTTP/1.1" 200 5876 "http://192.168.1.8/sismadak/lib/js/themes/redmond/jquery-ui.custom.css" "Mozilla/5.0 (Windows NT 6.3; Win64; x64; rv:64.0) Gecko/20100101 Firefox/64.0"
192.168.1.188 - - [18/Dec/2018:11:18:48 +0700] "GET /sismadak/lib/js/themes/redmond/images/ui-bg_inset-hard_100_f5f8f9_1x100.png HTTP/1.1" 200 385 "http://192.168.1.8/sismadak/lib/js/themes/redmond/jquery-ui.custom.css" "Mozilla/5.0 (Windows NT 6.3; Win64; x64; rv:64.0) Gecko/20100101 Firefox/64.0"
192.168.1.204 - - [18/Dec/2018:11:18:48 +0700] "POST /sismadak/index.php HTTP/1.1" 302 2947 "http://192.168.1.8/sismadak/index.php" "Mozilla/5.0 (Windows NT 6.1; WOW64; rv:56.0) Gecko/20100101 Firefox/56.0"
